From: dpdklab@iol.unh.edu
To: Test Report <test-report@dpdk.org>
Cc: dpdk-test-reports@iol.unh.edu,
Bruce Richardson <bruce.richardson@intel.com>,
Shaiq Wani <shaiq.wani@intel.com>
Subject: |FAILURE| pw157168-157169 [PATCH] [v5,2/2] net/idpf: enable AVX2 for
Date: Thu, 02 Oct 2025 01:21:15 -0700 (PDT) [thread overview]
Message-ID: <68de35fb.d40a0220.1f7802.8e2bSMTPIN_ADDED_MISSING@mx.google.com> (raw)
In-Reply-To: <20251001075609.2608021-3-shaiq.wani@intel.com>
Test-Label: iol-unit-arm64-testing
Test-Status: FAILURE
http://dpdk.org/patch/157169
_Testing issues_
Submitter: Shaiq Wani <shaiq.wani@intel.com>
Date: Wednesday, October 01 2025 07:56:09
DPDK git baseline: Repo:dpdk-next-net-intel
Branch: master
CommitID:9845e5848bbe337306fb6ae2a6b1ce5e6ab5b714
157168-157169 --> testing issues
Upstream job id: Generic-Unit-Test-DPDK#377487
Test environment and result as below:
+------------------------------+----------------+---------------------------+------------------------------+--------------+
| Environment | dpdk_unit_test | cryptodev_sw_zuc_autotest | cryptodev_sw_snow3g_autotest | lpm_autotest |
+==============================+================+===========================+==============================+==============+
| Ubuntu 22.04 | PEND | SKIPPED | SKIPPED | SKIPPED |
+------------------------------+----------------+---------------------------+------------------------------+--------------+
| CentOS Stream 9 | WARN | SKIPPED | SKIPPED | SKIPPED |
+------------------------------+----------------+---------------------------+------------------------------+--------------+
| CentOS Stream 10 | WARN | SKIPPED | SKIPPED | SKIPPED |
+------------------------------+----------------+---------------------------+------------------------------+--------------+
| Fedora Linux 40 | PEND | SKIPPED | SKIPPED | SKIPPED |
+------------------------------+----------------+---------------------------+------------------------------+--------------+
| Debian GNU/Linux 12 | WARN | SKIPPED | SKIPPED | SKIPPED |
+------------------------------+----------------+---------------------------+------------------------------+--------------+
| Fedora Linux 41 | PEND | SKIPPED | SKIPPED | SKIPPED |
+------------------------------+----------------+---------------------------+------------------------------+--------------+
| Fedora Linux 42 | PEND | SKIPPED | SKIPPED | SKIPPED |
+------------------------------+----------------+---------------------------+------------------------------+--------------+
| Red Hat Enterprise Linux 9.5 | PEND | SKIPPED | SKIPPED | SKIPPED |
+------------------------------+----------------+---------------------------+------------------------------+--------------+
| Ubuntu 20.04 | PEND | SKIPPED | SKIPPED | PASS |
+------------------------------+----------------+---------------------------+------------------------------+--------------+
| Ubuntu 24.04 | PEND | SKIPPED | SKIPPED | SKIPPED |
+------------------------------+----------------+---------------------------+------------------------------+--------------+
| Debian 12 (arm) | SKIPPED | WARN | WARN | SKIPPED |
+------------------------------+----------------+---------------------------+------------------------------+--------------+
==== 20 line log output for Debian 12 (arm) (cryptodev_sw_snow3g_autotest): ====
../lib/eal/include/rte_common.h:593:35: note: in definition of macro 'RTE_CAST_PTR'
593 | #define RTE_CAST_PTR(type, ptr) ((type)(uintptr_t)(ptr))
| ^~~~
../drivers/net/intel/idpf/idpf_common_rxtx.c:276:62: note: each undeclared identifier is reported only once for each function it appears in
276 | _mm_store_si128(RTE_CAST_PTR(__m128i *, &rxdp[i]),
| ^~~~~~~
../lib/eal/include/rte_common.h:593:35: note: in definition of macro 'RTE_CAST_PTR'
593 | #define RTE_CAST_PTR(type, ptr) ((type)(uintptr_t)(ptr))
| ^~~~
../lib/eal/include/rte_common.h:593:39: error: expected expression before ')' token
593 | #define RTE_CAST_PTR(type, ptr) ((type)(uintptr_t)(ptr))
| ^
../drivers/net/intel/idpf/idpf_common_rxtx.c:276:49: note: in expansion of macro 'RTE_CAST_PTR'
276 | _mm_store_si128(RTE_CAST_PTR(__m128i *, &rxdp[i]),
| ^~~~~~~~~~~~
cc1: all warnings being treated as errors
[1979/3763] Compiling C object drivers/libtmp_rte_net_idpf.a.p/net_intel_idpf_idpf_common_virtchnl.c.o
[1980/3763] Compiling C object drivers/libtmp_rte_net_idpf.a.p/net_intel_idpf_idpf_ethdev.c.o
[1981/3763] Compiling C object drivers/libtmp_rte_net_idpf.a.p/net_intel_idpf_idpf_rxtx.c.o
ninja: build stopped: subcommand failed.
==== End log output ====
Ubuntu 22.04
Kernel: 5.15
Compiler: gcc gcc (Ubuntu 11.4.0-1ubuntu1~22.04.2) 11.4.0
CentOS Stream 9
Kernel: 5.4
Compiler: gcc gcc (GCC) 11.5.0 20240719 (Red Hat 11.5.0-11)
CentOS Stream 10
Kernel: 5.4
Compiler: gcc gcc (GCC) 14.2.1 20250110 (Red Hat 14.2.1-8)
Fedora Linux 40
Kernel: 5.4
Compiler: gcc gcc (GCC) 14.2.1 20240912 (Red Hat 14.2.1-3)
Debian GNU/Linux 12
Kernel: 5.4
Compiler: gcc gcc (Debian 12.2.0-14+deb12u1) 12.2.0
Fedora Linux 41
Kernel: 5.4
Compiler: gcc gcc (GCC) 14.3.1 20250523 (Red Hat 14.3.1-1)
Fedora Linux 42
Kernel: 5.4
Compiler: gcc gcc (GCC) 15.2.1 20250808 (Red Hat 15.2.1-1)
Red Hat Enterprise Linux 9.5
Kernel: 5.4
Compiler: gcc gcc (GCC) 11.5.0 20240719 (Red Hat 11.5.0-2)
Ubuntu 20.04
Kernel: 5.4
Compiler: gcc gcc (Ubuntu 9.4.0-1ubuntu1~20.04.2) 9.4.0
Ubuntu 24.04
Kernel: 5.4
Compiler: gcc gcc (Ubuntu 13.3.0-6ubuntu2~24.04) 13.3.0
Debian 12 (arm)
Kernel: Depends on container host
Compiler: gcc (Debian 12.2.0-14) 12.2.0
To view detailed results, visit:
https://lab.dpdk.org/results/dashboard/patchsets/34190/
UNH-IOL DPDK Community Lab
To manage your email subscriptions, visit:
https://lab.dpdk.org/results/dashboard/preferences/subscriptions/
next prev parent reply other threads:[~2025-10-02 8:21 UTC|newest]
Thread overview: 34+ messages / expand[flat|nested] mbox.gz Atom feed top
[not found] <20251001075609.2608021-3-shaiq.wani@intel.com>
2025-10-01 7:21 ` |FAILURE| pw157168-157169 [PATCH v5 2/2] net/idpf: enable AVX2 for split queue Tx qemudev
2025-10-01 7:57 ` |SUCCESS| pw157169 " checkpatch
2025-10-01 8:44 ` |SUCCESS| pw157168-157169 [PATCH] [v5,2/2] net/idpf: enable AVX2 for dpdklab
2025-10-01 8:47 ` |FAILURE| " dpdklab
2025-10-01 8:48 ` |PENDING| " dpdklab
2025-10-01 8:53 ` |FAILURE| " dpdklab
2025-10-01 8:55 ` |SUCCESS| " dpdklab
2025-10-01 9:02 ` dpdklab
2025-10-01 9:06 ` |FAILURE| pw157169 [PATCH v5 2/2] net/idpf: enable AVX2 for split queue Tx 0-day Robot
2025-10-01 9:14 ` |SUCCESS| pw157168-157169 [PATCH] [v5,2/2] net/idpf: enable AVX2 for dpdklab
2025-10-01 9:18 ` dpdklab
2025-10-01 9:36 ` dpdklab
2025-10-01 9:41 ` dpdklab
2025-10-01 9:42 ` dpdklab
2025-10-01 9:45 ` dpdklab
2025-10-01 9:51 ` dpdklab
2025-10-01 10:02 ` dpdklab
2025-10-01 10:15 ` dpdklab
2025-10-01 15:36 ` dpdklab
2025-10-02 8:08 ` |FAILURE| " dpdklab
2025-10-02 8:10 ` dpdklab
2025-10-02 8:11 ` dpdklab
2025-10-02 8:14 ` dpdklab
2025-10-02 8:17 ` dpdklab
2025-10-02 8:21 ` dpdklab [this message]
2025-10-02 8:21 ` dpdklab
2025-10-02 8:23 ` dpdklab
2025-10-02 8:24 ` dpdklab
2025-10-02 8:28 ` dpdklab
2025-10-02 8:30 ` dpdklab
2025-10-02 8:31 ` dpdklab
2025-10-02 8:35 ` dpdklab
2025-10-02 10:21 ` dpdklab
2025-10-02 13:59 ` dpdklab
Reply instructions:
You may reply publicly to this message via plain-text email
using any one of the following methods:
* Save the following mbox file, import it into your mail client,
and reply-to-all from there: mbox
Avoid top-posting and favor interleaved quoting:
https://en.wikipedia.org/wiki/Posting_style#Interleaved_style
* Reply using the --to, --cc, and --in-reply-to
switches of git-send-email(1):
git send-email \
--in-reply-to=68de35fb.d40a0220.1f7802.8e2bSMTPIN_ADDED_MISSING@mx.google.com \
--to=dpdklab@iol.unh.edu \
--cc=bruce.richardson@intel.com \
--cc=dpdk-test-reports@iol.unh.edu \
--cc=shaiq.wani@intel.com \
--cc=test-report@dpdk.org \
/path/to/YOUR_REPLY
https://kernel.org/pub/software/scm/git/docs/git-send-email.html
* If your mail client supports setting the In-Reply-To header
via mailto: links, try the mailto: link
Be sure your reply has a Subject: header at the top and a blank line
before the message body.
This is a public inbox, see mirroring instructions
for how to clone and mirror all data and code used for this inbox;
as well as URLs for NNTP newsgroup(s).