From mboxrd@z Thu Jan 1 00:00:00 1970 Return-Path: Received: from mails.dpdk.org (mails.dpdk.org [217.70.189.124]) by inbox.dpdk.org (Postfix) with ESMTP id 4727F4888F for ; Thu, 2 Oct 2025 10:21:18 +0200 (CEST) Received: from mails.dpdk.org (localhost [127.0.0.1]) by mails.dpdk.org (Postfix) with ESMTP id 227F8400D6; Thu, 2 Oct 2025 10:21:18 +0200 (CEST) Received: from mail-qv1-f98.google.com (mail-qv1-f98.google.com [209.85.219.98]) by mails.dpdk.org (Postfix) with ESMTP id 06BE0400D6 for ; Thu, 2 Oct 2025 10:21:16 +0200 (CEST) Received: by mail-qv1-f98.google.com with SMTP id 6a1803df08f44-78ea15d3489so7509836d6.3 for ; Thu, 02 Oct 2025 01:21:15 -0700 (PDT) DKIM-Signature: v=1; a=rsa-sha256; c=relaxed/relaxed; d=iol.unh.edu; s=unh-iol; t=1759393275; x=1759998075; darn=dpdk.org; h=references:in-reply-to:cc:to:from:subject:message-id:date:from:to :cc:subject:date:message-id:reply-to; bh=VyN5wB9ENFsIXdzRHbpO81oU6HFu695Uu3glJHtamYg=; b=Tp9lsGzBfsB5MQ5+L+vO3R7Ubx0DUTCyMr3/fT219DvnbOtDfPHouX+49uT/wX5rQQ C2WtqfDVgTB5C5AWbW6nM9bc3So104paa8JdZ9htMMrtGdcmAq/wKcmIU9qKfEIeID2a 8zdWeyENnA7knTJ3g0pCspUYMqUQe+BmptxIc= X-Google-DKIM-Signature: v=1; a=rsa-sha256; c=relaxed/relaxed; d=1e100.net; s=20230601; t=1759393275; x=1759998075; h=references:in-reply-to:cc:to:from:subject:message-id:date :x-gm-message-state:from:to:cc:subject:date:message-id:reply-to; bh=VyN5wB9ENFsIXdzRHbpO81oU6HFu695Uu3glJHtamYg=; b=Vr66UeiwymN7WgSN0IwsWXJaj8r4/iSAskMwniCx5Hc5CToRY5w4XdmDbcimFZdC9c wKm3k7EUEit/uIfI+cElhbiBispueJ+Rv+tgqFdX7fZJRYlPoYFlE1rPCmcX3G2vzhOo JIxM0tZ5D38LCN4Gu6QMUDlX8zDNKv36Yxb1BykM5ntKa88/PuNdZVqe3u6zfQyb17S0 /jE8djVGcHGC/bE6o+jdYIe1om/Q0UGnZsJrhJqHeMh/RixNUx0vsPALdqkbhCXGHT4X LFxZyGBosCLs4BvGW9+07lv/hSk4PgmXV7jPUYl1sNQ0aPwZlPvyDlMeJg9++yWccMMz YPyg== X-Gm-Message-State: AOJu0Yz88d8mJ+Uy4YH8fUcizjqzHJiYmLROAYZ1qoYYvwRGmgWU8bc5 /PtR3B80hN1X5A6tk5BAellz+yU7Jz+uUPO2SF7fem9Yd6jQsmsml4KI4j+rmUPgQp1gPgvorFC ByJk9fkIhqJN+79LkSjPv5RaBVMh4FhbbLmGrjU1HyvGT X-Gm-Gg: ASbGncuAYUuMTWJ0hYz6S3fFR1a57aZNIqBrHW3csQDie1ouwZf0MQVotUrnSBVB30t 10/zJa3QOok3owviv0WM4EnBFeQWoRpNWYm6aKxYGBTd+7gaZI4N9JBUnQD9weoETINByq7PR2V HQngp2kRJ00f7XEM2Q3RQEVx3GlCMpyDffY9FNKWz7VXxZKcMcM10LI6Wf/rT68sBDtUFpT7BOe HMuR3vsV067ucd92Kaic2sNCBMBulhT/0QJTg4/pB6hmVgGzKVIAYKQQF2n47c3gu16K5v0bWZF fCuhRONtkcCDKRhqgYyS5gMCv4qrKey/UniAtxlPCafqcNIYTS9slsfauV2oOVwAUD7zMKDg6QF sXA== X-Google-Smtp-Source: AGHT+IEW9Fla4tvqEgjYBRjFAAOsJGjOkL3aeAB4svL+GDzraCdUK6gFZKbX73gROekttkfTz1gKpKJFSKoH X-Received: by 2002:a05:6214:55ca:b0:879:b1ac:ba56 with SMTP id 6a1803df08f44-879b1acbb6fmr642796d6.40.1759393275148; Thu, 02 Oct 2025 01:21:15 -0700 (PDT) Received: from postal.iol.unh.edu (postal.iol.unh.edu. [132.177.123.84]) by smtp-relay.gmail.com with ESMTPS id 6a1803df08f44-878bb82908csm1379756d6.15.2025.10.02.01.21.15 (version=TLS1_2 cipher=ECDHE-ECDSA-AES128-GCM-SHA256 bits=128/128); Thu, 02 Oct 2025 01:21:15 -0700 (PDT) X-Relaying-Domain: iol.unh.edu Date: Thu, 02 Oct 2025 01:21:15 -0700 (PDT) Message-ID: <68de35fb.d40a0220.1f7802.8e2bSMTPIN_ADDED_MISSING@mx.google.com> Received: from [172.21.0.2] (unknown [172.18.0.240]) by postal.iol.unh.edu (Postfix) with ESMTP id DB8396051830; Thu, 2 Oct 2025 04:21:14 -0400 (EDT) Subject: |FAILURE| pw157168-157169 [PATCH] [v5,2/2] net/idpf: enable AVX2 for From: dpdklab@iol.unh.edu To: Test Report Cc: dpdk-test-reports@iol.unh.edu, Bruce Richardson , Shaiq Wani In-Reply-To: <20251001075609.2608021-3-shaiq.wani@intel.com> References: <20251001075609.2608021-3-shaiq.wani@intel.com> Content-Type: text/plain X-BeenThere: test-report@dpdk.org X-Mailman-Version: 2.1.29 Precedence: list List-Id: automatic DPDK test reports List-Unsubscribe: , List-Archive: List-Post: List-Help: List-Subscribe: , Errors-To: test-report-bounces@dpdk.org Test-Label: iol-unit-arm64-testing Test-Status: FAILURE http://dpdk.org/patch/157169 _Testing issues_ Submitter: Shaiq Wani Date: Wednesday, October 01 2025 07:56:09 DPDK git baseline: Repo:dpdk-next-net-intel Branch: master CommitID:9845e5848bbe337306fb6ae2a6b1ce5e6ab5b714 157168-157169 --> testing issues Upstream job id: Generic-Unit-Test-DPDK#377487 Test environment and result as below: +------------------------------+----------------+---------------------------+------------------------------+--------------+ | Environment | dpdk_unit_test | cryptodev_sw_zuc_autotest | cryptodev_sw_snow3g_autotest | lpm_autotest | +==============================+================+===========================+==============================+==============+ | Ubuntu 22.04 | PEND | SKIPPED | SKIPPED | SKIPPED | +------------------------------+----------------+---------------------------+------------------------------+--------------+ | CentOS Stream 9 | WARN | SKIPPED | SKIPPED | SKIPPED | +------------------------------+----------------+---------------------------+------------------------------+--------------+ | CentOS Stream 10 | WARN | SKIPPED | SKIPPED | SKIPPED | +------------------------------+----------------+---------------------------+------------------------------+--------------+ | Fedora Linux 40 | PEND | SKIPPED | SKIPPED | SKIPPED | +------------------------------+----------------+---------------------------+------------------------------+--------------+ | Debian GNU/Linux 12 | WARN | SKIPPED | SKIPPED | SKIPPED | +------------------------------+----------------+---------------------------+------------------------------+--------------+ | Fedora Linux 41 | PEND | SKIPPED | SKIPPED | SKIPPED | +------------------------------+----------------+---------------------------+------------------------------+--------------+ | Fedora Linux 42 | PEND | SKIPPED | SKIPPED | SKIPPED | +------------------------------+----------------+---------------------------+------------------------------+--------------+ | Red Hat Enterprise Linux 9.5 | PEND | SKIPPED | SKIPPED | SKIPPED | +------------------------------+----------------+---------------------------+------------------------------+--------------+ | Ubuntu 20.04 | PEND | SKIPPED | SKIPPED | PASS | +------------------------------+----------------+---------------------------+------------------------------+--------------+ | Ubuntu 24.04 | PEND | SKIPPED | SKIPPED | SKIPPED | +------------------------------+----------------+---------------------------+------------------------------+--------------+ | Debian 12 (arm) | SKIPPED | WARN | WARN | SKIPPED | +------------------------------+----------------+---------------------------+------------------------------+--------------+ ==== 20 line log output for Debian 12 (arm) (cryptodev_sw_snow3g_autotest): ==== ../lib/eal/include/rte_common.h:593:35: note: in definition of macro 'RTE_CAST_PTR' 593 | #define RTE_CAST_PTR(type, ptr) ((type)(uintptr_t)(ptr)) | ^~~~ ../drivers/net/intel/idpf/idpf_common_rxtx.c:276:62: note: each undeclared identifier is reported only once for each function it appears in 276 | _mm_store_si128(RTE_CAST_PTR(__m128i *, &rxdp[i]), | ^~~~~~~ ../lib/eal/include/rte_common.h:593:35: note: in definition of macro 'RTE_CAST_PTR' 593 | #define RTE_CAST_PTR(type, ptr) ((type)(uintptr_t)(ptr)) | ^~~~ ../lib/eal/include/rte_common.h:593:39: error: expected expression before ')' token 593 | #define RTE_CAST_PTR(type, ptr) ((type)(uintptr_t)(ptr)) | ^ ../drivers/net/intel/idpf/idpf_common_rxtx.c:276:49: note: in expansion of macro 'RTE_CAST_PTR' 276 | _mm_store_si128(RTE_CAST_PTR(__m128i *, &rxdp[i]), | ^~~~~~~~~~~~ cc1: all warnings being treated as errors [1979/3763] Compiling C object drivers/libtmp_rte_net_idpf.a.p/net_intel_idpf_idpf_common_virtchnl.c.o [1980/3763] Compiling C object drivers/libtmp_rte_net_idpf.a.p/net_intel_idpf_idpf_ethdev.c.o [1981/3763] Compiling C object drivers/libtmp_rte_net_idpf.a.p/net_intel_idpf_idpf_rxtx.c.o ninja: build stopped: subcommand failed. ==== End log output ==== Ubuntu 22.04 Kernel: 5.15 Compiler: gcc gcc (Ubuntu 11.4.0-1ubuntu1~22.04.2) 11.4.0 CentOS Stream 9 Kernel: 5.4 Compiler: gcc gcc (GCC) 11.5.0 20240719 (Red Hat 11.5.0-11) CentOS Stream 10 Kernel: 5.4 Compiler: gcc gcc (GCC) 14.2.1 20250110 (Red Hat 14.2.1-8) Fedora Linux 40 Kernel: 5.4 Compiler: gcc gcc (GCC) 14.2.1 20240912 (Red Hat 14.2.1-3) Debian GNU/Linux 12 Kernel: 5.4 Compiler: gcc gcc (Debian 12.2.0-14+deb12u1) 12.2.0 Fedora Linux 41 Kernel: 5.4 Compiler: gcc gcc (GCC) 14.3.1 20250523 (Red Hat 14.3.1-1) Fedora Linux 42 Kernel: 5.4 Compiler: gcc gcc (GCC) 15.2.1 20250808 (Red Hat 15.2.1-1) Red Hat Enterprise Linux 9.5 Kernel: 5.4 Compiler: gcc gcc (GCC) 11.5.0 20240719 (Red Hat 11.5.0-2) Ubuntu 20.04 Kernel: 5.4 Compiler: gcc gcc (Ubuntu 9.4.0-1ubuntu1~20.04.2) 9.4.0 Ubuntu 24.04 Kernel: 5.4 Compiler: gcc gcc (Ubuntu 13.3.0-6ubuntu2~24.04) 13.3.0 Debian 12 (arm) Kernel: Depends on container host Compiler: gcc (Debian 12.2.0-14) 12.2.0 To view detailed results, visit: https://lab.dpdk.org/results/dashboard/patchsets/34190/ UNH-IOL DPDK Community Lab To manage your email subscriptions, visit: https://lab.dpdk.org/results/dashboard/preferences/subscriptions/