From mboxrd@z Thu Jan 1 00:00:00 1970 Return-Path: Received: from mails.dpdk.org (mails.dpdk.org [217.70.189.124]) by inbox.dpdk.org (Postfix) with ESMTP id 3EC014888F for ; Thu, 2 Oct 2025 10:21:25 +0200 (CEST) Received: from mails.dpdk.org (localhost [127.0.0.1]) by mails.dpdk.org (Postfix) with ESMTP id 35E18400D6; Thu, 2 Oct 2025 10:21:25 +0200 (CEST) Received: from mail-il1-f228.google.com (mail-il1-f228.google.com [209.85.166.228]) by mails.dpdk.org (Postfix) with ESMTP id B6A41400D6 for ; Thu, 2 Oct 2025 10:21:23 +0200 (CEST) Received: by mail-il1-f228.google.com with SMTP id e9e14a558f8ab-425911e5661so2888395ab.1 for ; Thu, 02 Oct 2025 01:21:23 -0700 (PDT) DKIM-Signature: v=1; a=rsa-sha256; c=relaxed/relaxed; d=iol.unh.edu; s=unh-iol; t=1759393283; x=1759998083; darn=dpdk.org; h=references:in-reply-to:cc:to:from:subject:message-id:date:from:to :cc:subject:date:message-id:reply-to; bh=aQ1q03Ds/AxWM/ve+BoeeOoQHIkGl+kruCiUq1mMokU=; b=QQYqg34gyCOK1ZYHqwGY0fClNZdoGRAqGbJSprOjx9u8oR9wL7mHc5/t3er7uLectQ TZ5dMELPJpXrVCLYKjnvGkt4JLKfzZUxBVvEAx9o8XlcPGV3xpfDDdfrslfRmUyyVKCV fa5xjzVFpbqrQskcmcMQYCJsJQ24MUaWSR2OY= X-Google-DKIM-Signature: v=1; a=rsa-sha256; c=relaxed/relaxed; d=1e100.net; s=20230601; t=1759393283; x=1759998083; h=references:in-reply-to:cc:to:from:subject:message-id:date :x-gm-message-state:from:to:cc:subject:date:message-id:reply-to; bh=aQ1q03Ds/AxWM/ve+BoeeOoQHIkGl+kruCiUq1mMokU=; b=do6x7TTWfytSzxH4ro3JuVZnV663ssc5h32uijGwmB6NPJqj34OppXvxj/82uKuuhp /MVxYy/gjJtybZYwCPP3LOsfoGEM0jPql/T9qa3KGtOZkwWQRGwzXYKoT+yjw3hRhf5x mYY/w7TxZiYy3UXKMBZsqJ8PkURbpIvu/jWCZCbdw4biYi6KGSMSVtv6F2RgHlgE+I0x f0SV+UDiPh0bVFJYiuk/+TWwIKwi8yrNPDALwNM2Q0S++gu4E6yJn9EcOXAkmpNZ8HJ9 +qb+kr+NWd2KI313hVt0srDq9w/2ChPxPboXNxAn8YHHpqM59xJY8QI8bzHH6nXZZ/y2 0VWg== X-Gm-Message-State: AOJu0Yxm3dlKzz/A2od90vC5k6cvkEVgPnhRXCYv6/N5lKPEXCQBeUO/ vMBtFQxXpWGm3NgfTc3EXgRPF0Ncj0CHetH8tOkHDEzu1m4ho8gBv0kLQTAwHvw3nUq3lKWLEDI QQWkgZng7VXAhGw5ev0k7yRo2/AUFIrxyC92xElCjS0fbDs8DFww02lGtBMdo X-Gm-Gg: ASbGncvjoHQRURGf7sIzWyeTTc/fFmdlOBiFn0ZnjhluWwAIDhbbRtafVua9OuhlAcm aOyP9CyYYlhYKUKCCurGexJEyoaiuKd22jKsuU48s+HyEKaCIlrQUDAZ//ggPtlh/cI1ozqwHBY hS9YlJunH9zyDe3kndMK/3b8IYs99rBWFvakZG5qEsyYucOD89sejc5pge0wOIHIKBOXtLsbbcu NPh6myr1VQD/DV1vt4g9D1T0GhAeidgfojayi0NXSuAMbBO/uE5SI4sJu9MgzDgW7He0U6ea6ji g8H/BjpNu6/sJ1ocRzL2dx2etb5BIT/GqWe2d5+gKDQYey0a+1h2rQA= X-Google-Smtp-Source: AGHT+IFIv51kMYwyQrUIjwKgTMLaoRurhvj/vgTy1EAqkDaMGuiZSZ9CshIEimfL4y8gQ04z/incxWAmEn4D X-Received: by 2002:a05:6e02:1c24:b0:426:7dd6:decd with SMTP id e9e14a558f8ab-42d81624510mr85020395ab.28.1759393283059; Thu, 02 Oct 2025 01:21:23 -0700 (PDT) Received: from postal.iol.unh.edu (postal.iol.unh.edu. [2606:4100:3880:1234::84]) by smtp-relay.gmail.com with ESMTPS id e9e14a558f8ab-42d8b29bbbcsm1443815ab.37.2025.10.02.01.21.22 (version=TLS1_2 cipher=ECDHE-ECDSA-AES128-GCM-SHA256 bits=128/128); Thu, 02 Oct 2025 01:21:23 -0700 (PDT) X-Relaying-Domain: iol.unh.edu Date: Thu, 02 Oct 2025 01:21:23 -0700 (PDT) Message-ID: <68de3603.050a0220.326861.8e45SMTPIN_ADDED_MISSING@mx.google.com> Received: from [172.21.0.2] (unknown [172.18.0.240]) by postal.iol.unh.edu (Postfix) with ESMTP id 9EF886051830; Thu, 2 Oct 2025 04:21:22 -0400 (EDT) Subject: |FAILURE| pw157168-157169 [PATCH] [v5,2/2] net/idpf: enable AVX2 for From: dpdklab@iol.unh.edu To: Test Report Cc: dpdk-test-reports@iol.unh.edu, Bruce Richardson , Shaiq Wani In-Reply-To: <20251001075609.2608021-3-shaiq.wani@intel.com> References: <20251001075609.2608021-3-shaiq.wani@intel.com> Content-Type: text/plain X-BeenThere: test-report@dpdk.org X-Mailman-Version: 2.1.29 Precedence: list List-Id: automatic DPDK test reports List-Unsubscribe: , List-Archive: List-Post: List-Help: List-Subscribe: , Errors-To: test-report-bounces@dpdk.org Test-Label: iol-unit-arm64-testing Test-Status: FAILURE http://dpdk.org/patch/157169 _Testing issues_ Submitter: Shaiq Wani Date: Wednesday, October 01 2025 07:56:09 DPDK git baseline: Repo:dpdk-next-net-intel Branch: master CommitID:9845e5848bbe337306fb6ae2a6b1ce5e6ab5b714 157168-157169 --> testing issues Upstream job id: Generic-Unit-Test-DPDK#377495 Test environment and result as below: +------------------------------+----------------+---------------------------+------------------------------+--------------+ | Environment | dpdk_unit_test | cryptodev_sw_zuc_autotest | cryptodev_sw_snow3g_autotest | lpm_autotest | +==============================+================+===========================+==============================+==============+ | Ubuntu 22.04 | PEND | SKIPPED | SKIPPED | SKIPPED | +------------------------------+----------------+---------------------------+------------------------------+--------------+ | CentOS Stream 9 | WARN | SKIPPED | SKIPPED | SKIPPED | +------------------------------+----------------+---------------------------+------------------------------+--------------+ | CentOS Stream 10 | WARN | SKIPPED | SKIPPED | SKIPPED | +------------------------------+----------------+---------------------------+------------------------------+--------------+ | Fedora Linux 40 | PEND | SKIPPED | SKIPPED | SKIPPED | +------------------------------+----------------+---------------------------+------------------------------+--------------+ | Debian GNU/Linux 12 | WARN | SKIPPED | SKIPPED | SKIPPED | +------------------------------+----------------+---------------------------+------------------------------+--------------+ | Fedora Linux 41 | PEND | SKIPPED | SKIPPED | SKIPPED | +------------------------------+----------------+---------------------------+------------------------------+--------------+ | Fedora Linux 42 | PEND | SKIPPED | SKIPPED | SKIPPED | +------------------------------+----------------+---------------------------+------------------------------+--------------+ | Red Hat Enterprise Linux 9.5 | PEND | SKIPPED | SKIPPED | SKIPPED | +------------------------------+----------------+---------------------------+------------------------------+--------------+ | Ubuntu 20.04 | PEND | SKIPPED | SKIPPED | PASS | +------------------------------+----------------+---------------------------+------------------------------+--------------+ | Ubuntu 24.04 | PEND | SKIPPED | SKIPPED | SKIPPED | +------------------------------+----------------+---------------------------+------------------------------+--------------+ | Debian 12 (arm) | SKIPPED | WARN | WARN | SKIPPED | +------------------------------+----------------+---------------------------+------------------------------+--------------+ ==== 20 line log output for Debian 12 (arm) (cryptodev_sw_snow3g_autotest): ==== ../lib/eal/include/rte_common.h:593:35: note: in definition of macro 'RTE_CAST_PTR' 593 | #define RTE_CAST_PTR(type, ptr) ((type)(uintptr_t)(ptr)) | ^~~~ ../drivers/net/intel/idpf/idpf_common_rxtx.c:276:62: note: each undeclared identifier is reported only once for each function it appears in 276 | _mm_store_si128(RTE_CAST_PTR(__m128i *, &rxdp[i]), | ^~~~~~~ ../lib/eal/include/rte_common.h:593:35: note: in definition of macro 'RTE_CAST_PTR' 593 | #define RTE_CAST_PTR(type, ptr) ((type)(uintptr_t)(ptr)) | ^~~~ ../lib/eal/include/rte_common.h:593:39: error: expected expression before ')' token 593 | #define RTE_CAST_PTR(type, ptr) ((type)(uintptr_t)(ptr)) | ^ ../drivers/net/intel/idpf/idpf_common_rxtx.c:276:49: note: in expansion of macro 'RTE_CAST_PTR' 276 | _mm_store_si128(RTE_CAST_PTR(__m128i *, &rxdp[i]), | ^~~~~~~~~~~~ cc1: all warnings being treated as errors [1979/3763] Compiling C object drivers/libtmp_rte_net_idpf.a.p/net_intel_idpf_idpf_common_virtchnl.c.o [1980/3763] Compiling C object drivers/libtmp_rte_net_idpf.a.p/net_intel_idpf_idpf_ethdev.c.o [1981/3763] Compiling C object drivers/libtmp_rte_net_idpf.a.p/net_intel_idpf_idpf_rxtx.c.o ninja: build stopped: subcommand failed. ==== End log output ==== Ubuntu 22.04 Kernel: 5.15 Compiler: gcc gcc (Ubuntu 11.4.0-1ubuntu1~22.04.2) 11.4.0 CentOS Stream 9 Kernel: 5.4 Compiler: gcc gcc (GCC) 11.5.0 20240719 (Red Hat 11.5.0-11) CentOS Stream 10 Kernel: 5.4 Compiler: gcc gcc (GCC) 14.2.1 20250110 (Red Hat 14.2.1-8) Fedora Linux 40 Kernel: 5.4 Compiler: gcc gcc (GCC) 14.2.1 20240912 (Red Hat 14.2.1-3) Debian GNU/Linux 12 Kernel: 5.4 Compiler: gcc gcc (Debian 12.2.0-14+deb12u1) 12.2.0 Fedora Linux 41 Kernel: 5.4 Compiler: gcc gcc (GCC) 14.3.1 20250523 (Red Hat 14.3.1-1) Fedora Linux 42 Kernel: 5.4 Compiler: gcc gcc (GCC) 15.2.1 20250808 (Red Hat 15.2.1-1) Red Hat Enterprise Linux 9.5 Kernel: 5.4 Compiler: gcc gcc (GCC) 11.5.0 20240719 (Red Hat 11.5.0-2) Ubuntu 20.04 Kernel: 5.4 Compiler: gcc gcc (Ubuntu 9.4.0-1ubuntu1~20.04.2) 9.4.0 Ubuntu 24.04 Kernel: 5.4 Compiler: gcc gcc (Ubuntu 13.3.0-6ubuntu2~24.04) 13.3.0 Debian 12 (arm) Kernel: Depends on container host Compiler: gcc (Debian 12.2.0-14) 12.2.0 To view detailed results, visit: https://lab.dpdk.org/results/dashboard/patchsets/34190/ UNH-IOL DPDK Community Lab To manage your email subscriptions, visit: https://lab.dpdk.org/results/dashboard/preferences/subscriptions/