From mboxrd@z Thu Jan 1 00:00:00 1970 Return-Path: Received: from mails.dpdk.org (mails.dpdk.org [217.70.189.124]) by inbox.dpdk.org (Postfix) with ESMTP id 4A7874888F for ; Thu, 2 Oct 2025 10:30:42 +0200 (CEST) Received: from mails.dpdk.org (localhost [127.0.0.1]) by mails.dpdk.org (Postfix) with ESMTP id 2CDFF400D6; Thu, 2 Oct 2025 10:30:42 +0200 (CEST) Received: from mail-io1-f100.google.com (mail-io1-f100.google.com [209.85.166.100]) by mails.dpdk.org (Postfix) with ESMTP id 89CEB400D6 for ; Thu, 2 Oct 2025 10:30:41 +0200 (CEST) Received: by mail-io1-f100.google.com with SMTP id ca18e2360f4ac-938de0df471so63258139f.2 for ; Thu, 02 Oct 2025 01:30:41 -0700 (PDT) DKIM-Signature: v=1; a=rsa-sha256; c=relaxed/relaxed; d=iol.unh.edu; s=unh-iol; t=1759393841; x=1759998641; darn=dpdk.org; h=references:in-reply-to:cc:to:from:subject:message-id:date:from:to :cc:subject:date:message-id:reply-to; bh=3edg5OrQo6FHPv56QxnulIpeDjO9VN+CW2Dqs6Hl3yQ=; b=beO4/qKnrrVlXnpcOiF4ASN0Q2kOpPvkSc+eauyS5nVl1o5GhKAw8fYHewjwdTC1+R NLQYgowcF3Svd8ObXiu96Gvg13p5X+USu3PCwIkZCZE0eJEgYJKcHduG1YdP+kYEmvET qzklVNDy29XqvU4MrcMUHNT7ee7Jgo7DwFnVM= X-Google-DKIM-Signature: v=1; a=rsa-sha256; c=relaxed/relaxed; d=1e100.net; s=20230601; t=1759393841; x=1759998641; h=references:in-reply-to:cc:to:from:subject:message-id:date :x-gm-message-state:from:to:cc:subject:date:message-id:reply-to; bh=3edg5OrQo6FHPv56QxnulIpeDjO9VN+CW2Dqs6Hl3yQ=; b=EM9co77zOywe3tPoYTeqKhe4cVRm1bNlJKgHM67TbTBEhu2LM/Empm27luWh6BV07B +2ho0PptzE6lRMqjSA80fEjhBzlNk95EWmaTEPqpV32Fovj18elct9zRueEwLf7ScJjZ /ulJ4bFnOq0k3ihHO4es+bqUxOIgNg3So+mKf3gQLtwBTn0nazovCt05wCSfY5tMV9Ng Tm38LVtnjsKGqDjRTe3wD64nKXvTTqXqssoaZ8UzDLOqNefcCT1cEVhwa/dQobKzAz18 9zoJ6WNa02KllhwplZanN6/cgc6Xs9s7cn9oIHOCNSYXjY7EH0jQ1yl2czgWnx7Cs4li cs1g== X-Gm-Message-State: AOJu0YwVp1CK2Cs3oWVV2/dIuJ/PM4tUf19B685I8W0Z9YaAx+Kj1N6Y qK70zpp0KiBGC5y5iFzILINLU+fgwLl7G3jf8y8FxR2QDfKN8auM/OSVviSTtgLJlf3Dg0v1l71 D/xIHvu97U+OvZP9Mi8pIewrYpRkb111BRwHKX5Vz+tJRJh8rqAx+verSeKE+ X-Gm-Gg: ASbGncvi4pfWDB0zdlsnyJpV1ZMf7mXyJIHODts1HFzC69swMJIbaCbBWC1fJFhdHeE d3TWz+G2qHneTogSt6Tuod5OijSWUBJAyqNDDfTzGAdUDwThCBcY2GmvhUrn2CcluDDcnYbcbbr J50OzLEvFQ7bzt7JM3PK5E07998INLyrR/qT09k+EEO3RXOEYOQSP9BZyAu6ZVSZkMyXXLWUEv4 nGpR/FXeZevFleTrW/48WLkBXPokfEDckYdbzvHqfzeuvqsgfJs0mjy/WtyOYTKE1tk5rsWQv76 BVZ3cUI9MZUsPFZtxkYXUZFAUaLRXg42jMmc4Wc/EpG1GBtgFIeLm8c= X-Google-Smtp-Source: AGHT+IFl/N22iijrmL4wbxi+QQasg0X/fVZMfeUsMcQ3at1tpwlU5WWANgviJXpSpQF2a2juHldJpvAtRmQr X-Received: by 2002:a05:6602:13cb:b0:937:43fd:ee68 with SMTP id ca18e2360f4ac-937b05939bamr875980039f.18.1759393840864; Thu, 02 Oct 2025 01:30:40 -0700 (PDT) Received: from postal.iol.unh.edu (postal.iol.unh.edu. [2606:4100:3880:1234::84]) by smtp-relay.gmail.com with ESMTPS id 8926c6da1cb9f-57b5eaadf21sm118480173.3.2025.10.02.01.30.40 (version=TLS1_2 cipher=ECDHE-ECDSA-AES128-GCM-SHA256 bits=128/128); Thu, 02 Oct 2025 01:30:40 -0700 (PDT) X-Relaying-Domain: iol.unh.edu Date: Thu, 02 Oct 2025 01:30:40 -0700 (PDT) Message-ID: <68de3830.050a0220.19cacb.742eSMTPIN_ADDED_MISSING@mx.google.com> Received: from [172.21.0.2] (unknown [172.18.0.240]) by postal.iol.unh.edu (Postfix) with ESMTP id 69E666051830; Thu, 2 Oct 2025 04:30:40 -0400 (EDT) Subject: |FAILURE| pw157168-157169 [PATCH] [v5,2/2] net/idpf: enable AVX2 for From: dpdklab@iol.unh.edu To: Test Report Cc: dpdk-test-reports@iol.unh.edu, Bruce Richardson , Shaiq Wani In-Reply-To: <20251001075609.2608021-3-shaiq.wani@intel.com> References: <20251001075609.2608021-3-shaiq.wani@intel.com> Content-Type: text/plain X-BeenThere: test-report@dpdk.org X-Mailman-Version: 2.1.29 Precedence: list List-Id: automatic DPDK test reports List-Unsubscribe: , List-Archive: List-Post: List-Help: List-Subscribe: , Errors-To: test-report-bounces@dpdk.org Test-Label: iol-unit-arm64-testing Test-Status: FAILURE http://dpdk.org/patch/157169 _Testing issues_ Submitter: Shaiq Wani Date: Wednesday, October 01 2025 07:56:09 DPDK git baseline: Repo:dpdk-next-net-intel Branch: master CommitID:9845e5848bbe337306fb6ae2a6b1ce5e6ab5b714 157168-157169 --> testing issues Upstream job id: Generic-Unit-Test-DPDK#377493 Test environment and result as below: +------------------------------+----------------+---------------------------+------------------------------+--------------+ | Environment | dpdk_unit_test | cryptodev_sw_zuc_autotest | cryptodev_sw_snow3g_autotest | lpm_autotest | +==============================+================+===========================+==============================+==============+ | Ubuntu 22.04 | PEND | SKIPPED | SKIPPED | SKIPPED | +------------------------------+----------------+---------------------------+------------------------------+--------------+ | CentOS Stream 9 | WARN | SKIPPED | SKIPPED | SKIPPED | +------------------------------+----------------+---------------------------+------------------------------+--------------+ | CentOS Stream 10 | WARN | SKIPPED | SKIPPED | SKIPPED | +------------------------------+----------------+---------------------------+------------------------------+--------------+ | Fedora Linux 40 | WARN | SKIPPED | SKIPPED | SKIPPED | +------------------------------+----------------+---------------------------+------------------------------+--------------+ | Debian GNU/Linux 12 | WARN | SKIPPED | SKIPPED | SKIPPED | +------------------------------+----------------+---------------------------+------------------------------+--------------+ | Fedora Linux 41 | PEND | SKIPPED | SKIPPED | SKIPPED | +------------------------------+----------------+---------------------------+------------------------------+--------------+ | Fedora Linux 42 | PEND | SKIPPED | SKIPPED | SKIPPED | +------------------------------+----------------+---------------------------+------------------------------+--------------+ | Red Hat Enterprise Linux 9.5 | WARN | SKIPPED | SKIPPED | SKIPPED | +------------------------------+----------------+---------------------------+------------------------------+--------------+ | Ubuntu 20.04 | WARN | SKIPPED | SKIPPED | PASS | +------------------------------+----------------+---------------------------+------------------------------+--------------+ | Ubuntu 24.04 | PEND | SKIPPED | SKIPPED | SKIPPED | +------------------------------+----------------+---------------------------+------------------------------+--------------+ | Debian 12 (arm) | SKIPPED | WARN | WARN | SKIPPED | +------------------------------+----------------+---------------------------+------------------------------+--------------+ ==== 20 line log output for Debian 12 (arm) (cryptodev_sw_snow3g_autotest): ==== ../lib/eal/include/rte_common.h:593:35: note: in definition of macro 'RTE_CAST_PTR' 593 | #define RTE_CAST_PTR(type, ptr) ((type)(uintptr_t)(ptr)) | ^~~~ ../drivers/net/intel/idpf/idpf_common_rxtx.c:276:62: note: each undeclared identifier is reported only once for each function it appears in 276 | _mm_store_si128(RTE_CAST_PTR(__m128i *, &rxdp[i]), | ^~~~~~~ ../lib/eal/include/rte_common.h:593:35: note: in definition of macro 'RTE_CAST_PTR' 593 | #define RTE_CAST_PTR(type, ptr) ((type)(uintptr_t)(ptr)) | ^~~~ ../lib/eal/include/rte_common.h:593:39: error: expected expression before ')' token 593 | #define RTE_CAST_PTR(type, ptr) ((type)(uintptr_t)(ptr)) | ^ ../drivers/net/intel/idpf/idpf_common_rxtx.c:276:49: note: in expansion of macro 'RTE_CAST_PTR' 276 | _mm_store_si128(RTE_CAST_PTR(__m128i *, &rxdp[i]), | ^~~~~~~~~~~~ cc1: all warnings being treated as errors [1979/3763] Compiling C object drivers/libtmp_rte_net_idpf.a.p/net_intel_idpf_idpf_common_virtchnl.c.o [1980/3763] Compiling C object drivers/libtmp_rte_net_idpf.a.p/net_intel_idpf_idpf_ethdev.c.o [1981/3763] Compiling C object drivers/libtmp_rte_net_idpf.a.p/net_intel_idpf_idpf_rxtx.c.o ninja: build stopped: subcommand failed. ==== End log output ==== Ubuntu 22.04 Kernel: 5.15 Compiler: gcc gcc (Ubuntu 11.4.0-1ubuntu1~22.04.2) 11.4.0 CentOS Stream 9 Kernel: 5.4 Compiler: gcc gcc (GCC) 11.5.0 20240719 (Red Hat 11.5.0-11) CentOS Stream 10 Kernel: 5.4 Compiler: gcc gcc (GCC) 14.2.1 20250110 (Red Hat 14.2.1-8) Fedora Linux 40 Kernel: 5.4 Compiler: gcc gcc (GCC) 14.2.1 20240912 (Red Hat 14.2.1-3) Debian GNU/Linux 12 Kernel: 5.4 Compiler: gcc gcc (Debian 12.2.0-14+deb12u1) 12.2.0 Fedora Linux 41 Kernel: 5.4 Compiler: gcc gcc (GCC) 14.3.1 20250523 (Red Hat 14.3.1-1) Fedora Linux 42 Kernel: 5.4 Compiler: gcc gcc (GCC) 15.2.1 20250808 (Red Hat 15.2.1-1) Red Hat Enterprise Linux 9.5 Kernel: 5.4 Compiler: gcc gcc (GCC) 11.5.0 20240719 (Red Hat 11.5.0-2) Ubuntu 20.04 Kernel: 5.4 Compiler: gcc gcc (Ubuntu 9.4.0-1ubuntu1~20.04.2) 9.4.0 Ubuntu 24.04 Kernel: 5.4 Compiler: gcc gcc (Ubuntu 13.3.0-6ubuntu2~24.04) 13.3.0 Debian 12 (arm) Kernel: Depends on container host Compiler: gcc (Debian 12.2.0-14) 12.2.0 To view detailed results, visit: https://lab.dpdk.org/results/dashboard/patchsets/34190/ UNH-IOL DPDK Community Lab To manage your email subscriptions, visit: https://lab.dpdk.org/results/dashboard/preferences/subscriptions/