automatic DPDK test reports
 help / color / mirror / Atom feed
* |SUCCESS| pw157209 [PATCH] test/debug: fix crash with mlx5 devices
       [not found] <20251002165546.523435-1-david.marchand@redhat.com>
@ 2025-10-02 16:21 ` qemudev
  2025-10-02 16:26 ` |FAILURE| " qemudev
                   ` (18 subsequent siblings)
  19 siblings, 0 replies; 20+ messages in thread
From: qemudev @ 2025-10-02 16:21 UTC (permalink / raw)
  To: test-report

Test-Label: loongarch-compilation
Test-Status: SUCCESS
http://dpdk.org/patch/157209

_Compilation OK_

Submitter: David Marchand <david.marchand@redhat.com>
Date: Thu,  2 Oct 2025 18:55:45 +0200
DPDK git baseline: Repo:dpdk
  Branch: main
  CommitID: 76393b98bf67f94dc6aa23cf5016c32571899261

157209 --> meson & ninja build successfully

Test environment and result as below:

+---------------------+----------------+
|     Environment     | compilation    |
+---------------------+----------------+
| Loongnix-Server 8.3 | PASS           |
+---------------------+----------------+

Loongnix-Server 8.3
    Kernel: 4.19.190+
    Compiler: gcc 8.3


^ permalink raw reply	[flat|nested] 20+ messages in thread

* |FAILURE| pw157209 [PATCH] test/debug: fix crash with mlx5 devices
       [not found] <20251002165546.523435-1-david.marchand@redhat.com>
  2025-10-02 16:21 ` |SUCCESS| pw157209 [PATCH] test/debug: fix crash with mlx5 devices qemudev
@ 2025-10-02 16:26 ` qemudev
  2025-10-02 16:57 ` |WARNING| " checkpatch
                   ` (17 subsequent siblings)
  19 siblings, 0 replies; 20+ messages in thread
From: qemudev @ 2025-10-02 16:26 UTC (permalink / raw)
  To: test-report; +Cc: David Marchand, zhoumin

Test-Label: loongarch-unit-testing
Test-Status: FAILURE
http://dpdk.org/patch/157209

_Unit Testing FAIL_

Submitter: David Marchand <david.marchand@redhat.com>
Date: Thu,  2 Oct 2025 18:55:45 +0200
DPDK git baseline: Repo:dpdk
  Branch: main
  CommitID: 76393b98bf67f94dc6aa23cf5016c32571899261

157209 --> testing fail

Test environment and result as below:

+---------------------+----------------+
|     Environment     | dpdk_unit_test |
+---------------------+----------------+
| Loongnix-Server 8.3 | FAIL           |
+---------------------+----------------+

Loongnix-Server 8.3
    Kernel: 4.19.190+
    Compiler: gcc 8.3


Test result details:
  1/120 DPDK:fast-tests / acl_autotest                            OK              3.27s
  2/120 DPDK:fast-tests / alarm_autotest                          OK              1.52s
  3/120 DPDK:fast-tests / argparse_autotest                       OK              0.58s
  4/120 DPDK:fast-tests / atomic_autotest                         OK              7.27s
  5/120 DPDK:fast-tests / bitcount_autotest                       OK              0.43s
  6/120 DPDK:fast-tests / bitmap_autotest                         OK              0.43s
  7/120 DPDK:fast-tests / bitops_autotest                         OK              1.93s
  8/120 DPDK:fast-tests / bitratestats_autotest                   OK              0.43s
  9/120 DPDK:fast-tests / bitset_autotest                         OK              3.22s
 10/120 DPDK:fast-tests / bpf_autotest                            OK              0.43s
 11/120 DPDK:fast-tests / bpf_convert_autotest                    OK              0.44s
 12/120 DPDK:fast-tests / byteorder_autotest                      OK              0.43s
 13/120 DPDK:fast-tests / cfgfile_autotest                        OK              0.43s
 14/120 DPDK:fast-tests / cksum_autotest                          OK              0.43s
 15/120 DPDK:fast-tests / cmdline_autotest                        OK              0.43s
 16/120 DPDK:fast-tests / common_autotest                         OK              1.32s
 17/120 DPDK:fast-tests / compressdev_autotest                    SKIP            0.07s   exit status 77
 18/120 DPDK:fast-tests / cpuflags_autotest                       OK              0.43s
 19/120 DPDK:fast-tests / crc_autotest                            OK              0.43s
 20/120 DPDK:fast-tests / user_delay_us                           OK              0.43s
 21/120 DPDK:fast-tests / debug_autotest                          FAIL           15.80s   exit status 255
 22/120 DPDK:fast-tests / devargs_autotest                        OK              0.43s
 23/120 DPDK:fast-tests / dispatcher_autotest                     OK              2.47s
 24/120 DPDK:fast-tests / distributor_autotest                    OK              1.20s
 25/120 DPDK:fast-tests / eal_flags_c_opt_autotest                OK              0.81s
 26/120 DPDK:fast-tests / eal_flags_main_opt_autotest             OK              0.22s
 27/120 DPDK:fast-tests / eal_flags_n_opt_autotest                OK              0.20s
 28/120 DPDK:fast-tests / eal_flags_hpet_autotest                 OK              0.14s
 29/120 DPDK:fast-tests / eal_flags_no_huge_autotest              OK              0.23s
 30/120 DPDK:fast-tests / eal_flags_a_opt_autotest                OK              0.31s
 31/120 DPDK:fast-tests / eal_flags_b_opt_autotest                OK              0.25s
 32/120 DPDK:fast-tests / eal_flags_vdev_opt_autotest             OK              0.20s
 33/120 DPDK:fast-tests / eal_flags_r_opt_autotest                OK              0.19s
 34/120 DPDK:fast-tests / eal_flags_mem_autotest                  OK              0.60s
 35/120 DPDK:fast-tests / eal_flags_file_prefix_autotest          OK             22.26s
 36/120 DPDK:fast-tests / eal_flags_misc_autotest                 OK              1.08s
 37/120 DPDK:fast-tests / eal_fs_autotest                         OK              0.43s
 38/120 DPDK:fast-tests / errno_autotest                          OK              0.43s
 39/120 DPDK:fast-tests / ethdev_link_status                      OK              0.43s
 40/120 DPDK:fast-tests / event_eth_tx_adapter_autotest           OK              1.69s
 41/120 DPDK:fast-tests / event_ring_autotest                     OK              0.43s
 42/120 DPDK:fast-tests / eventdev_common_autotest                OK              0.43s
 43/120 DPDK:fast-tests / eventdev_selftest_sw                    OK              7.32s
 44/120 DPDK:fast-tests / fbarray_autotest                        OK              0.43s
 45/120 DPDK:fast-tests / fib_autotest                            OK              1.27s
 46/120 DPDK:fast-tests / fib6_autotest                           OK              1.06s
 47/120 DPDK:fast-tests / func_reentrancy_autotest                OK              2.17s
 48/120 DPDK:fast-tests / graph_autotest                          OK              0.43s
 49/120 DPDK:fast-tests / node_list_dump                          OK              0.43s
 50/120 DPDK:fast-tests / graph_feature_arc_autotest              OK              0.44s
 51/120 DPDK:fast-tests / hash_autotest                           OK              1.05s
 52/120 DPDK:fast-tests / hash_readwrite_func_autotest            OK              6.39s
 53/120 DPDK:fast-tests / interrupt_autotest                      OK              1.73s
 54/120 DPDK:fast-tests / ipfrag_autotest                         OK              0.08s
 55/120 DPDK:fast-tests / ipsec_autotest                          SKIP            0.43s   exit status 77
 56/120 DPDK:fast-tests / kvargs_autotest                         OK              0.44s
 57/120 DPDK:fast-tests / latencystats_autotest                   OK              0.44s
 58/120 DPDK:fast-tests / lcore_var_autotest                      OK              0.57s
 59/120 DPDK:fast-tests / lcores_autotest                         OK              5.24s
 60/120 DPDK:fast-tests / logs_autotest                           OK              0.43s
 61/120 DPDK:fast-tests / lpm_autotest                            OK              2.58s
 62/120 DPDK:fast-tests / lpm6_autotest                           OK              5.62s
 63/120 DPDK:fast-tests / malloc_autotest                         OK             61.21s
 64/120 DPDK:fast-tests / mbuf_autotest                           OK              5.06s
 65/120 DPDK:fast-tests / mcslock_autotest                        OK              2.82s
 66/120 DPDK:fast-tests / member_autotest                         OK              1.64s
 67/120 DPDK:fast-tests / memcpy_autotest                         OK              6.89s
 68/120 DPDK:fast-tests / memory_autotest                         OK              0.09s
 69/120 DPDK:fast-tests / mempool_autotest                        OK              0.44s
 70/120 DPDK:fast-tests / memzone_autotest                        OK              0.14s
 71/120 DPDK:fast-tests / meter_autotest                          OK              0.43s
 72/120 DPDK:fast-tests / metrics_autotest                        OK              0.43s
 73/120 DPDK:fast-tests / multiprocess_autotest                   OK              0.20s
 74/120 DPDK:fast-tests / net_ether_autotest                      OK              1.09s
 75/120 DPDK:fast-tests / net_ipv6_autotest                       OK              0.43s
 76/120 DPDK:fast-tests / pcapng_autotest                         OK              7.12s
 77/120 DPDK:fast-tests / pdcp_autotest                           SKIP            0.07s   exit status 77
 78/120 DPDK:fast-tests / pdump_autotest                          OK              0.53s
 79/120 DPDK:fast-tests / per_lcore_autotest                      OK              0.53s
 80/120 DPDK:fast-tests / pflock_autotest                         OK              1.24s
 81/120 DPDK:fast-tests / pie_autotest                            OK              0.43s
 82/120 DPDK:fast-tests / ring_pmd_autotest                       OK              0.43s
 83/120 DPDK:fast-tests / power_autotest                          OK              0.43s
 84/120 DPDK:fast-tests / power_cpufreq_autotest                  SKIP            0.07s   exit status 77
 85/120 DPDK:fast-tests / power_intel_uncore_autotest             SKIP            0.43s   exit status 77
 86/120 DPDK:fast-tests / power_kvm_vm_autotest                   SKIP            0.07s   exit status 77
 87/120 DPDK:fast-tests / prefetch_autotest                       OK              0.43s
 88/120 DPDK:fast-tests / ptr_compress_autotest                   OK              0.43s
 89/120 DPDK:fast-tests / rawdev_autotest                         OK              0.43s
 90/120 DPDK:fast-tests / rcu_qsbr_autotest                       OK              0.96s
 91/120 DPDK:fast-tests / reorder_autotest                        OK              0.49s
 92/120 DPDK:fast-tests / rib_autotest                            OK              9.08s
 93/120 DPDK:fast-tests / rib6_autotest                           OK              9.07s
 94/120 DPDK:fast-tests / ring_autotest                           OK              0.46s
 95/120 DPDK:fast-tests / rwlock_test1_autotest                   OK              1.18s
 96/120 DPDK:fast-tests / rwlock_rda_autotest                     OK              5.43s
 97/120 DPDK:fast-tests / rwlock_rds_wrm_autotest                 OK              5.43s
 98/120 DPDK:fast-tests / rwlock_rde_wro_autotest                 OK              5.43s
 99/120 DPDK:fast-tests / sched_autotest                          OK              0.43s
100/120 DPDK:fast-tests / security_autotest                       OK              0.07s
101/120 DPDK:fast-tests / seqlock_autotest                        OK              2.43s
102/120 DPDK:fast-tests / service_autotest                        OK              3.13s
103/120 DPDK:fast-tests / soring_autotest                         OK              0.44s
104/120 DPDK:fast-tests / spinlock_autotest                       OK              0.51s
105/120 DPDK:fast-tests / stack_autotest                          OK              0.87s
106/120 DPDK:fast-tests / stack_lf_autotest                       SKIP            0.06s   exit status 77
107/120 DPDK:fast-tests / string_autotest                         OK              0.43s
108/120 DPDK:fast-tests / table_autotest                          OK              7.79s
109/120 DPDK:fast-tests / tailq_autotest                          OK              0.42s
110/120 DPDK:fast-tests / telemetry_data_autotest                 OK              0.44s
111/120 DPDK:fast-tests / telemetry_json_autotest                 OK              0.43s
112/120 DPDK:fast-tests / thash_autotest                          OK              0.44s
113/120 DPDK:fast-tests / threads_autotest                        OK              0.61s
114/120 DPDK:fast-tests / ticketlock_autotest                     OK              0.58s
115/120 DPDK:fast-tests / timer_autotest                          OK              3.96s
116/120 DPDK:fast-tests / trace_autotest                          OK              0.43s
117/120 DPDK:fast-tests / trace_autotest_with_traces              OK              0.44s
118/120 DPDK:fast-tests / vdev_autotest                           OK              0.43s
119/120 DPDK:fast-tests / version_autotest                        OK              0.43s
120/120 DPDK:fast-tests / telemetry_all                           OK             19.51s


Ok:                 112
Expected Fail:      0
Fail:               1
Unexpected Pass:    0
Skipped:            7
Timeout:            0



Test logs for failed test cases:
================================================================================
DPDK:fast-tests / debug_autotest: FAIL
================================================================================
-------------------------------------stdout-------------------------------------
RTE>>debug_autotest
Running binary with argv[]:'/home/zhoumin/gh_dpdk/build/app/dpdk-test' '--file-prefix=debug' '-l' '0' '--no-huge' '-m' '2048' 
Child process terminated as expected - Test passed!
Running binary with argv[]:'/home/zhoumin/gh_dpdk/build/app/dpdk-test' '--file-prefix=debug' '-l' '0' '--no-huge' '-m' '2048' 
ERROR - missing action to take for test_exit_val
Child process terminated as expected - Test passed!
Child process status: 65280
Child process terminated with incorrect status (expected = 0)!
Test Failed
RTE>>
-------------------------------------stderr-------------------------------------
EAL: Detected CPU lcores: 32
EAL: Detected NUMA nodes: 8
EAL: Detected static linkage of DPDK
EAL: Multi-process socket /var/run/dpdk/rte/mp_socket
EAL: Selected IOVA mode 'VA'
APP: HPET is not enabled, using TSC as default timer
0: /home/zhoumin/gh_dpdk/build/app/dpdk-test (rte_dump_stack+0x40) [1206057a0]
1: /home/zhoumin/gh_dpdk/build/app/dpdk-test (120000000+0x26e44c) [12026e44c]
2: /home/zhoumin/gh_dpdk/build/app/dpdk-test (120000000+0x208194) [120208194]
3: /home/zhoumin/gh_dpdk/build/app/dpdk-test (120000000+0x58a578) [12058a578]
4: /home/zhoumin/gh_dpdk/build/app/dpdk-test (120000000+0x588ff4) [120588ff4]
5: /home/zhoumin/gh_dpdk/build/app/dpdk-test (rdline_char_in+0x728) [12058d06c]
6: /home/zhoumin/gh_dpdk/build/app/dpdk-test (cmdline_in+0x8c) [1205890d4]
7: /home/zhoumin/gh_dpdk/build/app/dpdk-test (main+0x5d8) [1201e5464]
8: /lib64/libc.so.6 (__libc_start_main+0xe4) [fff5044774]
9: /home/zhoumin/gh_dpdk/build/app/dpdk-test (_start+0x6c) [12020803c]
EAL: Detected CPU lcores: 32
EAL: Detected NUMA nodes: 8
EAL: Detected static linkage of DPDK
EAL: Multi-process socket /var/run/dpdk/debug/mp_socket
EAL: Selected IOVA mode 'VA'
EAL: PANIC in test_panic():
Test Debug
0: /home/zhoumin/gh_dpdk/build/app/dpdk-test (rte_dump_stack+0x40) [1206057a0]
1: /home/zhoumin/gh_dpdk/build/app/dpdk-test (__rte_panic+0x68) [1200ea32c]
2: /home/zhoumin/gh_dpdk/build/app/dpdk-test (test_panic+0x0) [12026db30]
3: /home/zhoumin/gh_dpdk/build/app/dpdk-test (test_panic+0x2cc) [12026ddfc]
4: /home/zhoumin/gh_dpdk/build/app/dpdk-test (main+0x274) [1201e5100]
5: /lib64/libc.so.6 (__libc_start_main+0xe4) [fff7800774]
6: /home/zhoumin/gh_dpdk/build/app/dpdk-test (_start+0x6c) [12020803c]
EAL: Detected CPU lcores: 32
EAL: Detected NUMA nodes: 8
EAL: Detected static linkage of DPDK
EAL: Multi-process socket /var/run/dpdk/debug/mp_socket
EAL: Selected IOVA mode 'VA'


^ permalink raw reply	[flat|nested] 20+ messages in thread

* |WARNING| pw157209 [PATCH] test/debug: fix crash with mlx5 devices
       [not found] <20251002165546.523435-1-david.marchand@redhat.com>
  2025-10-02 16:21 ` |SUCCESS| pw157209 [PATCH] test/debug: fix crash with mlx5 devices qemudev
  2025-10-02 16:26 ` |FAILURE| " qemudev
@ 2025-10-02 16:57 ` checkpatch
  2025-10-02 17:21 ` |PENDING| " dpdklab
                   ` (16 subsequent siblings)
  19 siblings, 0 replies; 20+ messages in thread
From: checkpatch @ 2025-10-02 16:57 UTC (permalink / raw)
  To: test-report; +Cc: David Marchand

Test-Label: checkpatch
Test-Status: WARNING
http://dpdk.org/patch/157209

_coding style issues_


ERROR:POINTER_LOCATION: "foo * bar" should be "foo *bar"
#266: FILE: app/test/test_debug.c:146:
+	const char * prefix = "--no-shconf";

ERROR:POINTER_LOCATION: "foo * bar" should be "foo *bar"
#268: FILE: app/test/test_debug.c:148:
+	const char * prefix = "--file-prefix=debug";

total: 2 errors, 0 warnings, 175 lines checked

^ permalink raw reply	[flat|nested] 20+ messages in thread

* |PENDING| pw157209 [PATCH] test/debug: fix crash with mlx5 devices
       [not found] <20251002165546.523435-1-david.marchand@redhat.com>
                   ` (2 preceding siblings ...)
  2025-10-02 16:57 ` |WARNING| " checkpatch
@ 2025-10-02 17:21 ` dpdklab
  2025-10-02 17:24 ` |FAILURE| " dpdklab
                   ` (15 subsequent siblings)
  19 siblings, 0 replies; 20+ messages in thread
From: dpdklab @ 2025-10-02 17:21 UTC (permalink / raw)
  To: Test Report; +Cc: dpdk-test-reports

Test-Label: iol-compile-amd64-testing
Test-Status: PENDING
http://dpdk.org/patch/157209

_Testing pending_

Submitter: David Marchand <david.marchand@redhat.com>
Date: Thursday, October 02 2025 16:55:45 
DPDK git baseline: Repo:dpdk
  Branch: master
  CommitID:76393b98bf67f94dc6aa23cf5016c32571899261

157209 --> testing pending

Upstream job id: Generic-VM-DPDK-Compile-Meson#38744

Test environment and result as below:

+---------------------+--------------------+-------------------+-------------------------+
|     Environment     | dpdk_meson_compile | dpdk_msvc_compile | dpdk_llvm_clang_compile |
+=====================+====================+===================+=========================+
| Ubuntu 20.04        | PASS               | SKIPPED           | SKIPPED                 |
+---------------------+--------------------+-------------------+-------------------------+
| FreeBSD 14.2        | PEND               | SKIPPED           | SKIPPED                 |
+---------------------+--------------------+-------------------+-------------------------+
| Windows Server 2022 | SKIPPED            | PEND              | PEND                    |
+---------------------+--------------------+-------------------+-------------------------+


Ubuntu 20.04
	Kernel: 4.19
	Compiler: gcc gcc (Ubuntu 9.4.0-1ubuntu1~20.04.2) 9.4.0

FreeBSD 14.2
	Kernel: 14.2-RELEASE
	Compiler: clang 18.1.6

Windows Server 2022
	Kernel: 10.0.20348.2031
	Compiler: clang 15.0.7, gcc 14.1.0 (MinGW), and MSVC VS 19.39.33521

To view detailed results, visit:
https://lab.dpdk.org/results/dashboard/patchsets/34200/

UNH-IOL DPDK Community Lab

To manage your email subscriptions, visit: 
https://lab.dpdk.org/results/dashboard/preferences/subscriptions/

^ permalink raw reply	[flat|nested] 20+ messages in thread

* |FAILURE| pw157209 [PATCH] test/debug: fix crash with mlx5 devices
       [not found] <20251002165546.523435-1-david.marchand@redhat.com>
                   ` (3 preceding siblings ...)
  2025-10-02 17:21 ` |PENDING| " dpdklab
@ 2025-10-02 17:24 ` dpdklab
  2025-10-02 17:25 ` |SUCCESS| " dpdklab
                   ` (14 subsequent siblings)
  19 siblings, 0 replies; 20+ messages in thread
From: dpdklab @ 2025-10-02 17:24 UTC (permalink / raw)
  To: Test Report; +Cc: dpdk-test-reports, David Marchand

Test-Label: iol-unit-amd64-testing
Test-Status: FAILURE
http://dpdk.org/patch/157209

_Testing issues_

Submitter: David Marchand <david.marchand@redhat.com>
Date: Thursday, October 02 2025 16:55:45 
DPDK git baseline: Repo:dpdk
  Branch: master
  CommitID:76393b98bf67f94dc6aa23cf5016c32571899261

157209 --> testing issues

Upstream job id: Generic-Unit-Test-DPDK#377921

Test environment and result as below:

+-------------------------------+----------------+
|          Environment          | dpdk_unit_test |
+===============================+================+
| CentOS Stream 9               | FAIL           |
+-------------------------------+----------------+
| CentOS Stream 10              | PEND           |
+-------------------------------+----------------+
| Debian GNU/Linux 12           | PEND           |
+-------------------------------+----------------+
| Fedora Linux 41               | PEND           |
+-------------------------------+----------------+
| Fedora Linux 40               | PEND           |
+-------------------------------+----------------+
| Fedora Linux 42               | PEND           |
+-------------------------------+----------------+
| Windows Server 2022           | PEND           |
+-------------------------------+----------------+
| Ubuntu 20.04                  | PEND           |
+-------------------------------+----------------+
| Ubuntu 24.04                  | PEND           |
+-------------------------------+----------------+
| Red Hat Enterprise Linux 8.10 | PEND           |
+-------------------------------+----------------+
| Ubuntu 22.04                  | PEND           |
+-------------------------------+----------------+
| Red Hat Enterprise Linux 9.5  | PEND           |
+-------------------------------+----------------+

==== Unit test summary for CentOS Stream 9 (dpdk_unit_test): ====
ninja: Entering directory `/root/workspace/Generic-Unit-Test-DPDK/dpdk/build'
ninja: no work to do.
  1/120 DPDK:fast-tests / acl_autotest                   OK               2.35s
  2/120 DPDK:fast-tests / alarm_autotest                 OK               1.17s
  3/120 DPDK:fast-tests / argparse_autotest              OK               0.17s
  4/120 DPDK:fast-tests / atomic_autotest                OK               0.34s
  5/120 DPDK:fast-tests / bitcount_autotest              OK               0.17s
  6/120 DPDK:fast-tests / bitmap_autotest                OK               0.16s
  7/120 DPDK:fast-tests / bitops_autotest                OK               1.67s
  8/120 DPDK:fast-tests / bitratestats_autotest          OK               0.17s
  9/120 DPDK:fast-tests / bitset_autotest                OK               1.29s
 10/120 DPDK:fast-tests / bpf_autotest                   OK               0.16s
 11/120 DPDK:fast-tests / bpf_convert_autotest           OK               0.17s
 12/120 DPDK:fast-tests / byteorder_autotest             OK               0.16s
 13/120 DPDK:fast-tests / cfgfile_autotest               OK               0.16s
 14/120 DPDK:fast-tests / cksum_autotest                 OK               0.16s
 15/120 DPDK:fast-tests / cmdline_autotest               OK               0.16s
 16/120 DPDK:fast-tests / common_autotest                OK               0.43s
 17/120 DPDK:fast-tests / compressdev_autotest           SKIP             0.14s   exit status 77
 18/120 DPDK:fast-tests / cpuflags_autotest              OK               0.17s
 19/120 DPDK:fast-tests / crc_autotest                   OK               0.17s
 20/120 DPDK:fast-tests / user_delay_us                  OK               0.16s
 21/120 DPDK:fast-tests / debug_autotest                 FAIL             0.61s   (exit status 255 or signal 127 SIGinvalid)
>>> MALLOC_PERTURB_=31 DPDK_TEST=debug_autotest /root/workspace/Generic-Unit-Test-DPDK/dpdk/build/app/dpdk-test --no-huge -m 2048

 22/120 DPDK:fast-tests / devargs_autotest               OK               0.17s
 23/120 DPDK:fast-tests / dispatcher_autotest            SKIP             0.14s   exit status 77
 24/120 DPDK:fast-tests / distributor_autotest           OK               0.84s
 25/120 DPDK:fast-tests / eal_flags_c_opt_autotest       OK               0.75s
 26/120 DPDK:fast-tests / eal_flags_main_opt_autotest    OK               0.28s
 27/120 DPDK:fast-tests / eal_flags_n_opt_autotest       OK               0.46s
 28/120 DPDK:fast-tests / eal_flags_hpet_autotest        OK               0.20s
 29/120 DPDK:fast-tests / eal_flags_no_huge_autotest     OK               0.48s
 30/120 DPDK:fast-tests / eal_flags_a_opt_autotest       OK               0.36s
 31/120 DPDK:fast-tests / eal_flags_b_opt_autotest       OK               0.30s
 32/120 DPDK:fast-tests / eal_flags_vdev_opt_autotest    OK               0.55s
 33/120 DPDK:fast-tests / eal_flags_r_opt_autotest       OK               0.25s
 34/120 DPDK:fast-tests / eal_flags_mem_autotest         OK               0.70s
 35/120 DPDK:fast-tests / eal_flags_file_prefix_autotest OK               2.03s
 36/120 DPDK:fast-tests / eal_flags_misc_autotest        OK               1.96s
 37/120 DPDK:fast-tests / eal_fs_autotest                OK               0.17s
 38/120 DPDK:fast-tests / errno_autotest                 OK               0.17s
 39/120 DPDK:fast-tests / ethdev_link_status             OK               0.16s
 40/120 DPDK:fast-tests / event_eth_tx_adapter_autotest  OK               0.45s
 41/120 DPDK:fast-tests / event_ring_autotest            OK               0.17s
 42/120 DPDK:fast-tests / eventdev_common_autotest       OK               0.17s
 43/120 DPDK:fast-tests / eventdev_selftest_sw           OK               0.20s
 44/120 DPDK:fast-tests / fbarray_autotest               OK               0.17s
 45/120 DPDK:fast-tests / fib_autotest                   OK               0.82s
 46/120 DPDK:fast-tests / fib6_autotest                  OK               0.59s
 47/120 DPDK:fast-tests / func_reentrancy_autotest       OK               0.53s
 48/120 DPDK:fast-tests / graph_autotest                 OK               0.17s
 49/120 DPDK:fast-tests / node_list_dump                 OK               0.16s
 50/120 DPDK:fast-tests / graph_feature_arc_autotest     OK               0.16s
 51/120 DPDK:fast-tests / hash_autotest                  OK               0.28s
 52/120 DPDK:fast-tests / hash_readwrite_func_autotest   SKIP             0.14s   exit status 77
 53/120 DPDK:fast-tests / interrupt_autotest             OK               1.28s
 54/120 DPDK:fast-tests / ipfrag_autotest                OK               0.14s
 55/120 DPDK:fast-tests / ipsec_autotest                 SKIP             0.17s   exit status 77
 56/120 DPDK:fast-tests / kvargs_autotest                OK               0.17s
 57/120 DPDK:fast-tests / latencystats_autotest          OK               0.17s
 58/120 DPDK:fast-tests / lcore_var_autotest             OK               0.30s
 59/120 DPDK:fast-tests / lcores_autotest                OK               0.74s
 60/120 DPDK:fast-tests / logs_autotest                  OK               0.18s
 61/120 DPDK:fast-tests / lpm_autotest                   OK               1.40s
 62/120 DPDK:fast-tests / lpm6_autotest                  OK               2.52s
 63/120 DPDK:fast-tests / malloc_autotest                OK               0.37s
 64/120 DPDK:fast-tests / mbuf_autotest                  OK               0.17s
 65/120 DPDK:fast-tests / mcslock_autotest               OK               0.40s
 66/120 DPDK:fast-tests / member_autotest                OK               0.76s
 67/120 DPDK:fast-tests / memcpy_autotest                OK               1.73s
 68/120 DPDK:fast-tests / memory_autotest                OK               0.14s
 69/120 DPDK:fast-tests / mempool_autotest               OK               0.41s
 70/120 DPDK:fast-tests / memzone_autotest               OK               0.15s
 71/120 DPDK:fast-tests / meter_autotest                 OK               0.17s
 72/120 DPDK:fast-tests / metrics_autotest               OK               0.16s
 73/120 DPDK:fast-tests / multiprocess_autotest          OK               0.25s
 74/120 DPDK:fast-tests / net_ether_autotest             OK               0.49s
 75/120 DPDK:fast-tests / net_ipv6_autotest              OK               0.16s
 76/120 DPDK:fast-tests / pcapng_autotest                OK               6.58s
 77/120 DPDK:fast-tests / pdcp_autotest                  SKIP             0.14s   exit status 77
 78/120 DPDK:fast-tests / pdump_autotest                 OK               0.29s
 79/120 DPDK:fast-tests / per_lcore_autotest             OK               0.27s
 80/120 DPDK:fast-tests / pflock_autotest                OK               0.27s
 81/120 DPDK:fast-tests / pie_autotest                   OK               0.17s
 82/120 DPDK:fast-tests / ring_pmd_autotest              OK               0.17s
 83/120 DPDK:fast-tests / power_autotest                 OK               0.17s
 84/120 DPDK:fast-tests / power_cpufreq_autotest         SKIP             0.14s   exit status 77
 85/120 DPDK:fast-tests / power_intel_uncore_autotest    SKIP             0.17s   exit status 77
 86/120 DPDK:fast-tests / power_kvm_vm_autotest          SKIP             0.14s   exit status 77
 87/120 DPDK:fast-tests / prefetch_autotest              OK               0.17s
 88/120 DPDK:fast-tests / ptr_compress_autotest          OK               0.17s
 89/120 DPDK:fast-tests / rawdev_autotest                OK               0.16s
 90/120 DPDK:fast-tests / rcu_qsbr_autotest              OK               0.26s
 91/120 DPDK:fast-tests / reorder_autotest               OK               0.26s
 92/120 DPDK:fast-tests / rib_autotest                   OK               3.69s
 93/120 DPDK:fast-tests / rib6_autotest                  OK               3.22s
 94/120 DPDK:fast-tests / ring_autotest                  OK               0.17s
 95/120 DPDK:fast-tests / rwlock_test1_autotest          OK               0.27s
 96/120 DPDK:fast-tests / rwlock_rda_autotest            OK               5.16s
 97/120 DPDK:fast-tests / rwlock_rds_wrm_autotest        OK               5.17s
 98/120 DPDK:fast-tests / rwlock_rde_wro_autotest        OK               5.17s
 99/120 DPDK:fast-tests / sched_autotest                 OK               0.17s
100/120 DPDK:fast-tests / security_autotest              OK               0.14s
101/120 DPDK:fast-tests / seqlock_autotest               SKIP             0.17s   exit status 77
102/120 DPDK:fast-tests / service_autotest               OK               0.27s
103/120 DPDK:fast-tests / soring_autotest                OK               0.17s
104/120 DPDK:fast-tests / spinlock_autotest              OK               0.18s
105/120 DPDK:fast-tests / stack_autotest                 OK               0.18s
106/120 DPDK:fast-tests / stack_lf_autotest              OK               0.24s
107/120 DPDK:fast-tests / string_autotest                OK               0.17s
108/120 DPDK:fast-tests / table_autotest                 OK               4.57s
109/120 DPDK:fast-tests / tailq_autotest                 OK               0.17s
110/120 DPDK:fast-tests / telemetry_data_autotest        OK               0.17s
111/120 DPDK:fast-tests / telemetry_json_autotest        OK               0.16s
112/120 DPDK:fast-tests / thash_autotest                 OK               0.18s
113/120 DPDK:fast-tests / threads_autotest               OK               0.32s
114/120 DPDK:fast-tests / ticketlock_autotest            OK               0.18s
115/120 DPDK:fast-tests / timer_autotest                 OK               2.49s
116/120 DPDK:fast-tests / trace_autotest                 OK               0.18s
117/120 DPDK:fast-tests / trace_autotest_with_traces     OK               0.17s
118/120 DPDK:fast-tests / vdev_autotest                  OK               0.16s
119/120 DPDK:fast-tests / version_autotest               OK               0.17s
120/120 DPDK:fast-tests / telemetry_all                  SKIP             0.01s   exit status 77


Ok:                 109 
Expected Fail:      0   
Fail:               1   
Unexpected Pass:    0   
Skipped:            10  
Timeout:            0   

Full log written to /root/workspace/Generic-Unit-Test-DPDK/dpdk/build/meson-logs/testlog.txt



Test log output from the failed test debug_autotest:

Sorry, we were not able to find the logs for this test.
Download the log output from the CI site for this test run.
==== End log output ====

CentOS Stream 9
	Kernel: 5.15
	Compiler: gcc gcc (GCC) 11.5.0 20240719 (Red Hat 11.5.0-11)

CentOS Stream 10
	Kernel: 5.15
	Compiler: gcc gcc (GCC) 14.2.1 20250110 (Red Hat 14.2.1-8)

Debian GNU/Linux 12
	Kernel: 5.15
	Compiler: gcc gcc (Debian 12.2.0-14+deb12u1) 12.2.0

Fedora Linux 41
	Kernel: 5.15
	Compiler: gcc gcc (GCC) 14.3.1 20250523 (Red Hat 14.3.1-1)

Fedora Linux 40
	Kernel: 5.15
	Compiler: gcc gcc (GCC) 14.2.1 20240912 (Red Hat 14.2.1-3)

Fedora Linux 42
	Kernel: 5.15
	Compiler: gcc gcc (GCC) 15.2.1 20250808 (Red Hat 15.2.1-1)

Windows Server 2022
	Kernel: 10.0.20348.2031
	Compiler: clang 15.0.7, gcc 14.1.0 (MinGW), and MSVC VS 19.39.33521

Ubuntu 20.04
	Kernel: 5.15
	Compiler: gcc gcc (Ubuntu 9.4.0-1ubuntu1~20.04.2) 9.4.0

Ubuntu 24.04
	Kernel: 5.15
	Compiler: gcc gcc (Ubuntu 13.3.0-6ubuntu2~24.04) 13.3.0

Red Hat Enterprise Linux 8.10
	Kernel: 5.15
	Compiler: gcc gcc (GCC) 8.5.0 20210514 (Red Hat 8.5.0-22)

Ubuntu 22.04
	Kernel: 5.15
	Compiler: gcc gcc (Ubuntu 11.4.0-1ubuntu1~22.04) 11.4.0

Red Hat Enterprise Linux 9.5
	Kernel: 5.15
	Compiler: gcc gcc (GCC) 11.5.0 20240719 (Red Hat 11.5.0-2)

To view detailed results, visit:
https://lab.dpdk.org/results/dashboard/patchsets/34200/

UNH-IOL DPDK Community Lab

To manage your email subscriptions, visit: 
https://lab.dpdk.org/results/dashboard/preferences/subscriptions/

^ permalink raw reply	[flat|nested] 20+ messages in thread

* |SUCCESS| pw157209 [PATCH] test/debug: fix crash with mlx5 devices
       [not found] <20251002165546.523435-1-david.marchand@redhat.com>
                   ` (4 preceding siblings ...)
  2025-10-02 17:24 ` |FAILURE| " dpdklab
@ 2025-10-02 17:25 ` dpdklab
  2025-10-02 17:26 ` |PENDING| " dpdklab
                   ` (13 subsequent siblings)
  19 siblings, 0 replies; 20+ messages in thread
From: dpdklab @ 2025-10-02 17:25 UTC (permalink / raw)
  To: Test Report; +Cc: dpdk-test-reports

Test-Label: iol-mellanox-Functional
Test-Status: SUCCESS
http://dpdk.org/patch/157209

_Functional Testing PASS_

Submitter: David Marchand <david.marchand@redhat.com>
Date: Thursday, October 02 2025 16:55:45 
DPDK git baseline: Repo:dpdk
  Branch: master
  CommitID:76393b98bf67f94dc6aa23cf5016c32571899261

157209 --> functional testing pass

Upstream job id: Template-DPDK-DTS-Pipeline#2286

Test environment and result as below:

Ubuntu 24.04
Kernel: 6.8.0-55-generic
Compiler: gcc 13.3.0
NIC: Mellanox ConnectX-5 100000 Mbps

Aggregate Results by Test Suite
+---------------------------------+--------+
|           Test Suite            | Result |
+=================================+========+
| blocklist                       |  PASS  |
+---------------------------------+--------+
| promisc_support                 |  PASS  |
+---------------------------------+--------+
| uni_pkt                         |  PASS  |
+---------------------------------+--------+
| dynamic_config                  |  PASS  |
+---------------------------------+--------+
| hello_world                     |  PASS  |
+---------------------------------+--------+
| l2fwd                           |  PASS  |
+---------------------------------+--------+
| port_restart_config_persistency |  PASS  |
+---------------------------------+--------+
| softnic                         |  PASS  |
+---------------------------------+--------+
| vlan                            |  PASS  |
+---------------------------------+--------+


To view detailed results, visit:
https://lab.dpdk.org/results/dashboard/patchsets/34200/

UNH-IOL DPDK Community Lab

To manage your email subscriptions, visit: 
https://lab.dpdk.org/results/dashboard/preferences/subscriptions/

^ permalink raw reply	[flat|nested] 20+ messages in thread

* |PENDING| pw157209 [PATCH] test/debug: fix crash with mlx5 devices
       [not found] <20251002165546.523435-1-david.marchand@redhat.com>
                   ` (5 preceding siblings ...)
  2025-10-02 17:25 ` |SUCCESS| " dpdklab
@ 2025-10-02 17:26 ` dpdklab
  2025-10-02 17:29 ` |SUCCESS| " dpdklab
                   ` (12 subsequent siblings)
  19 siblings, 0 replies; 20+ messages in thread
From: dpdklab @ 2025-10-02 17:26 UTC (permalink / raw)
  To: Test Report; +Cc: dpdk-test-reports

Test-Label: iol-unit-arm64-testing
Test-Status: PENDING
http://dpdk.org/patch/157209

_Testing pending_

Submitter: David Marchand <david.marchand@redhat.com>
Date: Thursday, October 02 2025 16:55:45 
DPDK git baseline: Repo:dpdk
  Branch: master
  CommitID:76393b98bf67f94dc6aa23cf5016c32571899261

157209 --> testing pending

Upstream job id: Generic-Unit-Test-DPDK#377920

Test environment and result as below:

+------------------------------+------------------------------+---------------------------+----------------+--------------+
|         Environment          | cryptodev_sw_snow3g_autotest | cryptodev_sw_zuc_autotest | dpdk_unit_test | lpm_autotest |
+==============================+==============================+===========================+================+==============+
| Debian 12 (arm)              | PEND                         | PEND                      | SKIPPED        | SKIPPED      |
+------------------------------+------------------------------+---------------------------+----------------+--------------+
| CentOS Stream 10             | SKIPPED                      | SKIPPED                   | PEND           | SKIPPED      |
+------------------------------+------------------------------+---------------------------+----------------+--------------+
| CentOS Stream 9              | SKIPPED                      | SKIPPED                   | PEND           | SKIPPED      |
+------------------------------+------------------------------+---------------------------+----------------+--------------+
| Fedora Linux 40              | SKIPPED                      | SKIPPED                   | PEND           | SKIPPED      |
+------------------------------+------------------------------+---------------------------+----------------+--------------+
| Debian GNU/Linux 12          | SKIPPED                      | SKIPPED                   | PEND           | SKIPPED      |
+------------------------------+------------------------------+---------------------------+----------------+--------------+
| Ubuntu 22.04                 | SKIPPED                      | SKIPPED                   | PEND           | SKIPPED      |
+------------------------------+------------------------------+---------------------------+----------------+--------------+
| Fedora Linux 41              | SKIPPED                      | SKIPPED                   | PEND           | SKIPPED      |
+------------------------------+------------------------------+---------------------------+----------------+--------------+
| Red Hat Enterprise Linux 9.5 | SKIPPED                      | SKIPPED                   | PEND           | SKIPPED      |
+------------------------------+------------------------------+---------------------------+----------------+--------------+
| Fedora Linux 42              | SKIPPED                      | SKIPPED                   | PEND           | SKIPPED      |
+------------------------------+------------------------------+---------------------------+----------------+--------------+
| Ubuntu 20.04                 | SKIPPED                      | SKIPPED                   | PEND           | PASS         |
+------------------------------+------------------------------+---------------------------+----------------+--------------+
| Ubuntu 24.04                 | SKIPPED                      | SKIPPED                   | PEND           | SKIPPED      |
+------------------------------+------------------------------+---------------------------+----------------+--------------+


Debian 12 (arm)
	Kernel: Depends on container host
	Compiler: gcc (Debian 12.2.0-14) 12.2.0

CentOS Stream 10
	Kernel: 5.4
	Compiler: gcc gcc (GCC) 14.2.1 20250110 (Red Hat 14.2.1-8)

CentOS Stream 9
	Kernel: 5.4
	Compiler: gcc gcc (GCC) 11.5.0 20240719 (Red Hat 11.5.0-11)

Fedora Linux 40
	Kernel: 5.4
	Compiler: gcc gcc (GCC) 14.2.1 20240912 (Red Hat 14.2.1-3)

Debian GNU/Linux 12
	Kernel: 5.4
	Compiler: gcc gcc (Debian 12.2.0-14+deb12u1) 12.2.0

Ubuntu 22.04
	Kernel: 5.15
	Compiler: gcc gcc (Ubuntu 11.4.0-1ubuntu1~22.04.2) 11.4.0

Fedora Linux 41
	Kernel: 5.4
	Compiler: clang gcc (GCC) 14.3.1 20250523 (Red Hat 14.3.1-1)

Red Hat Enterprise Linux 9.5
	Kernel: 5.4
	Compiler: gcc gcc (GCC) 11.5.0 20240719 (Red Hat 11.5.0-2)

Fedora Linux 42
	Kernel: 5.4
	Compiler: gcc gcc (GCC) 15.2.1 20250808 (Red Hat 15.2.1-1)

Ubuntu 20.04
	Kernel: 5.4
	Compiler: gcc gcc (Ubuntu 9.4.0-1ubuntu1~20.04.2) 9.4.0

Ubuntu 24.04
	Kernel: 5.4
	Compiler: gcc gcc (Ubuntu 13.3.0-6ubuntu2~24.04) 13.3.0

To view detailed results, visit:
https://lab.dpdk.org/results/dashboard/patchsets/34200/

UNH-IOL DPDK Community Lab

To manage your email subscriptions, visit: 
https://lab.dpdk.org/results/dashboard/preferences/subscriptions/

^ permalink raw reply	[flat|nested] 20+ messages in thread

* |SUCCESS| pw157209 [PATCH] test/debug: fix crash with mlx5 devices
       [not found] <20251002165546.523435-1-david.marchand@redhat.com>
                   ` (6 preceding siblings ...)
  2025-10-02 17:26 ` |PENDING| " dpdklab
@ 2025-10-02 17:29 ` dpdklab
  2025-10-02 17:34 ` dpdklab
                   ` (11 subsequent siblings)
  19 siblings, 0 replies; 20+ messages in thread
From: dpdklab @ 2025-10-02 17:29 UTC (permalink / raw)
  To: Test Report; +Cc: dpdk-test-reports

Test-Label: iol-marvell-Functional
Test-Status: SUCCESS
http://dpdk.org/patch/157209

_Functional Testing PASS_

Submitter: David Marchand <david.marchand@redhat.com>
Date: Thursday, October 02 2025 16:55:45 
DPDK git baseline: Repo:dpdk
  Branch: master
  CommitID:76393b98bf67f94dc6aa23cf5016c32571899261

157209 --> functional testing pass

Upstream job id: Template-DTS-Pipeline#247562

Test environment and result as below:

Ubuntu 20.04.6
Kernel: 5.4.105
Compiler: gcc 9.4
NIC: Marvell CN106XX 50000 Mbps
Target: arm64-native-linuxapp-gcc

Aggregate Results by Test Suite
+----------------+--------+
|   Test Suite   | Result |
+================+========+
| cmdline        |  PASS  |
+----------------+--------+
| rxtx_callbacks |  PASS  |
+----------------+--------+


To view detailed results, visit:
https://lab.dpdk.org/results/dashboard/patchsets/34200/

UNH-IOL DPDK Community Lab

To manage your email subscriptions, visit: 
https://lab.dpdk.org/results/dashboard/preferences/subscriptions/

^ permalink raw reply	[flat|nested] 20+ messages in thread

* |SUCCESS| pw157209 [PATCH] test/debug: fix crash with mlx5 devices
       [not found] <20251002165546.523435-1-david.marchand@redhat.com>
                   ` (7 preceding siblings ...)
  2025-10-02 17:29 ` |SUCCESS| " dpdklab
@ 2025-10-02 17:34 ` dpdklab
  2025-10-02 17:42 ` dpdklab
                   ` (10 subsequent siblings)
  19 siblings, 0 replies; 20+ messages in thread
From: dpdklab @ 2025-10-02 17:34 UTC (permalink / raw)
  To: Test Report; +Cc: dpdk-test-reports

Test-Label: iol-sample-apps-testing
Test-Status: SUCCESS
http://dpdk.org/patch/157209

_Testing PASS_

Submitter: David Marchand <david.marchand@redhat.com>
Date: Thursday, October 02 2025 16:55:45 
DPDK git baseline: Repo:dpdk
  Branch: master
  CommitID:76393b98bf67f94dc6aa23cf5016c32571899261

157209 --> testing pass

Upstream job id: Template-DTS-Pipeline#247564

Test environment and result as below:

+--------------+----------------------+
| Environment  | compressdev_zlib_pmd |
+==============+======================+
| Ubuntu 22.04 | PASS                 |
+--------------+----------------------+


Ubuntu 22.04
	Kernel: 5.15
	Compiler: gcc gcc (Ubuntu 11.4.0-1ubuntu1~22.04.2) 11.4.0

To view detailed results, visit:
https://lab.dpdk.org/results/dashboard/patchsets/34200/

UNH-IOL DPDK Community Lab

To manage your email subscriptions, visit: 
https://lab.dpdk.org/results/dashboard/preferences/subscriptions/

^ permalink raw reply	[flat|nested] 20+ messages in thread

* |SUCCESS| pw157209 [PATCH] test/debug: fix crash with mlx5 devices
       [not found] <20251002165546.523435-1-david.marchand@redhat.com>
                   ` (8 preceding siblings ...)
  2025-10-02 17:34 ` dpdklab
@ 2025-10-02 17:42 ` dpdklab
  2025-10-02 17:46 ` dpdklab
                   ` (9 subsequent siblings)
  19 siblings, 0 replies; 20+ messages in thread
From: dpdklab @ 2025-10-02 17:42 UTC (permalink / raw)
  To: Test Report; +Cc: dpdk-test-reports

Test-Label: iol-intel-Functional
Test-Status: SUCCESS
http://dpdk.org/patch/157209

_Functional Testing PASS_

Submitter: David Marchand <david.marchand@redhat.com>
Date: Thursday, October 02 2025 16:55:45 
DPDK git baseline: Repo:dpdk
  Branch: master
  CommitID:76393b98bf67f94dc6aa23cf5016c32571899261

157209 --> functional testing pass

Upstream job id: Template-DTS-Pipeline#247565

Test environment and result as below:

Ubuntu 24.04 LTS
Kernel: 6.8.0-44-generic
Compiler: gcc 13.2.0
NIC: Intel Corporation Ethernet Controller XL710 for 40GbE QSFP+ 40 Mbps

Aggregate Results by Test Suite
+--------------------+--------+
|     Test Suite     | Result |
+====================+========+
| blocklist          |  PASS  |
+--------------------+--------+
| promisc_support    |  PASS  |
+--------------------+--------+
| uni_pkt            |  PASS  |
+--------------------+--------+
| dynamic_config     |  PASS  |
+--------------------+--------+
| dynamic_queue_conf |  PASS  |
+--------------------+--------+
| hello_world        |  PASS  |
+--------------------+--------+
| l2fwd              |  PASS  |
+--------------------+--------+
| softnic            |  PASS  |
+--------------------+--------+
| vlan               |  PASS  |
+--------------------+--------+


Ubuntu 24.04
Kernel: 6.8
Compiler: gcc gcc (Ubuntu 13.3.0-6ubuntu2~24.04) 13.3.0
NIC: Intel Corporation 4xxx Series QAT 0 Mbps

Aggregate Results by Test Suite
+----------------------------+--------+
|         Test Suite         | Result |
+============================+========+
| crypto_perf_cryptodev_perf |  PASS  |
+----------------------------+--------+


To view detailed results, visit:
https://lab.dpdk.org/results/dashboard/patchsets/34200/

UNH-IOL DPDK Community Lab

To manage your email subscriptions, visit: 
https://lab.dpdk.org/results/dashboard/preferences/subscriptions/

^ permalink raw reply	[flat|nested] 20+ messages in thread

* |SUCCESS| pw157209 [PATCH] test/debug: fix crash with mlx5 devices
       [not found] <20251002165546.523435-1-david.marchand@redhat.com>
                   ` (9 preceding siblings ...)
  2025-10-02 17:42 ` dpdklab
@ 2025-10-02 17:46 ` dpdklab
  2025-10-02 17:53 ` dpdklab
                   ` (8 subsequent siblings)
  19 siblings, 0 replies; 20+ messages in thread
From: dpdklab @ 2025-10-02 17:46 UTC (permalink / raw)
  To: Test Report; +Cc: dpdk-test-reports

Test-Label: iol-intel-Functional
Test-Status: SUCCESS
http://dpdk.org/patch/157209

_Functional Testing PASS_

Submitter: David Marchand <david.marchand@redhat.com>
Date: Thursday, October 02 2025 16:55:45 
DPDK git baseline: Repo:dpdk
  Branch: master
  CommitID:76393b98bf67f94dc6aa23cf5016c32571899261

157209 --> functional testing pass

Upstream job id: Template-DTS-Pipeline#247559

Test environment and result as below:

Ubuntu 24.04 LTS
Kernel: 6.8.0-44-generic
Compiler: gcc 13.2.0
NIC: Intel Corporation Ethernet Controller XL710 for 40GbE QSFP+ 40 Mbps

Aggregate Results by Test Suite
+--------------------+--------+
|     Test Suite     | Result |
+====================+========+
| blocklist          |  PASS  |
+--------------------+--------+
| promisc_support    |  PASS  |
+--------------------+--------+
| uni_pkt            |  PASS  |
+--------------------+--------+
| dynamic_config     |  PASS  |
+--------------------+--------+
| dynamic_queue_conf |  PASS  |
+--------------------+--------+
| hello_world        |  PASS  |
+--------------------+--------+
| l2fwd              |  PASS  |
+--------------------+--------+
| softnic            |  PASS  |
+--------------------+--------+
| vlan               |  PASS  |
+--------------------+--------+


Ubuntu 24.04
Kernel: 6.8
Compiler: gcc gcc (Ubuntu 13.3.0-6ubuntu2~24.04) 13.3.0
NIC: Intel Corporation 4xxx Series QAT 0 Mbps

Aggregate Results by Test Suite
+----------------------------+--------+
|         Test Suite         | Result |
+============================+========+
| crypto_perf_cryptodev_perf |  PASS  |
+----------------------------+--------+


Ubuntu 20.04
Kernel: 5.4
Compiler: gcc gcc (Ubuntu 9.4.0-1ubuntu1~20.04.1) 9.4.0
NIC: Intel Corporation Ethernet Converged Network Adapter XL710-QDA2 40000 Mbps

Aggregate Results by Test Suite
+-----------------------------+--------+
|         Test Suite          | Result |
+=============================+========+
| unit_tests_mbuf             |  PASS  |
+-----------------------------+--------+
| vhost_virtio_user_interrupt |  PASS  |
+-----------------------------+--------+
| virtio_smoke                |  PASS  |
+-----------------------------+--------+


To view detailed results, visit:
https://lab.dpdk.org/results/dashboard/patchsets/34200/

UNH-IOL DPDK Community Lab

To manage your email subscriptions, visit: 
https://lab.dpdk.org/results/dashboard/preferences/subscriptions/

^ permalink raw reply	[flat|nested] 20+ messages in thread

* |SUCCESS| pw157209 [PATCH] test/debug: fix crash with mlx5 devices
       [not found] <20251002165546.523435-1-david.marchand@redhat.com>
                   ` (10 preceding siblings ...)
  2025-10-02 17:46 ` dpdklab
@ 2025-10-02 17:53 ` dpdklab
  2025-10-02 17:57 ` dpdklab
                   ` (7 subsequent siblings)
  19 siblings, 0 replies; 20+ messages in thread
From: dpdklab @ 2025-10-02 17:53 UTC (permalink / raw)
  To: Test Report; +Cc: dpdk-test-reports

Test-Label: iol-broadcom-Performance
Test-Status: SUCCESS
http://dpdk.org/patch/157209

_Performance Testing PASS_

Submitter: David Marchand <david.marchand@redhat.com>
Date: Thursday, October 02 2025 16:55:45 
DPDK git baseline: Repo:dpdk
  Branch: master
  CommitID:76393b98bf67f94dc6aa23cf5016c32571899261

157209 --> performance testing pass

Upstream job id: Template-DTS-Pipeline#247557

Test environment and result as below:

Ubuntu 22.04
Kernel: 5.15
Compiler: gcc gcc (Ubuntu 11.4.0-1ubuntu1~22.04.2) 11.4.0
NIC: Arm Broadcom Inc. brcm_57414 25000 Mbps
Fail/Total: 0/2

Detail performance results: 
+------------+---------+----------+-------------+------------------------------+
| frame_size | txd/rxd | num_cpus | num_threads |  throughput difference from  |
|            |         |          |             |           expected           |
+============+=========+==========+=============+==============================+
| 64         | 512     | 1        | 1           | -0.0%                        |
+------------+---------+----------+-------------+------------------------------+
| 64         | 2048    | 1        | 1           | -0.3%                        |
+------------+---------+----------+-------------+------------------------------+

Ubuntu 22.04
Kernel: 5.15
Compiler: gcc gcc (Ubuntu 11.4.0-1ubuntu1~22.04) 11.4.0
NIC: Broadcom Inc. and subsidiaries BCM57414 NetXtreme-E 10Gb/25Gb RDMA Ethernet Controller 16d7 25 Mbps
Fail/Total: 0/3

Detail performance results: 
+------------+---------+----------+-------------+------------------------------+
| frame_size | txd/rxd | num_cpus | num_threads |  throughput difference from  |
|            |         |          |             |           expected           |
+============+=========+==========+=============+==============================+
| 64         | 128     | 1        | 1           | 0.5%                         |
+------------+---------+----------+-------------+------------------------------+
| 64         | 512     | 1        | 1           | 0.1%                         |
+------------+---------+----------+-------------+------------------------------+
| 64         | 2048    | 1        | 1           | -0.5%                        |
+------------+---------+----------+-------------+------------------------------+

To view detailed results, visit:
https://lab.dpdk.org/results/dashboard/patchsets/34200/

UNH-IOL DPDK Community Lab

To manage your email subscriptions, visit: 
https://lab.dpdk.org/results/dashboard/preferences/subscriptions/

^ permalink raw reply	[flat|nested] 20+ messages in thread

* |SUCCESS| pw157209 [PATCH] test/debug: fix crash with mlx5 devices
       [not found] <20251002165546.523435-1-david.marchand@redhat.com>
                   ` (11 preceding siblings ...)
  2025-10-02 17:53 ` dpdklab
@ 2025-10-02 17:57 ` dpdklab
  2025-10-02 18:06 ` |FAILURE| " dpdklab
                   ` (6 subsequent siblings)
  19 siblings, 0 replies; 20+ messages in thread
From: dpdklab @ 2025-10-02 17:57 UTC (permalink / raw)
  To: Test Report; +Cc: dpdk-test-reports

Test-Label: iol-compile-amd64-testing
Test-Status: SUCCESS
http://dpdk.org/patch/157209

_Testing PASS_

Submitter: David Marchand <david.marchand@redhat.com>
Date: Thursday, October 02 2025 16:55:45 
DPDK git baseline: Repo:dpdk
  Branch: master
  CommitID:76393b98bf67f94dc6aa23cf5016c32571899261

157209 --> testing pass

Upstream job id: Windows-Compile-DPDK-Native#31379

Test environment and result as below:

+---------------------+--------------------+-------------------+-------------------------+
|     Environment     | dpdk_meson_compile | dpdk_msvc_compile | dpdk_llvm_clang_compile |
+=====================+====================+===================+=========================+
| Ubuntu 20.04        | PASS               | SKIPPED           | SKIPPED                 |
+---------------------+--------------------+-------------------+-------------------------+
| FreeBSD 14.2        | PASS               | SKIPPED           | SKIPPED                 |
+---------------------+--------------------+-------------------+-------------------------+
| Windows Server 2022 | SKIPPED            | PASS              | PASS                    |
+---------------------+--------------------+-------------------+-------------------------+


Ubuntu 20.04
	Kernel: 4.19
	Compiler: gcc gcc (Ubuntu 9.4.0-1ubuntu1~20.04.2) 9.4.0

FreeBSD 14.2
	Kernel: 14.2-RELEASE
	Compiler: clang 18.1.6

Windows Server 2022
	Kernel: 10.0.20348.2031
	Compiler: clang 15.0.7, gcc 14.1.0 (MinGW), and MSVC VS 19.39.33521

To view detailed results, visit:
https://lab.dpdk.org/results/dashboard/patchsets/34200/

UNH-IOL DPDK Community Lab

To manage your email subscriptions, visit: 
https://lab.dpdk.org/results/dashboard/preferences/subscriptions/

^ permalink raw reply	[flat|nested] 20+ messages in thread

* |FAILURE| pw157209 [PATCH] test/debug: fix crash with mlx5 devices
       [not found] <20251002165546.523435-1-david.marchand@redhat.com>
                   ` (12 preceding siblings ...)
  2025-10-02 17:57 ` dpdklab
@ 2025-10-02 18:06 ` dpdklab
  2025-10-02 18:09 ` |SUCCESS| " dpdklab
                   ` (5 subsequent siblings)
  19 siblings, 0 replies; 20+ messages in thread
From: dpdklab @ 2025-10-02 18:06 UTC (permalink / raw)
  To: Test Report; +Cc: dpdk-test-reports, David Marchand

Test-Label: iol-unit-amd64-testing
Test-Status: FAILURE
http://dpdk.org/patch/157209

_Testing issues_

Submitter: David Marchand <david.marchand@redhat.com>
Date: Thursday, October 02 2025 16:55:45 
DPDK git baseline: Repo:dpdk
  Branch: master
  CommitID:76393b98bf67f94dc6aa23cf5016c32571899261

157209 --> testing issues

Upstream job id: Generic-VM-Unit-Test-DPDK#31548

Test environment and result as below:

+-------------------------------+----------------+
|          Environment          | dpdk_unit_test |
+===============================+================+
| CentOS Stream 9               | FAIL           |
+-------------------------------+----------------+
| CentOS Stream 10              | FAIL           |
+-------------------------------+----------------+
| Debian GNU/Linux 12           | FAIL           |
+-------------------------------+----------------+
| Fedora Linux 41               | FAIL           |
+-------------------------------+----------------+
| Fedora Linux 40               | FAIL           |
+-------------------------------+----------------+
| Fedora Linux 42               | FAIL           |
+-------------------------------+----------------+
| Windows Server 2022           | PASS           |
+-------------------------------+----------------+
| Ubuntu 20.04                  | FAIL           |
+-------------------------------+----------------+
| Ubuntu 24.04                  | FAIL           |
+-------------------------------+----------------+
| Red Hat Enterprise Linux 8.10 | FAIL           |
+-------------------------------+----------------+
| Ubuntu 22.04                  | FAIL           |
+-------------------------------+----------------+
| Red Hat Enterprise Linux 9.5  | FAIL           |
+-------------------------------+----------------+

==== Unit test summary for Red Hat Enterprise Linux 9.5 (dpdk_unit_test): ====
ninja: Entering directory `/root/workspace/Generic-Unit-Test-DPDK/dpdk/build'
ninja: no work to do.
  1/120 DPDK:fast-tests / acl_autotest                   OK               2.26s
  2/120 DPDK:fast-tests / alarm_autotest                 OK               1.17s
  3/120 DPDK:fast-tests / argparse_autotest              OK               0.16s
  4/120 DPDK:fast-tests / atomic_autotest                OK               0.33s
  5/120 DPDK:fast-tests / bitcount_autotest              OK               0.17s
  6/120 DPDK:fast-tests / bitmap_autotest                OK               0.16s
  7/120 DPDK:fast-tests / bitops_autotest                OK               1.66s
  8/120 DPDK:fast-tests / bitratestats_autotest          OK               0.16s
  9/120 DPDK:fast-tests / bitset_autotest                OK               1.27s
 10/120 DPDK:fast-tests / bpf_autotest                   OK               0.16s
 11/120 DPDK:fast-tests / bpf_convert_autotest           OK               0.17s
 12/120 DPDK:fast-tests / byteorder_autotest             OK               0.16s
 13/120 DPDK:fast-tests / cfgfile_autotest               OK               0.16s
 14/120 DPDK:fast-tests / cksum_autotest                 OK               0.16s
 15/120 DPDK:fast-tests / cmdline_autotest               OK               0.16s
 16/120 DPDK:fast-tests / common_autotest                OK               0.44s
 17/120 DPDK:fast-tests / compressdev_autotest           SKIP             0.14s   exit status 77
 18/120 DPDK:fast-tests / cpuflags_autotest              OK               0.17s
 19/120 DPDK:fast-tests / crc_autotest                   OK               0.16s
 20/120 DPDK:fast-tests / user_delay_us                  OK               0.16s
 21/120 DPDK:fast-tests / debug_autotest                 FAIL             0.57s   (exit status 255 or signal 127 SIGinvalid)
>>> DPDK_TEST=debug_autotest MALLOC_PERTURB_=199 /root/workspace/Generic-Unit-Test-DPDK/dpdk/build/app/dpdk-test --no-huge -m 2048

 22/120 DPDK:fast-tests / devargs_autotest               OK               0.16s
 23/120 DPDK:fast-tests / dispatcher_autotest            SKIP             0.14s   exit status 77
 24/120 DPDK:fast-tests / distributor_autotest           OK               0.84s
 25/120 DPDK:fast-tests / eal_flags_c_opt_autotest       OK               0.71s
 26/120 DPDK:fast-tests / eal_flags_main_opt_autotest    OK               0.27s
 27/120 DPDK:fast-tests / eal_flags_n_opt_autotest       OK               0.45s
 28/120 DPDK:fast-tests / eal_flags_hpet_autotest        OK               0.19s
 29/120 DPDK:fast-tests / eal_flags_no_huge_autotest     OK               0.47s
 30/120 DPDK:fast-tests / eal_flags_a_opt_autotest       OK               0.35s
 31/120 DPDK:fast-tests / eal_flags_b_opt_autotest       OK               0.29s
 32/120 DPDK:fast-tests / eal_flags_vdev_opt_autotest    OK               0.54s
 33/120 DPDK:fast-tests / eal_flags_r_opt_autotest       OK               0.24s
 34/120 DPDK:fast-tests / eal_flags_mem_autotest         OK               0.69s
 35/120 DPDK:fast-tests / eal_flags_file_prefix_autotest OK               2.00s
 36/120 DPDK:fast-tests / eal_flags_misc_autotest        OK               1.92s
 37/120 DPDK:fast-tests / eal_fs_autotest                OK               0.17s
 38/120 DPDK:fast-tests / errno_autotest                 OK               0.16s
 39/120 DPDK:fast-tests / ethdev_link_status             OK               0.16s
 40/120 DPDK:fast-tests / event_eth_tx_adapter_autotest  OK               0.44s
 41/120 DPDK:fast-tests / event_ring_autotest            OK               0.17s
 42/120 DPDK:fast-tests / eventdev_common_autotest       OK               0.16s
 43/120 DPDK:fast-tests / eventdev_selftest_sw           OK               0.19s
 44/120 DPDK:fast-tests / fbarray_autotest               OK               0.16s
 45/120 DPDK:fast-tests / fib_autotest                   OK               0.65s
 46/120 DPDK:fast-tests / fib6_autotest                  OK               0.54s
 47/120 DPDK:fast-tests / func_reentrancy_autotest       OK               0.53s
 48/120 DPDK:fast-tests / graph_autotest                 OK               0.17s
 49/120 DPDK:fast-tests / node_list_dump                 OK               0.16s
 50/120 DPDK:fast-tests / graph_feature_arc_autotest     OK               0.16s
 51/120 DPDK:fast-tests / hash_autotest                  OK               0.26s
 52/120 DPDK:fast-tests / hash_readwrite_func_autotest   SKIP             0.14s   exit status 77
 53/120 DPDK:fast-tests / interrupt_autotest             OK               1.18s
 54/120 DPDK:fast-tests / ipfrag_autotest                OK               0.14s
 55/120 DPDK:fast-tests / ipsec_autotest                 SKIP             0.17s   exit status 77
 56/120 DPDK:fast-tests / kvargs_autotest                OK               0.16s
 57/120 DPDK:fast-tests / latencystats_autotest          OK               0.16s
 58/120 DPDK:fast-tests / lcore_var_autotest             OK               0.29s
 59/120 DPDK:fast-tests / lcores_autotest                OK               0.75s
 60/120 DPDK:fast-tests / logs_autotest                  OK               0.16s
 61/120 DPDK:fast-tests / lpm_autotest                   OK               1.41s
 62/120 DPDK:fast-tests / lpm6_autotest                  OK               2.34s
 63/120 DPDK:fast-tests / malloc_autotest                OK               0.35s
 64/120 DPDK:fast-tests / mbuf_autotest                  OK               0.17s
 65/120 DPDK:fast-tests / mcslock_autotest               OK               0.41s
 66/120 DPDK:fast-tests / member_autotest                OK               0.71s
 67/120 DPDK:fast-tests / memcpy_autotest                OK               1.71s
 68/120 DPDK:fast-tests / memory_autotest                OK               0.14s
 69/120 DPDK:fast-tests / mempool_autotest               OK               0.42s
 70/120 DPDK:fast-tests / memzone_autotest               OK               0.14s
 71/120 DPDK:fast-tests / meter_autotest                 OK               0.17s
 72/120 DPDK:fast-tests / metrics_autotest               OK               0.16s
 73/120 DPDK:fast-tests / multiprocess_autotest          OK               0.26s
 74/120 DPDK:fast-tests / net_ether_autotest             OK               0.48s
 75/120 DPDK:fast-tests / net_ipv6_autotest              OK               0.16s
 76/120 DPDK:fast-tests / pcapng_autotest                OK               6.37s
 77/120 DPDK:fast-tests / pdcp_autotest                  SKIP             0.14s   exit status 77
 78/120 DPDK:fast-tests / pdump_autotest                 OK               0.29s
 79/120 DPDK:fast-tests / per_lcore_autotest             OK               0.26s
 80/120 DPDK:fast-tests / pflock_autotest                OK               0.27s
 81/120 DPDK:fast-tests / pie_autotest                   OK               0.17s
 82/120 DPDK:fast-tests / ring_pmd_autotest              OK               0.17s
 83/120 DPDK:fast-tests / power_autotest                 OK               0.16s
 84/120 DPDK:fast-tests / power_cpufreq_autotest         SKIP             0.14s   exit status 77
 85/120 DPDK:fast-tests / power_intel_uncore_autotest    SKIP             0.17s   exit status 77
 86/120 DPDK:fast-tests / power_kvm_vm_autotest          SKIP             0.14s   exit status 77
 87/120 DPDK:fast-tests / prefetch_autotest              OK               0.17s
 88/120 DPDK:fast-tests / ptr_compress_autotest          OK               0.16s
 89/120 DPDK:fast-tests / rawdev_autotest                OK               0.16s
 90/120 DPDK:fast-tests / rcu_qsbr_autotest              OK               0.26s
 91/120 DPDK:fast-tests / reorder_autotest               OK               0.26s
 92/120 DPDK:fast-tests / rib_autotest                   OK               3.09s
 93/120 DPDK:fast-tests / rib6_autotest                  OK               3.08s
 94/120 DPDK:fast-tests / ring_autotest                  OK               0.17s
 95/120 DPDK:fast-tests / rwlock_test1_autotest          OK               0.27s
 96/120 DPDK:fast-tests / rwlock_rda_autotest            OK               5.17s
 97/120 DPDK:fast-tests / rwlock_rds_wrm_autotest        OK               5.16s
 98/120 DPDK:fast-tests / rwlock_rde_wro_autotest        OK               5.17s
 99/120 DPDK:fast-tests / sched_autotest                 OK               0.17s
100/120 DPDK:fast-tests / security_autotest              OK               0.14s
101/120 DPDK:fast-tests / seqlock_autotest               SKIP             0.17s   exit status 77
102/120 DPDK:fast-tests / service_autotest               OK               0.27s
103/120 DPDK:fast-tests / soring_autotest                OK               0.17s
104/120 DPDK:fast-tests / spinlock_autotest              OK               0.17s
105/120 DPDK:fast-tests / stack_autotest                 OK               0.18s
106/120 DPDK:fast-tests / stack_lf_autotest              OK               0.24s
107/120 DPDK:fast-tests / string_autotest                OK               0.17s
108/120 DPDK:fast-tests / table_autotest                 OK               4.33s
109/120 DPDK:fast-tests / tailq_autotest                 OK               0.17s
110/120 DPDK:fast-tests / telemetry_data_autotest        OK               0.16s
111/120 DPDK:fast-tests / telemetry_json_autotest        OK               0.16s
112/120 DPDK:fast-tests / thash_autotest                 OK               0.17s
113/120 DPDK:fast-tests / threads_autotest               OK               0.32s
114/120 DPDK:fast-tests / ticketlock_autotest            OK               0.18s
115/120 DPDK:fast-tests / timer_autotest                 OK               2.49s
116/120 DPDK:fast-tests / trace_autotest                 OK               0.17s
117/120 DPDK:fast-tests / trace_autotest_with_traces     OK               0.17s
118/120 DPDK:fast-tests / vdev_autotest                  OK               0.16s
119/120 DPDK:fast-tests / version_autotest               OK               0.16s
120/120 DPDK:fast-tests / telemetry_all                  SKIP             0.01s   exit status 77


Ok:                 109 
Expected Fail:      0   
Fail:               1   
Unexpected Pass:    0   
Skipped:            10  
Timeout:            0   

Full log written to /root/workspace/Generic-Unit-Test-DPDK/dpdk/build/meson-logs/testlog.txt



Test log output from the failed test debug_autotest:

Sorry, we were not able to find the logs for this test.
Download the log output from the CI site for this test run.
==== End log output ====

CentOS Stream 9
	Kernel: 5.15
	Compiler: gcc gcc (GCC) 11.5.0 20240719 (Red Hat 11.5.0-11)

CentOS Stream 10
	Kernel: 5.15
	Compiler: gcc gcc (GCC) 14.2.1 20250110 (Red Hat 14.2.1-8)

Debian GNU/Linux 12
	Kernel: 5.15
	Compiler: gcc gcc (Debian 12.2.0-14+deb12u1) 12.2.0

Fedora Linux 41
	Kernel: 5.15
	Compiler: gcc gcc (GCC) 14.3.1 20250523 (Red Hat 14.3.1-1)

Fedora Linux 40
	Kernel: 5.15
	Compiler: gcc gcc (GCC) 14.2.1 20240912 (Red Hat 14.2.1-3)

Fedora Linux 42
	Kernel: 5.15
	Compiler: gcc gcc (GCC) 15.2.1 20250808 (Red Hat 15.2.1-1)

Windows Server 2022
	Kernel: 10.0.20348.2031
	Compiler: clang 15.0.7, gcc 14.1.0 (MinGW), and MSVC VS 19.39.33521

Ubuntu 20.04
	Kernel: 5.15
	Compiler: gcc gcc (Ubuntu 9.4.0-1ubuntu1~20.04.2) 9.4.0

Ubuntu 24.04
	Kernel: 5.15
	Compiler: gcc gcc (Ubuntu 13.3.0-6ubuntu2~24.04) 13.3.0

Red Hat Enterprise Linux 8.10
	Kernel: 5.15
	Compiler: gcc gcc (GCC) 8.5.0 20210514 (Red Hat 8.5.0-22)

Ubuntu 22.04
	Kernel: 5.15
	Compiler: gcc gcc (Ubuntu 11.4.0-1ubuntu1~22.04) 11.4.0

Red Hat Enterprise Linux 9.5
	Kernel: 5.15
	Compiler: gcc gcc (GCC) 11.5.0 20240719 (Red Hat 11.5.0-2)

To view detailed results, visit:
https://lab.dpdk.org/results/dashboard/patchsets/34200/

UNH-IOL DPDK Community Lab

To manage your email subscriptions, visit: 
https://lab.dpdk.org/results/dashboard/preferences/subscriptions/

^ permalink raw reply	[flat|nested] 20+ messages in thread

* |SUCCESS| pw157209 [PATCH] test/debug: fix crash with mlx5 devices
       [not found] <20251002165546.523435-1-david.marchand@redhat.com>
                   ` (13 preceding siblings ...)
  2025-10-02 18:06 ` |FAILURE| " dpdklab
@ 2025-10-02 18:09 ` dpdklab
  2025-10-02 18:13 ` dpdklab
                   ` (4 subsequent siblings)
  19 siblings, 0 replies; 20+ messages in thread
From: dpdklab @ 2025-10-02 18:09 UTC (permalink / raw)
  To: Test Report; +Cc: dpdk-test-reports

Test-Label: iol-compile-amd64-testing
Test-Status: SUCCESS
http://dpdk.org/patch/157209

_Testing PASS_

Submitter: David Marchand <david.marchand@redhat.com>
Date: Thursday, October 02 2025 16:55:45 
DPDK git baseline: Repo:dpdk
  Branch: master
  CommitID:76393b98bf67f94dc6aa23cf5016c32571899261

157209 --> testing pass

Upstream job id: Windows-Compile-DPDK-Native#31380

Test environment and result as below:

+---------------------+--------------------+-------------------+-------------------------+----------------------+
|     Environment     | dpdk_meson_compile | dpdk_msvc_compile | dpdk_llvm_clang_compile | dpdk_mingw64_compile |
+=====================+====================+===================+=========================+======================+
| Ubuntu 20.04        | PASS               | SKIPPED           | SKIPPED                 | SKIPPED              |
+---------------------+--------------------+-------------------+-------------------------+----------------------+
| FreeBSD 14.2        | PASS               | SKIPPED           | SKIPPED                 | SKIPPED              |
+---------------------+--------------------+-------------------+-------------------------+----------------------+
| Windows Server 2022 | SKIPPED            | PASS              | PASS                    | PASS                 |
+---------------------+--------------------+-------------------+-------------------------+----------------------+


Ubuntu 20.04
	Kernel: 4.19
	Compiler: gcc gcc (Ubuntu 9.4.0-1ubuntu1~20.04.2) 9.4.0

FreeBSD 14.2
	Kernel: 14.2-RELEASE
	Compiler: clang 18.1.6

Windows Server 2022
	Kernel: 10.0.20348.2031
	Compiler: clang 15.0.7, gcc 14.1.0 (MinGW), and MSVC VS 19.39.33521

To view detailed results, visit:
https://lab.dpdk.org/results/dashboard/patchsets/34200/

UNH-IOL DPDK Community Lab

To manage your email subscriptions, visit: 
https://lab.dpdk.org/results/dashboard/preferences/subscriptions/

^ permalink raw reply	[flat|nested] 20+ messages in thread

* |SUCCESS| pw157209 [PATCH] test/debug: fix crash with mlx5 devices
       [not found] <20251002165546.523435-1-david.marchand@redhat.com>
                   ` (14 preceding siblings ...)
  2025-10-02 18:09 ` |SUCCESS| " dpdklab
@ 2025-10-02 18:13 ` dpdklab
  2025-10-02 18:14 ` dpdklab
                   ` (3 subsequent siblings)
  19 siblings, 0 replies; 20+ messages in thread
From: dpdklab @ 2025-10-02 18:13 UTC (permalink / raw)
  To: Test Report; +Cc: dpdk-test-reports

Test-Label: iol-intel-Functional
Test-Status: SUCCESS
http://dpdk.org/patch/157209

_Functional Testing PASS_

Submitter: David Marchand <david.marchand@redhat.com>
Date: Thursday, October 02 2025 16:55:45 
DPDK git baseline: Repo:dpdk
  Branch: master
  CommitID:76393b98bf67f94dc6aa23cf5016c32571899261

157209 --> functional testing pass

Upstream job id: Template-DTS-Pipeline#247561

Test environment and result as below:

Ubuntu 24.04 LTS
Kernel: 6.8.0-44-generic
Compiler: gcc 13.2.0
NIC: Intel Corporation Ethernet Controller XL710 for 40GbE QSFP+ 40 Mbps

Aggregate Results by Test Suite
+--------------------+--------+
|     Test Suite     | Result |
+====================+========+
| blocklist          |  PASS  |
+--------------------+--------+
| promisc_support    |  PASS  |
+--------------------+--------+
| uni_pkt            |  PASS  |
+--------------------+--------+
| dynamic_config     |  PASS  |
+--------------------+--------+
| dynamic_queue_conf |  PASS  |
+--------------------+--------+
| hello_world        |  PASS  |
+--------------------+--------+
| l2fwd              |  PASS  |
+--------------------+--------+
| softnic            |  PASS  |
+--------------------+--------+
| vlan               |  PASS  |
+--------------------+--------+


Ubuntu 24.04
Kernel: 6.8
Compiler: gcc gcc (Ubuntu 13.3.0-6ubuntu2~24.04) 13.3.0
NIC: Intel Corporation 4xxx Series QAT 0 Mbps

Aggregate Results by Test Suite
+----------------------------+--------+
|         Test Suite         | Result |
+============================+========+
| crypto_perf_cryptodev_perf |  PASS  |
+----------------------------+--------+


Ubuntu 22.04
Kernel: 5.15
Compiler: gcc gcc (Ubuntu 11.4.0-1ubuntu1~22.04.2) 11.4.0
NIC: Intel Corporation QAT 8970 0 Mbps

Aggregate Results by Test Suite
+----------------------------+--------+
|         Test Suite         | Result |
+============================+========+
| crypto_perf_cryptodev_perf |  PASS  |
+----------------------------+--------+


Ubuntu 20.04
Kernel: 5.4
Compiler: gcc gcc (Ubuntu 9.4.0-1ubuntu1~20.04.1) 9.4.0
NIC: Intel Corporation Ethernet Converged Network Adapter XL710-QDA2 40000 Mbps

Aggregate Results by Test Suite
+-----------------------------+--------+
|         Test Suite          | Result |
+=============================+========+
| unit_tests_mbuf             |  PASS  |
+-----------------------------+--------+
| vhost_virtio_user_interrupt |  PASS  |
+-----------------------------+--------+
| virtio_smoke                |  PASS  |
+-----------------------------+--------+


To view detailed results, visit:
https://lab.dpdk.org/results/dashboard/patchsets/34200/

UNH-IOL DPDK Community Lab

To manage your email subscriptions, visit: 
https://lab.dpdk.org/results/dashboard/preferences/subscriptions/

^ permalink raw reply	[flat|nested] 20+ messages in thread

* |SUCCESS| pw157209 [PATCH] test/debug: fix crash with mlx5 devices
       [not found] <20251002165546.523435-1-david.marchand@redhat.com>
                   ` (15 preceding siblings ...)
  2025-10-02 18:13 ` dpdklab
@ 2025-10-02 18:14 ` dpdklab
  2025-10-02 18:20 ` |FAILURE| " 0-day Robot
                   ` (2 subsequent siblings)
  19 siblings, 0 replies; 20+ messages in thread
From: dpdklab @ 2025-10-02 18:14 UTC (permalink / raw)
  To: Test Report; +Cc: dpdk-test-reports

Test-Label: iol-sample-apps-testing
Test-Status: SUCCESS
http://dpdk.org/patch/157209

_Testing PASS_

Submitter: David Marchand <david.marchand@redhat.com>
Date: Thursday, October 02 2025 16:55:45 
DPDK git baseline: Repo:dpdk
  Branch: master
  CommitID:76393b98bf67f94dc6aa23cf5016c32571899261

157209 --> testing pass

Upstream job id: Template-DTS-Pipeline#247563

Test environment and result as below:

+--------------+----------------------+
| Environment  | compressdev_zlib_pmd |
+==============+======================+
| Ubuntu 22.04 | PASS                 |
+--------------+----------------------+


Ubuntu 22.04
	Kernel: 5.15
	Compiler: gcc gcc (Ubuntu 11.4.0-1ubuntu1~22.04.2) 11.4.0

To view detailed results, visit:
https://lab.dpdk.org/results/dashboard/patchsets/34200/

UNH-IOL DPDK Community Lab

To manage your email subscriptions, visit: 
https://lab.dpdk.org/results/dashboard/preferences/subscriptions/

^ permalink raw reply	[flat|nested] 20+ messages in thread

* |FAILURE| pw157209 [PATCH] test/debug: fix crash with mlx5 devices
       [not found] <20251002165546.523435-1-david.marchand@redhat.com>
                   ` (16 preceding siblings ...)
  2025-10-02 18:14 ` dpdklab
@ 2025-10-02 18:20 ` 0-day Robot
  2025-10-02 18:23 ` dpdklab
  2025-10-02 19:27 ` |SUCCESS| " dpdklab
  19 siblings, 0 replies; 20+ messages in thread
From: 0-day Robot @ 2025-10-02 18:20 UTC (permalink / raw)
  To: test-report; +Cc: david.marchand, robot

From: robot@bytheb.org

Test-Label: github-robot: build
Test-Status: FAILURE
http://patchwork.dpdk.org/patch/157209/

_github build: failed_
Build URL: https://github.com/ovsrobot/dpdk/actions/runs/18200486615

^ permalink raw reply	[flat|nested] 20+ messages in thread

* |FAILURE| pw157209 [PATCH] test/debug: fix crash with mlx5 devices
       [not found] <20251002165546.523435-1-david.marchand@redhat.com>
                   ` (17 preceding siblings ...)
  2025-10-02 18:20 ` |FAILURE| " 0-day Robot
@ 2025-10-02 18:23 ` dpdklab
  2025-10-02 19:27 ` |SUCCESS| " dpdklab
  19 siblings, 0 replies; 20+ messages in thread
From: dpdklab @ 2025-10-02 18:23 UTC (permalink / raw)
  To: Test Report; +Cc: dpdk-test-reports, David Marchand

Test-Label: iol-unit-amd64-testing
Test-Status: FAILURE
http://dpdk.org/patch/157209

_Testing issues_

Submitter: David Marchand <david.marchand@redhat.com>
Date: Thursday, October 02 2025 16:55:45 
DPDK git baseline: Repo:dpdk
  Branch: master
  CommitID:76393b98bf67f94dc6aa23cf5016c32571899261

157209 --> testing issues

Upstream job id: Generic-VM-Unit-Test-DPDK#31549

Test environment and result as below:

+-------------------------------+----------------+
|          Environment          | dpdk_unit_test |
+===============================+================+
| CentOS Stream 9               | FAIL           |
+-------------------------------+----------------+
| CentOS Stream 10              | FAIL           |
+-------------------------------+----------------+
| Debian GNU/Linux 12           | FAIL           |
+-------------------------------+----------------+
| Fedora Linux 41               | FAIL           |
+-------------------------------+----------------+
| Fedora Linux 40               | FAIL           |
+-------------------------------+----------------+
| Fedora Linux 42               | FAIL           |
+-------------------------------+----------------+
| Windows Server 2022           | PASS           |
+-------------------------------+----------------+
| Ubuntu 20.04                  | PASS           |
+-------------------------------+----------------+
| Ubuntu 24.04                  | FAIL           |
+-------------------------------+----------------+
| Red Hat Enterprise Linux 8.10 | FAIL           |
+-------------------------------+----------------+
| Ubuntu 22.04                  | FAIL           |
+-------------------------------+----------------+
| Red Hat Enterprise Linux 9.5  | FAIL           |
+-------------------------------+----------------+

==== Unit test summary for Red Hat Enterprise Linux 9.5 (dpdk_unit_test): ====
ninja: Entering directory `/root/workspace/Generic-Unit-Test-DPDK/dpdk/build'
ninja: no work to do.
  1/120 DPDK:fast-tests / acl_autotest                   OK               2.26s
  2/120 DPDK:fast-tests / alarm_autotest                 OK               1.17s
  3/120 DPDK:fast-tests / argparse_autotest              OK               0.16s
  4/120 DPDK:fast-tests / atomic_autotest                OK               0.33s
  5/120 DPDK:fast-tests / bitcount_autotest              OK               0.17s
  6/120 DPDK:fast-tests / bitmap_autotest                OK               0.16s
  7/120 DPDK:fast-tests / bitops_autotest                OK               1.66s
  8/120 DPDK:fast-tests / bitratestats_autotest          OK               0.16s
  9/120 DPDK:fast-tests / bitset_autotest                OK               1.27s
 10/120 DPDK:fast-tests / bpf_autotest                   OK               0.16s
 11/120 DPDK:fast-tests / bpf_convert_autotest           OK               0.17s
 12/120 DPDK:fast-tests / byteorder_autotest             OK               0.16s
 13/120 DPDK:fast-tests / cfgfile_autotest               OK               0.16s
 14/120 DPDK:fast-tests / cksum_autotest                 OK               0.16s
 15/120 DPDK:fast-tests / cmdline_autotest               OK               0.16s
 16/120 DPDK:fast-tests / common_autotest                OK               0.44s
 17/120 DPDK:fast-tests / compressdev_autotest           SKIP             0.14s   exit status 77
 18/120 DPDK:fast-tests / cpuflags_autotest              OK               0.17s
 19/120 DPDK:fast-tests / crc_autotest                   OK               0.16s
 20/120 DPDK:fast-tests / user_delay_us                  OK               0.16s
 21/120 DPDK:fast-tests / debug_autotest                 FAIL             0.57s   (exit status 255 or signal 127 SIGinvalid)
>>> DPDK_TEST=debug_autotest MALLOC_PERTURB_=199 /root/workspace/Generic-Unit-Test-DPDK/dpdk/build/app/dpdk-test --no-huge -m 2048

 22/120 DPDK:fast-tests / devargs_autotest               OK               0.16s
 23/120 DPDK:fast-tests / dispatcher_autotest            SKIP             0.14s   exit status 77
 24/120 DPDK:fast-tests / distributor_autotest           OK               0.84s
 25/120 DPDK:fast-tests / eal_flags_c_opt_autotest       OK               0.71s
 26/120 DPDK:fast-tests / eal_flags_main_opt_autotest    OK               0.27s
 27/120 DPDK:fast-tests / eal_flags_n_opt_autotest       OK               0.45s
 28/120 DPDK:fast-tests / eal_flags_hpet_autotest        OK               0.19s
 29/120 DPDK:fast-tests / eal_flags_no_huge_autotest     OK               0.47s
 30/120 DPDK:fast-tests / eal_flags_a_opt_autotest       OK               0.35s
 31/120 DPDK:fast-tests / eal_flags_b_opt_autotest       OK               0.29s
 32/120 DPDK:fast-tests / eal_flags_vdev_opt_autotest    OK               0.54s
 33/120 DPDK:fast-tests / eal_flags_r_opt_autotest       OK               0.24s
 34/120 DPDK:fast-tests / eal_flags_mem_autotest         OK               0.69s
 35/120 DPDK:fast-tests / eal_flags_file_prefix_autotest OK               2.00s
 36/120 DPDK:fast-tests / eal_flags_misc_autotest        OK               1.92s
 37/120 DPDK:fast-tests / eal_fs_autotest                OK               0.17s
 38/120 DPDK:fast-tests / errno_autotest                 OK               0.16s
 39/120 DPDK:fast-tests / ethdev_link_status             OK               0.16s
 40/120 DPDK:fast-tests / event_eth_tx_adapter_autotest  OK               0.44s
 41/120 DPDK:fast-tests / event_ring_autotest            OK               0.17s
 42/120 DPDK:fast-tests / eventdev_common_autotest       OK               0.16s
 43/120 DPDK:fast-tests / eventdev_selftest_sw           OK               0.19s
 44/120 DPDK:fast-tests / fbarray_autotest               OK               0.16s
 45/120 DPDK:fast-tests / fib_autotest                   OK               0.65s
 46/120 DPDK:fast-tests / fib6_autotest                  OK               0.54s
 47/120 DPDK:fast-tests / func_reentrancy_autotest       OK               0.53s
 48/120 DPDK:fast-tests / graph_autotest                 OK               0.17s
 49/120 DPDK:fast-tests / node_list_dump                 OK               0.16s
 50/120 DPDK:fast-tests / graph_feature_arc_autotest     OK               0.16s
 51/120 DPDK:fast-tests / hash_autotest                  OK               0.26s
 52/120 DPDK:fast-tests / hash_readwrite_func_autotest   SKIP             0.14s   exit status 77
 53/120 DPDK:fast-tests / interrupt_autotest             OK               1.18s
 54/120 DPDK:fast-tests / ipfrag_autotest                OK               0.14s
 55/120 DPDK:fast-tests / ipsec_autotest                 SKIP             0.17s   exit status 77
 56/120 DPDK:fast-tests / kvargs_autotest                OK               0.16s
 57/120 DPDK:fast-tests / latencystats_autotest          OK               0.16s
 58/120 DPDK:fast-tests / lcore_var_autotest             OK               0.29s
 59/120 DPDK:fast-tests / lcores_autotest                OK               0.75s
 60/120 DPDK:fast-tests / logs_autotest                  OK               0.16s
 61/120 DPDK:fast-tests / lpm_autotest                   OK               1.41s
 62/120 DPDK:fast-tests / lpm6_autotest                  OK               2.34s
 63/120 DPDK:fast-tests / malloc_autotest                OK               0.35s
 64/120 DPDK:fast-tests / mbuf_autotest                  OK               0.17s
 65/120 DPDK:fast-tests / mcslock_autotest               OK               0.41s
 66/120 DPDK:fast-tests / member_autotest                OK               0.71s
 67/120 DPDK:fast-tests / memcpy_autotest                OK               1.71s
 68/120 DPDK:fast-tests / memory_autotest                OK               0.14s
 69/120 DPDK:fast-tests / mempool_autotest               OK               0.42s
 70/120 DPDK:fast-tests / memzone_autotest               OK               0.14s
 71/120 DPDK:fast-tests / meter_autotest                 OK               0.17s
 72/120 DPDK:fast-tests / metrics_autotest               OK               0.16s
 73/120 DPDK:fast-tests / multiprocess_autotest          OK               0.26s
 74/120 DPDK:fast-tests / net_ether_autotest             OK               0.48s
 75/120 DPDK:fast-tests / net_ipv6_autotest              OK               0.16s
 76/120 DPDK:fast-tests / pcapng_autotest                OK               6.37s
 77/120 DPDK:fast-tests / pdcp_autotest                  SKIP             0.14s   exit status 77
 78/120 DPDK:fast-tests / pdump_autotest                 OK               0.29s
 79/120 DPDK:fast-tests / per_lcore_autotest             OK               0.26s
 80/120 DPDK:fast-tests / pflock_autotest                OK               0.27s
 81/120 DPDK:fast-tests / pie_autotest                   OK               0.17s
 82/120 DPDK:fast-tests / ring_pmd_autotest              OK               0.17s
 83/120 DPDK:fast-tests / power_autotest                 OK               0.16s
 84/120 DPDK:fast-tests / power_cpufreq_autotest         SKIP             0.14s   exit status 77
 85/120 DPDK:fast-tests / power_intel_uncore_autotest    SKIP             0.17s   exit status 77
 86/120 DPDK:fast-tests / power_kvm_vm_autotest          SKIP             0.14s   exit status 77
 87/120 DPDK:fast-tests / prefetch_autotest              OK               0.17s
 88/120 DPDK:fast-tests / ptr_compress_autotest          OK               0.16s
 89/120 DPDK:fast-tests / rawdev_autotest                OK               0.16s
 90/120 DPDK:fast-tests / rcu_qsbr_autotest              OK               0.26s
 91/120 DPDK:fast-tests / reorder_autotest               OK               0.26s
 92/120 DPDK:fast-tests / rib_autotest                   OK               3.09s
 93/120 DPDK:fast-tests / rib6_autotest                  OK               3.08s
 94/120 DPDK:fast-tests / ring_autotest                  OK               0.17s
 95/120 DPDK:fast-tests / rwlock_test1_autotest          OK               0.27s
 96/120 DPDK:fast-tests / rwlock_rda_autotest            OK               5.17s
 97/120 DPDK:fast-tests / rwlock_rds_wrm_autotest        OK               5.16s
 98/120 DPDK:fast-tests / rwlock_rde_wro_autotest        OK               5.17s
 99/120 DPDK:fast-tests / sched_autotest                 OK               0.17s
100/120 DPDK:fast-tests / security_autotest              OK               0.14s
101/120 DPDK:fast-tests / seqlock_autotest               SKIP             0.17s   exit status 77
102/120 DPDK:fast-tests / service_autotest               OK               0.27s
103/120 DPDK:fast-tests / soring_autotest                OK               0.17s
104/120 DPDK:fast-tests / spinlock_autotest              OK               0.17s
105/120 DPDK:fast-tests / stack_autotest                 OK               0.18s
106/120 DPDK:fast-tests / stack_lf_autotest              OK               0.24s
107/120 DPDK:fast-tests / string_autotest                OK               0.17s
108/120 DPDK:fast-tests / table_autotest                 OK               4.33s
109/120 DPDK:fast-tests / tailq_autotest                 OK               0.17s
110/120 DPDK:fast-tests / telemetry_data_autotest        OK               0.16s
111/120 DPDK:fast-tests / telemetry_json_autotest        OK               0.16s
112/120 DPDK:fast-tests / thash_autotest                 OK               0.17s
113/120 DPDK:fast-tests / threads_autotest               OK               0.32s
114/120 DPDK:fast-tests / ticketlock_autotest            OK               0.18s
115/120 DPDK:fast-tests / timer_autotest                 OK               2.49s
116/120 DPDK:fast-tests / trace_autotest                 OK               0.17s
117/120 DPDK:fast-tests / trace_autotest_with_traces     OK               0.17s
118/120 DPDK:fast-tests / vdev_autotest                  OK               0.16s
119/120 DPDK:fast-tests / version_autotest               OK               0.16s
120/120 DPDK:fast-tests / telemetry_all                  SKIP             0.01s   exit status 77


Ok:                 109 
Expected Fail:      0   
Fail:               1   
Unexpected Pass:    0   
Skipped:            10  
Timeout:            0   

Full log written to /root/workspace/Generic-Unit-Test-DPDK/dpdk/build/meson-logs/testlog.txt



Test log output from the failed test debug_autotest:

Sorry, we were not able to find the logs for this test.
Download the log output from the CI site for this test run.
==== End log output ====

CentOS Stream 9
	Kernel: 5.15
	Compiler: gcc gcc (GCC) 11.5.0 20240719 (Red Hat 11.5.0-11)

CentOS Stream 10
	Kernel: 5.15
	Compiler: gcc gcc (GCC) 14.2.1 20250110 (Red Hat 14.2.1-8)

Debian GNU/Linux 12
	Kernel: 5.15
	Compiler: gcc gcc (Debian 12.2.0-14+deb12u1) 12.2.0

Fedora Linux 41
	Kernel: 5.15
	Compiler: gcc gcc (GCC) 14.3.1 20250523 (Red Hat 14.3.1-1)

Fedora Linux 40
	Kernel: 5.15
	Compiler: gcc gcc (GCC) 14.2.1 20240912 (Red Hat 14.2.1-3)

Fedora Linux 42
	Kernel: 5.15
	Compiler: gcc gcc (GCC) 15.2.1 20250808 (Red Hat 15.2.1-1)

Windows Server 2022
	Kernel: 10.0.20348.2031
	Compiler: clang 15.0.7, gcc 14.1.0 (MinGW), and MSVC VS 19.39.33521

Ubuntu 20.04
	Kernel: 5.15
	Compiler: gcc gcc (Ubuntu 9.4.0-1ubuntu1~20.04.2) 9.4.0

Ubuntu 24.04
	Kernel: 5.15
	Compiler: gcc gcc (Ubuntu 13.3.0-6ubuntu2~24.04) 13.3.0

Red Hat Enterprise Linux 8.10
	Kernel: 5.15
	Compiler: gcc gcc (GCC) 8.5.0 20210514 (Red Hat 8.5.0-22)

Ubuntu 22.04
	Kernel: 5.15
	Compiler: gcc gcc (Ubuntu 11.4.0-1ubuntu1~22.04) 11.4.0

Red Hat Enterprise Linux 9.5
	Kernel: 5.15
	Compiler: gcc gcc (GCC) 11.5.0 20240719 (Red Hat 11.5.0-2)

To view detailed results, visit:
https://lab.dpdk.org/results/dashboard/patchsets/34200/

UNH-IOL DPDK Community Lab

To manage your email subscriptions, visit: 
https://lab.dpdk.org/results/dashboard/preferences/subscriptions/

^ permalink raw reply	[flat|nested] 20+ messages in thread

* |SUCCESS| pw157209 [PATCH] test/debug: fix crash with mlx5 devices
       [not found] <20251002165546.523435-1-david.marchand@redhat.com>
                   ` (18 preceding siblings ...)
  2025-10-02 18:23 ` dpdklab
@ 2025-10-02 19:27 ` dpdklab
  19 siblings, 0 replies; 20+ messages in thread
From: dpdklab @ 2025-10-02 19:27 UTC (permalink / raw)
  To: Test Report; +Cc: dpdk-test-reports

Test-Label: iol-sample-apps-testing
Test-Status: SUCCESS
http://dpdk.org/patch/157209

_Testing PASS_

Submitter: David Marchand <david.marchand@redhat.com>
Date: Thursday, October 02 2025 16:55:45 
DPDK git baseline: Repo:dpdk
  Branch: master
  CommitID:76393b98bf67f94dc6aa23cf5016c32571899261

157209 --> testing pass

Upstream job id: ACVP-FIPS-testing#11303

Test environment and result as below:

+--------------+----------------------+----------------------+
| Environment  | compressdev_zlib_pmd | dpdk_fips_validation |
+==============+======================+======================+
| Ubuntu 22.04 | PASS                 | SKIPPED              |
+--------------+----------------------+----------------------+
| Ubuntu 20.04 | SKIPPED              | PASS                 |
+--------------+----------------------+----------------------+


Ubuntu 22.04
	Kernel: 5.15
	Compiler: gcc gcc (Ubuntu 11.4.0-1ubuntu1~22.04.2) 11.4.0

Ubuntu 20.04
	Kernel: 5.15
	Compiler: gcc gcc (Ubuntu 9.4.0-1ubuntu1~20.04.2) 9.4.0

To view detailed results, visit:
https://lab.dpdk.org/results/dashboard/patchsets/34200/

UNH-IOL DPDK Community Lab

To manage your email subscriptions, visit: 
https://lab.dpdk.org/results/dashboard/preferences/subscriptions/

^ permalink raw reply	[flat|nested] 20+ messages in thread

end of thread, other threads:[~2025-10-02 19:27 UTC | newest]

Thread overview: 20+ messages (download: mbox.gz / follow: Atom feed)
-- links below jump to the message on this page --
     [not found] <20251002165546.523435-1-david.marchand@redhat.com>
2025-10-02 16:21 ` |SUCCESS| pw157209 [PATCH] test/debug: fix crash with mlx5 devices qemudev
2025-10-02 16:26 ` |FAILURE| " qemudev
2025-10-02 16:57 ` |WARNING| " checkpatch
2025-10-02 17:21 ` |PENDING| " dpdklab
2025-10-02 17:24 ` |FAILURE| " dpdklab
2025-10-02 17:25 ` |SUCCESS| " dpdklab
2025-10-02 17:26 ` |PENDING| " dpdklab
2025-10-02 17:29 ` |SUCCESS| " dpdklab
2025-10-02 17:34 ` dpdklab
2025-10-02 17:42 ` dpdklab
2025-10-02 17:46 ` dpdklab
2025-10-02 17:53 ` dpdklab
2025-10-02 17:57 ` dpdklab
2025-10-02 18:06 ` |FAILURE| " dpdklab
2025-10-02 18:09 ` |SUCCESS| " dpdklab
2025-10-02 18:13 ` dpdklab
2025-10-02 18:14 ` dpdklab
2025-10-02 18:20 ` |FAILURE| " 0-day Robot
2025-10-02 18:23 ` dpdklab
2025-10-02 19:27 ` |SUCCESS| " dpdklab

This is a public inbox, see mirroring instructions
for how to clone and mirror all data and code used for this inbox;
as well as URLs for NNTP newsgroup(s).