From mboxrd@z Thu Jan 1 00:00:00 1970 Return-Path: Received: from mails.dpdk.org (mails.dpdk.org [217.70.189.124]) by inbox.dpdk.org (Postfix) with ESMTP id 9C3B248893 for ; Thu, 2 Oct 2025 20:23:33 +0200 (CEST) Received: from mails.dpdk.org (localhost [127.0.0.1]) by mails.dpdk.org (Postfix) with ESMTP id 8506A40285; Thu, 2 Oct 2025 20:23:33 +0200 (CEST) Received: from mail-il1-f228.google.com (mail-il1-f228.google.com [209.85.166.228]) by mails.dpdk.org (Postfix) with ESMTP id 848DE40285 for ; Thu, 2 Oct 2025 20:23:32 +0200 (CEST) Received: by mail-il1-f228.google.com with SMTP id e9e14a558f8ab-42e6df6fe53so5140855ab.2 for ; Thu, 02 Oct 2025 11:23:32 -0700 (PDT) DKIM-Signature: v=1; a=rsa-sha256; c=relaxed/relaxed; d=iol.unh.edu; s=unh-iol; t=1759429412; x=1760034212; darn=dpdk.org; h=references:in-reply-to:cc:to:from:subject:message-id:date:from:to :cc:subject:date:message-id:reply-to; bh=S7fqM5/YSh+duvHXzzv4cmB/7MOP2rcrOSxAloNlQ94=; b=ByDpJccbI9LxOL2wrO+65TMPhkf5GSuh4dwJeKHuNgctV38C6TKiJvpSUML/Vi9Ugb ij4/U4uZJkeG4hQyQIBLlriIf+YFGQrG2VZQWZGm6IgWi2cp8vZZy76LsFiMPiwNy8nM rGm71k1ZFlnrHy6R7x3/O61XXuxyrdALOED/Y= X-Google-DKIM-Signature: v=1; a=rsa-sha256; c=relaxed/relaxed; d=1e100.net; s=20230601; t=1759429412; x=1760034212; h=references:in-reply-to:cc:to:from:subject:message-id:date :x-gm-message-state:from:to:cc:subject:date:message-id:reply-to; bh=S7fqM5/YSh+duvHXzzv4cmB/7MOP2rcrOSxAloNlQ94=; b=rXnyGpyzF/E8OAoik4P7Bgd06G7Bxv4B6K35wT607bsDKZYambMokce7Vcaj+mIcYI d0ABRHQCguGjnyAyQ1AkcBVheXNvAi21IQR767Z29WY7wHJVUIeDchvT+exn9thN6Fev oSzN1JHD1mhJq+IUm265hw6UNy6SmtM4jdZcTPxC9Fy9j7aIijroLrXEuUmAZqUJYYZY zl61qHaNBqXzoLx3mtwdt+hHyJRokwq4KJSWj06NC2HFnEXKiVs2Rl3EX6f50kHZbhHR qi52VsvfGBUScG2Bw9vTpXLYvXBzhU/haAEIyLJWbl/p8UmttmGx9lT2bMgpuQ/52+tZ 55og== X-Gm-Message-State: AOJu0Yy2KQ3VS3eFR19C2B9HP9NZLNa7zWt8MB+z5h3lt27TJbvLCxil digXDQ9Z42yvJBJ4PkF3cHAjWI5FPl1c0Wemqe9Yh7NgWOIgq8tdYKDt/qFfi/Qo8keYn+3XTwt pSFCAPkTVTwnai2Mbur/OgWTU8cR2eQJD813D67+KhODN X-Gm-Gg: ASbGncuocUVi/0cVCfzaDt4w4cq8jwO3D0hNJ2U/NdDI+yvEDKUKa/9A4Wnbyvf+4Ie L2RbzSibFE1FxJnHGf0B/Uh4KIkvBSy3h90uYQsO1S6HpXoAjd96a0VAA/G8rFgrXGnlOcv0/uh fq34pzCLfaZZJAdlOmXdgcPimFz4JmI+SDv+iec+RvG9xOst9Ts4+LguK9wrzEUdwYtISp2Jhnc 3qzRk7wZ1q3m2DhfMPNruVrX8ohH3aIlIWVJILo8aHyZDDJJymg0D8bqLdfXeqU/bqnSnXYHJWM fv/n2DjenXWtmXk9sb3I+ElqlVpQcF5Jkd0ztW75f6bqcWaPrNsmyL5QF0+GUwcWypDMco4nlTz 0FA== X-Google-Smtp-Source: AGHT+IFrdSQOs7G6epjY6kAioDKPd35wv/6B09/KEXml0d/CEb62eO3qu+pO5msSgsPd+UiXqdCIKnzQljWi X-Received: by 2002:a92:ca0e:0:b0:42d:8c22:5e02 with SMTP id e9e14a558f8ab-42e7acedbf6mr5644525ab.1.1759429411710; Thu, 02 Oct 2025 11:23:31 -0700 (PDT) Received: from postal.iol.unh.edu (postal.iol.unh.edu. [132.177.123.84]) by smtp-relay.gmail.com with ESMTPS id e9e14a558f8ab-42d8b2782d8sm2333055ab.25.2025.10.02.11.23.31 (version=TLS1_2 cipher=ECDHE-ECDSA-AES128-GCM-SHA256 bits=128/128); Thu, 02 Oct 2025 11:23:31 -0700 (PDT) X-Relaying-Domain: iol.unh.edu Date: Thu, 02 Oct 2025 11:23:31 -0700 (PDT) Message-ID: <68dec323.920a0220.30562.e2ecSMTPIN_ADDED_MISSING@mx.google.com> Received: from [172.21.0.2] (unknown [172.18.0.240]) by postal.iol.unh.edu (Postfix) with ESMTP id 419B860003EA; Thu, 2 Oct 2025 14:23:31 -0400 (EDT) Subject: |FAILURE| pw157209 [PATCH] test/debug: fix crash with mlx5 devices From: dpdklab@iol.unh.edu To: Test Report Cc: dpdk-test-reports@iol.unh.edu, David Marchand In-Reply-To: <20251002165546.523435-1-david.marchand@redhat.com> References: <20251002165546.523435-1-david.marchand@redhat.com> Content-Type: text/plain X-BeenThere: test-report@dpdk.org X-Mailman-Version: 2.1.29 Precedence: list List-Id: automatic DPDK test reports List-Unsubscribe: , List-Archive: List-Post: List-Help: List-Subscribe: , Errors-To: test-report-bounces@dpdk.org Test-Label: iol-unit-amd64-testing Test-Status: FAILURE http://dpdk.org/patch/157209 _Testing issues_ Submitter: David Marchand Date: Thursday, October 02 2025 16:55:45 DPDK git baseline: Repo:dpdk Branch: master CommitID:76393b98bf67f94dc6aa23cf5016c32571899261 157209 --> testing issues Upstream job id: Generic-VM-Unit-Test-DPDK#31549 Test environment and result as below: +-------------------------------+----------------+ | Environment | dpdk_unit_test | +===============================+================+ | CentOS Stream 9 | FAIL | +-------------------------------+----------------+ | CentOS Stream 10 | FAIL | +-------------------------------+----------------+ | Debian GNU/Linux 12 | FAIL | +-------------------------------+----------------+ | Fedora Linux 41 | FAIL | +-------------------------------+----------------+ | Fedora Linux 40 | FAIL | +-------------------------------+----------------+ | Fedora Linux 42 | FAIL | +-------------------------------+----------------+ | Windows Server 2022 | PASS | +-------------------------------+----------------+ | Ubuntu 20.04 | PASS | +-------------------------------+----------------+ | Ubuntu 24.04 | FAIL | +-------------------------------+----------------+ | Red Hat Enterprise Linux 8.10 | FAIL | +-------------------------------+----------------+ | Ubuntu 22.04 | FAIL | +-------------------------------+----------------+ | Red Hat Enterprise Linux 9.5 | FAIL | +-------------------------------+----------------+ ==== Unit test summary for Red Hat Enterprise Linux 9.5 (dpdk_unit_test): ==== ninja: Entering directory `/root/workspace/Generic-Unit-Test-DPDK/dpdk/build' ninja: no work to do. 1/120 DPDK:fast-tests / acl_autotest OK 2.26s 2/120 DPDK:fast-tests / alarm_autotest OK 1.17s 3/120 DPDK:fast-tests / argparse_autotest OK 0.16s 4/120 DPDK:fast-tests / atomic_autotest OK 0.33s 5/120 DPDK:fast-tests / bitcount_autotest OK 0.17s 6/120 DPDK:fast-tests / bitmap_autotest OK 0.16s 7/120 DPDK:fast-tests / bitops_autotest OK 1.66s 8/120 DPDK:fast-tests / bitratestats_autotest OK 0.16s 9/120 DPDK:fast-tests / bitset_autotest OK 1.27s 10/120 DPDK:fast-tests / bpf_autotest OK 0.16s 11/120 DPDK:fast-tests / bpf_convert_autotest OK 0.17s 12/120 DPDK:fast-tests / byteorder_autotest OK 0.16s 13/120 DPDK:fast-tests / cfgfile_autotest OK 0.16s 14/120 DPDK:fast-tests / cksum_autotest OK 0.16s 15/120 DPDK:fast-tests / cmdline_autotest OK 0.16s 16/120 DPDK:fast-tests / common_autotest OK 0.44s 17/120 DPDK:fast-tests / compressdev_autotest SKIP 0.14s exit status 77 18/120 DPDK:fast-tests / cpuflags_autotest OK 0.17s 19/120 DPDK:fast-tests / crc_autotest OK 0.16s 20/120 DPDK:fast-tests / user_delay_us OK 0.16s 21/120 DPDK:fast-tests / debug_autotest FAIL 0.57s (exit status 255 or signal 127 SIGinvalid) >>> DPDK_TEST=debug_autotest MALLOC_PERTURB_=199 /root/workspace/Generic-Unit-Test-DPDK/dpdk/build/app/dpdk-test --no-huge -m 2048 22/120 DPDK:fast-tests / devargs_autotest OK 0.16s 23/120 DPDK:fast-tests / dispatcher_autotest SKIP 0.14s exit status 77 24/120 DPDK:fast-tests / distributor_autotest OK 0.84s 25/120 DPDK:fast-tests / eal_flags_c_opt_autotest OK 0.71s 26/120 DPDK:fast-tests / eal_flags_main_opt_autotest OK 0.27s 27/120 DPDK:fast-tests / eal_flags_n_opt_autotest OK 0.45s 28/120 DPDK:fast-tests / eal_flags_hpet_autotest OK 0.19s 29/120 DPDK:fast-tests / eal_flags_no_huge_autotest OK 0.47s 30/120 DPDK:fast-tests / eal_flags_a_opt_autotest OK 0.35s 31/120 DPDK:fast-tests / eal_flags_b_opt_autotest OK 0.29s 32/120 DPDK:fast-tests / eal_flags_vdev_opt_autotest OK 0.54s 33/120 DPDK:fast-tests / eal_flags_r_opt_autotest OK 0.24s 34/120 DPDK:fast-tests / eal_flags_mem_autotest OK 0.69s 35/120 DPDK:fast-tests / eal_flags_file_prefix_autotest OK 2.00s 36/120 DPDK:fast-tests / eal_flags_misc_autotest OK 1.92s 37/120 DPDK:fast-tests / eal_fs_autotest OK 0.17s 38/120 DPDK:fast-tests / errno_autotest OK 0.16s 39/120 DPDK:fast-tests / ethdev_link_status OK 0.16s 40/120 DPDK:fast-tests / event_eth_tx_adapter_autotest OK 0.44s 41/120 DPDK:fast-tests / event_ring_autotest OK 0.17s 42/120 DPDK:fast-tests / eventdev_common_autotest OK 0.16s 43/120 DPDK:fast-tests / eventdev_selftest_sw OK 0.19s 44/120 DPDK:fast-tests / fbarray_autotest OK 0.16s 45/120 DPDK:fast-tests / fib_autotest OK 0.65s 46/120 DPDK:fast-tests / fib6_autotest OK 0.54s 47/120 DPDK:fast-tests / func_reentrancy_autotest OK 0.53s 48/120 DPDK:fast-tests / graph_autotest OK 0.17s 49/120 DPDK:fast-tests / node_list_dump OK 0.16s 50/120 DPDK:fast-tests / graph_feature_arc_autotest OK 0.16s 51/120 DPDK:fast-tests / hash_autotest OK 0.26s 52/120 DPDK:fast-tests / hash_readwrite_func_autotest SKIP 0.14s exit status 77 53/120 DPDK:fast-tests / interrupt_autotest OK 1.18s 54/120 DPDK:fast-tests / ipfrag_autotest OK 0.14s 55/120 DPDK:fast-tests / ipsec_autotest SKIP 0.17s exit status 77 56/120 DPDK:fast-tests / kvargs_autotest OK 0.16s 57/120 DPDK:fast-tests / latencystats_autotest OK 0.16s 58/120 DPDK:fast-tests / lcore_var_autotest OK 0.29s 59/120 DPDK:fast-tests / lcores_autotest OK 0.75s 60/120 DPDK:fast-tests / logs_autotest OK 0.16s 61/120 DPDK:fast-tests / lpm_autotest OK 1.41s 62/120 DPDK:fast-tests / lpm6_autotest OK 2.34s 63/120 DPDK:fast-tests / malloc_autotest OK 0.35s 64/120 DPDK:fast-tests / mbuf_autotest OK 0.17s 65/120 DPDK:fast-tests / mcslock_autotest OK 0.41s 66/120 DPDK:fast-tests / member_autotest OK 0.71s 67/120 DPDK:fast-tests / memcpy_autotest OK 1.71s 68/120 DPDK:fast-tests / memory_autotest OK 0.14s 69/120 DPDK:fast-tests / mempool_autotest OK 0.42s 70/120 DPDK:fast-tests / memzone_autotest OK 0.14s 71/120 DPDK:fast-tests / meter_autotest OK 0.17s 72/120 DPDK:fast-tests / metrics_autotest OK 0.16s 73/120 DPDK:fast-tests / multiprocess_autotest OK 0.26s 74/120 DPDK:fast-tests / net_ether_autotest OK 0.48s 75/120 DPDK:fast-tests / net_ipv6_autotest OK 0.16s 76/120 DPDK:fast-tests / pcapng_autotest OK 6.37s 77/120 DPDK:fast-tests / pdcp_autotest SKIP 0.14s exit status 77 78/120 DPDK:fast-tests / pdump_autotest OK 0.29s 79/120 DPDK:fast-tests / per_lcore_autotest OK 0.26s 80/120 DPDK:fast-tests / pflock_autotest OK 0.27s 81/120 DPDK:fast-tests / pie_autotest OK 0.17s 82/120 DPDK:fast-tests / ring_pmd_autotest OK 0.17s 83/120 DPDK:fast-tests / power_autotest OK 0.16s 84/120 DPDK:fast-tests / power_cpufreq_autotest SKIP 0.14s exit status 77 85/120 DPDK:fast-tests / power_intel_uncore_autotest SKIP 0.17s exit status 77 86/120 DPDK:fast-tests / power_kvm_vm_autotest SKIP 0.14s exit status 77 87/120 DPDK:fast-tests / prefetch_autotest OK 0.17s 88/120 DPDK:fast-tests / ptr_compress_autotest OK 0.16s 89/120 DPDK:fast-tests / rawdev_autotest OK 0.16s 90/120 DPDK:fast-tests / rcu_qsbr_autotest OK 0.26s 91/120 DPDK:fast-tests / reorder_autotest OK 0.26s 92/120 DPDK:fast-tests / rib_autotest OK 3.09s 93/120 DPDK:fast-tests / rib6_autotest OK 3.08s 94/120 DPDK:fast-tests / ring_autotest OK 0.17s 95/120 DPDK:fast-tests / rwlock_test1_autotest OK 0.27s 96/120 DPDK:fast-tests / rwlock_rda_autotest OK 5.17s 97/120 DPDK:fast-tests / rwlock_rds_wrm_autotest OK 5.16s 98/120 DPDK:fast-tests / rwlock_rde_wro_autotest OK 5.17s 99/120 DPDK:fast-tests / sched_autotest OK 0.17s 100/120 DPDK:fast-tests / security_autotest OK 0.14s 101/120 DPDK:fast-tests / seqlock_autotest SKIP 0.17s exit status 77 102/120 DPDK:fast-tests / service_autotest OK 0.27s 103/120 DPDK:fast-tests / soring_autotest OK 0.17s 104/120 DPDK:fast-tests / spinlock_autotest OK 0.17s 105/120 DPDK:fast-tests / stack_autotest OK 0.18s 106/120 DPDK:fast-tests / stack_lf_autotest OK 0.24s 107/120 DPDK:fast-tests / string_autotest OK 0.17s 108/120 DPDK:fast-tests / table_autotest OK 4.33s 109/120 DPDK:fast-tests / tailq_autotest OK 0.17s 110/120 DPDK:fast-tests / telemetry_data_autotest OK 0.16s 111/120 DPDK:fast-tests / telemetry_json_autotest OK 0.16s 112/120 DPDK:fast-tests / thash_autotest OK 0.17s 113/120 DPDK:fast-tests / threads_autotest OK 0.32s 114/120 DPDK:fast-tests / ticketlock_autotest OK 0.18s 115/120 DPDK:fast-tests / timer_autotest OK 2.49s 116/120 DPDK:fast-tests / trace_autotest OK 0.17s 117/120 DPDK:fast-tests / trace_autotest_with_traces OK 0.17s 118/120 DPDK:fast-tests / vdev_autotest OK 0.16s 119/120 DPDK:fast-tests / version_autotest OK 0.16s 120/120 DPDK:fast-tests / telemetry_all SKIP 0.01s exit status 77 Ok: 109 Expected Fail: 0 Fail: 1 Unexpected Pass: 0 Skipped: 10 Timeout: 0 Full log written to /root/workspace/Generic-Unit-Test-DPDK/dpdk/build/meson-logs/testlog.txt Test log output from the failed test debug_autotest: Sorry, we were not able to find the logs for this test. Download the log output from the CI site for this test run. ==== End log output ==== CentOS Stream 9 Kernel: 5.15 Compiler: gcc gcc (GCC) 11.5.0 20240719 (Red Hat 11.5.0-11) CentOS Stream 10 Kernel: 5.15 Compiler: gcc gcc (GCC) 14.2.1 20250110 (Red Hat 14.2.1-8) Debian GNU/Linux 12 Kernel: 5.15 Compiler: gcc gcc (Debian 12.2.0-14+deb12u1) 12.2.0 Fedora Linux 41 Kernel: 5.15 Compiler: gcc gcc (GCC) 14.3.1 20250523 (Red Hat 14.3.1-1) Fedora Linux 40 Kernel: 5.15 Compiler: gcc gcc (GCC) 14.2.1 20240912 (Red Hat 14.2.1-3) Fedora Linux 42 Kernel: 5.15 Compiler: gcc gcc (GCC) 15.2.1 20250808 (Red Hat 15.2.1-1) Windows Server 2022 Kernel: 10.0.20348.2031 Compiler: clang 15.0.7, gcc 14.1.0 (MinGW), and MSVC VS 19.39.33521 Ubuntu 20.04 Kernel: 5.15 Compiler: gcc gcc (Ubuntu 9.4.0-1ubuntu1~20.04.2) 9.4.0 Ubuntu 24.04 Kernel: 5.15 Compiler: gcc gcc (Ubuntu 13.3.0-6ubuntu2~24.04) 13.3.0 Red Hat Enterprise Linux 8.10 Kernel: 5.15 Compiler: gcc gcc (GCC) 8.5.0 20210514 (Red Hat 8.5.0-22) Ubuntu 22.04 Kernel: 5.15 Compiler: gcc gcc (Ubuntu 11.4.0-1ubuntu1~22.04) 11.4.0 Red Hat Enterprise Linux 9.5 Kernel: 5.15 Compiler: gcc gcc (GCC) 11.5.0 20240719 (Red Hat 11.5.0-2) To view detailed results, visit: https://lab.dpdk.org/results/dashboard/patchsets/34200/ UNH-IOL DPDK Community Lab To manage your email subscriptions, visit: https://lab.dpdk.org/results/dashboard/preferences/subscriptions/