From mboxrd@z Thu Jan 1 00:00:00 1970 Return-Path: Received: from mails.dpdk.org (mails.dpdk.org [217.70.189.124]) by inbox.dpdk.org (Postfix) with ESMTP id 2DFCA48896 for ; Fri, 3 Oct 2025 03:31:49 +0200 (CEST) Received: from mails.dpdk.org (localhost [127.0.0.1]) by mails.dpdk.org (Postfix) with ESMTP id 267DE40DCB; Fri, 3 Oct 2025 03:31:49 +0200 (CEST) Received: from mail-vs1-f99.google.com (mail-vs1-f99.google.com [209.85.217.99]) by mails.dpdk.org (Postfix) with ESMTP id 26E9E40DCB for ; Fri, 3 Oct 2025 03:31:48 +0200 (CEST) Received: by mail-vs1-f99.google.com with SMTP id ada2fe7eead31-59d576379b9so794688137.1 for ; Thu, 02 Oct 2025 18:31:48 -0700 (PDT) DKIM-Signature: v=1; a=rsa-sha256; c=relaxed/relaxed; d=iol.unh.edu; s=unh-iol; t=1759455107; x=1760059907; darn=dpdk.org; h=cc:to:from:subject:message-id:date:from:to:cc:subject:date :message-id:reply-to; bh=Z3QCXzshgUTE3nAmL1Ywc7dK8SW9OfhHdSmkCi1pKXQ=; b=NbNZv4dxkYTRt9wgQRDBJWLFCsBAXxghpYx/8LIFPOwCuUgPSXPZ2Oepe7kL7+txi9 MeBnTk0Ubdn6jAYSLx5lKwLmapO+ms07mkIUHHdF8KbHxNXN1aBURa+tyqpr5fljDxb3 I1smEcia6E+N4uvvot1CwKW6/I/J3sOvedbYU= X-Google-DKIM-Signature: v=1; a=rsa-sha256; c=relaxed/relaxed; d=1e100.net; s=20230601; t=1759455107; x=1760059907; h=cc:to:from:subject:message-id:date:x-gm-message-state:from:to:cc :subject:date:message-id:reply-to; bh=Z3QCXzshgUTE3nAmL1Ywc7dK8SW9OfhHdSmkCi1pKXQ=; b=B3hIIgf9d0fNGCCAM70lMyr5VGAY9puO/YDnDv2VD1phTdZdtBnKomvaEULCuS97Om G+OK83cAQSdv4iZieAcU4yHoHIfnLrtELO+jVnI2uR0f4m5UfUea9QLerLQHo5CaJRDX EJ1H+DgbeLwBWOALnHm71BQJlnrKzgwLJT7Q91CLbbFW3oz0K/Cit5hYXRdIDM0jouwt eCCad9q28bpQyUNsZX20TOHaWfwPaKPWLJ1i64q8+EAxjxQ2zYVTyMzGW4O2K4Y4WzzW V723iRh9/AtpN7uBUVnmCO5nAKNvELZ2yShnXdHB1+zT7n0QNnuDAoAHr48rf/T7d+OL SuOg== X-Gm-Message-State: AOJu0YyOi2f1+T8hcfgR8K1r8RC6KJEkRI1+U8BIXSlsVm+2YgN3xSHB zAfbbgshB9DcagqwvlLo+hTdzuWxmMkqgZfEig1rNNUzC5JJt0sBf2tqysoqGjQv1Re4QsEtGwk 36kCEebLvVNQeY1iDEEFXBSQTGYi6cU/iavN4vxluD970msOEYQFe X-Gm-Gg: ASbGncuv4kdASBtB+zrrfR9Sh9/F9l6qy8YgmDxGE1ik1bc1n3yK5WdLgAQF9HeT6Gf kbSD90p42Vnl3WUnhAFHvQWaxLiOuuiVQlIxCeZ1DU5amtNySyzZbJYG/s7kNRcpzvdMTHz+PlH zMxRtLh1AUIvdPBElpNMzFUBuIDN4DiiDkLDco2/u3OUlAyX0mJskrz+0fpZ5yCmZ6D7Brz+cbn 00Kl6oECk+tUNK3nPjELyFaBaFczFUr5dsUq++QnSl816kuzzjA9RaUVO+/ddTQaaxKeMoPRTC+ 0BEGR71y3hP5NlKALQWpQDArIXnpkdprsO4+O+hY99U19lBW7JEHoaE= X-Google-Smtp-Source: AGHT+IHDzHrbENA/MPRHssn7G46t65E3hAn5rCAs2dohtXTWFSC4mhmHL0Uba5K3+wjKsm+Jr7DDmapWNCZS X-Received: by 2002:a05:6102:dcf:b0:527:8b63:78e1 with SMTP id ada2fe7eead31-5d41d00141bmr530261137.1.1759455107478; Thu, 02 Oct 2025 18:31:47 -0700 (PDT) Received: from postal.iol.unh.edu (postal.iol.unh.edu. [2606:4100:3880:1234::84]) by smtp-relay.gmail.com with ESMTPS id a1e0cc1a2514c-92eb4e70d16sm30051241.6.2025.10.02.18.31.47 (version=TLS1_2 cipher=ECDHE-ECDSA-AES128-GCM-SHA256 bits=128/128); Thu, 02 Oct 2025 18:31:47 -0700 (PDT) X-Relaying-Domain: iol.unh.edu Date: Thu, 02 Oct 2025 18:31:47 -0700 (PDT) Message-ID: <68df2783.050a0220.1e59a0.1ca3SMTPIN_ADDED_MISSING@mx.google.com> Received: from [172.21.0.2] (unknown [172.18.0.240]) by postal.iol.unh.edu (Postfix) with ESMTP id D92AC6051835; Thu, 2 Oct 2025 21:31:46 -0400 (EDT) Subject: |FAILURE| [GIT MASTER] 62f583c49bf67dd4d6733ece14e55fe6839e66d1 From: dpdklab@iol.unh.edu To: Test Report Cc: dpdk-test-reports@iol.unh.edu, Xueming Li , Christian Ehrhardt , Kevin Traynor , Luca Boccassi Content-Type: text/plain X-BeenThere: test-report@dpdk.org X-Mailman-Version: 2.1.29 Precedence: list List-Id: automatic DPDK test reports List-Unsubscribe: , List-Archive: List-Post: List-Help: List-Subscribe: , Errors-To: test-report-bounces@dpdk.org _Testing issues_ Branch: tags/v23.11 62f583c49bf67dd4d6733ece14e55fe6839e66d1 --> testing issues Upstream job id: Generic-DPDK-Compile-Meson#430480 Test environment and result as below: +------------------------------+--------------------+ | Environment | dpdk_meson_compile | +==============================+====================+ | Ubuntu 20.04 | PASS | +------------------------------+--------------------+ | Red Hat Enterprise Linux 9.5 | PASS | +------------------------------+--------------------+ | Debian GNU/Linux 12 | PASS | +------------------------------+--------------------+ | Fedora Linux 42 | PEND | +------------------------------+--------------------+ | Ubuntu 22.04 | PASS | +------------------------------+--------------------+ | CentOS Stream 10 | PASS | +------------------------------+--------------------+ | CentOS Stream 9 | PASS | +------------------------------+--------------------+ | Ubuntu 24.04 | PASS | +------------------------------+--------------------+ Ubuntu 20.04 Kernel: 5.15 Compiler: aarch64-linux-gnu-gcc gcc (Ubuntu 9.4.0-1ubuntu1~20.04.2) 9.4.0 Red Hat Enterprise Linux 9.5 Kernel: 5.4 Compiler: gcc gcc (GCC) 11.5.0 20240719 (Red Hat 11.5.0-2) Debian GNU/Linux 12 Kernel: 5.4 Compiler: gcc gcc (Debian 12.2.0-14+deb12u1) 12.2.0 Fedora Linux 42 Kernel: 5.4 Compiler: gcc gcc (GCC) 15.2.1 20250808 (Red Hat 15.2.1-1) Ubuntu 22.04 Kernel: 5.4 Compiler: gcc gcc (Ubuntu 11.4.0-1ubuntu1~22.04) 11.4.0 CentOS Stream 10 Kernel: 5.4 Compiler: gcc gcc (GCC) 14.2.1 20250110 (Red Hat 14.2.1-8) CentOS Stream 9 Kernel: 5.4 Compiler: gcc gcc (GCC) 11.5.0 20240719 (Red Hat 11.5.0-11) Ubuntu 24.04 Kernel: 5.4 Compiler: gcc gcc (Ubuntu 13.3.0-6ubuntu2~24.04) 13.3.0 To view detailed results, visit: https://lab.dpdk.org/results/dashboard/tarballs/35027/ UNH-IOL DPDK Community Lab To manage your email subscriptions, visit: https://lab.dpdk.org/results/dashboard/preferences/subscriptions/