From mboxrd@z Thu Jan 1 00:00:00 1970 Return-Path: Received: from mails.dpdk.org (mails.dpdk.org [217.70.189.124]) by inbox.dpdk.org (Postfix) with ESMTP id 2F0F048897 for ; Fri, 3 Oct 2025 04:06:52 +0200 (CEST) Received: from mails.dpdk.org (localhost [127.0.0.1]) by mails.dpdk.org (Postfix) with ESMTP id 23461402A7; Fri, 3 Oct 2025 04:06:52 +0200 (CEST) Received: from mail-il1-f226.google.com (mail-il1-f226.google.com [209.85.166.226]) by mails.dpdk.org (Postfix) with ESMTP id 37B28402A7 for ; Fri, 3 Oct 2025 04:06:50 +0200 (CEST) Received: by mail-il1-f226.google.com with SMTP id e9e14a558f8ab-424da17e309so18846665ab.2 for ; Thu, 02 Oct 2025 19:06:50 -0700 (PDT) DKIM-Signature: v=1; a=rsa-sha256; c=relaxed/relaxed; d=iol.unh.edu; s=unh-iol; t=1759457209; x=1760062009; darn=dpdk.org; h=cc:to:from:subject:message-id:date:from:to:cc:subject:date :message-id:reply-to; bh=DhYBnmnd7BW5gd4pMgclb3HOnXKyw0WTw5O3eArn3Ow=; b=ArIPD/UgKnvGDq6vHMuaX1N7uNSXvA3I1c7FAXl8m57EA/AfnmdmcdnfH1USMaPEMQ HodgdUI/r7NdfmmBMhcgON+ure5fcTjCiZU0QmDWnB6b+fF5YDWeYt8CuTA3DQYw72Wl 03KbAfA/FAqMNSYatjKMCufsrDM9iyyphudtg= X-Google-DKIM-Signature: v=1; a=rsa-sha256; c=relaxed/relaxed; d=1e100.net; s=20230601; t=1759457209; x=1760062009; h=cc:to:from:subject:message-id:date:x-gm-message-state:from:to:cc :subject:date:message-id:reply-to; bh=DhYBnmnd7BW5gd4pMgclb3HOnXKyw0WTw5O3eArn3Ow=; b=Stg/T1UOsPt8SMVXWBi/Fh5flfglkpOSHHDVQXFhTSXcfe5sf7t/G07w8uHEvjeROI 0LZreHrSYuapRRl4DzO3vJYFUnCRp20DVi4Z8hKvh4yiWhHGP+UCAwd5ztOtk8HGmpJc uS5c4Zvgvd2TOG0vK4jDfP0kBWXDI+8KBaebCtaPAh32VBY10RVOvVHfiGe6iZvgyYeV xzwGXkofTM2FUlE6QMACdgzNYMI//9nhaG7xPZhBW52SngZM4EDb71vNxQuFQmi0Geik 6GZcIRztTEZ8HZTri84/4lTPMzAzQ8DxqEfDDYNZ+3WsccJ4Bix9aF4uC/S+nL00Ra4c HdwA== X-Gm-Message-State: AOJu0YzJt75e2EUEu2MTXusr+YIl9UlnJ808ZHcvWKDCyhnhIJvVUYZb hhUwXMG07xyv/pLmwxFPk1cFyisTF+e7uRrSYmNSlf2l1joRkwJh/Gr/bxr4qau5Ubr6j708jJs FtQVM67O4VmfwFpOSZDCvb2SaKlRKKJAvEvJD X-Gm-Gg: ASbGncumxJirou6uqSl//6SlkerjLHFznUnxY6RX5NHWIKklp5r7goQQtjYBJUdVNvm 1qLaLgStdd8jsJ9iTBopR7umPLrDJwl+0PZdiIj9AsczKy4noLZEFh+3VmIwAyvGahYtn4/bqNE Aqxd5W/3B8cskwQGqXgVHLITk+JTQOt+e0JiFiYb1DdSuxY9C1Vwtr1CDNKHuu5cRF9SoO2oFY/ nqaWOQY11JERQeymyAPV6hXzkZ1ctrgL0UeBO0/n9PrIi3Wn8DP0scH9QVSvZVgPwYmPvzAq0aI 1RiadVbctkw5/oofsS3gU7xEzVJzna2e36U+XRf3KGtjssD9b8kuEivACceLJbJwq25eJ7Ski/9 xRA== X-Google-Smtp-Source: AGHT+IGg+1JubN7zF0LN52tojoHRaLip4i6sRGpP0I+zEw4pVeAFJixieuZ5t/J/ypK+23qZu30aIVveNz8+ X-Received: by 2002:a05:6e02:12e7:b0:426:3ab1:74b9 with SMTP id e9e14a558f8ab-42e7ad9b00amr18944585ab.25.1759457209498; Thu, 02 Oct 2025 19:06:49 -0700 (PDT) Received: from postal.iol.unh.edu (postal.iol.unh.edu. [132.177.123.84]) by smtp-relay.gmail.com with ESMTPS id 8926c6da1cb9f-57b5eafe2a9sm257321173.11.2025.10.02.19.06.49 (version=TLS1_2 cipher=ECDHE-ECDSA-AES128-GCM-SHA256 bits=128/128); Thu, 02 Oct 2025 19:06:49 -0700 (PDT) X-Relaying-Domain: iol.unh.edu Date: Thu, 02 Oct 2025 19:06:49 -0700 (PDT) Message-ID: <68df2fb9.050a0220.1ac9ad.0b18SMTPIN_ADDED_MISSING@mx.google.com> Received: from [172.21.0.2] (unknown [172.18.0.240]) by postal.iol.unh.edu (Postfix) with ESMTP id 181BE6051830; Thu, 2 Oct 2025 22:06:49 -0400 (EDT) Subject: |FAILURE| [GIT MASTER] 62f583c49bf67dd4d6733ece14e55fe6839e66d1 From: dpdklab@iol.unh.edu To: Test Report Cc: dpdk-test-reports@iol.unh.edu, Xueming Li , Christian Ehrhardt , Kevin Traynor , Luca Boccassi Content-Type: text/plain X-BeenThere: test-report@dpdk.org X-Mailman-Version: 2.1.29 Precedence: list List-Id: automatic DPDK test reports List-Unsubscribe: , List-Archive: List-Post: List-Help: List-Subscribe: , Errors-To: test-report-bounces@dpdk.org _Testing issues_ Branch: tags/v23.11 62f583c49bf67dd4d6733ece14e55fe6839e66d1 --> testing issues Upstream job id: Generic-DPDK-Compile-Meson#430479 Test environment and result as below: +------------------------------+--------------------+ | Environment | dpdk_meson_compile | +==============================+====================+ | Ubuntu 20.04 | PASS | +------------------------------+--------------------+ | Red Hat Enterprise Linux 9.5 | PASS | +------------------------------+--------------------+ | Debian GNU/Linux 12 | PASS | +------------------------------+--------------------+ | Fedora Linux 42 | PASS | +------------------------------+--------------------+ | Ubuntu 22.04 | PASS | +------------------------------+--------------------+ | CentOS Stream 10 | PASS | +------------------------------+--------------------+ | CentOS Stream 9 | PASS | +------------------------------+--------------------+ | Ubuntu 24.04 | PASS | +------------------------------+--------------------+ Ubuntu 20.04 Kernel: 5.15 Compiler: aarch64-linux-gnu-gcc gcc (Ubuntu 9.4.0-1ubuntu1~20.04.2) 9.4.0 Red Hat Enterprise Linux 9.5 Kernel: 5.4 Compiler: gcc gcc (GCC) 11.5.0 20240719 (Red Hat 11.5.0-2) Debian GNU/Linux 12 Kernel: 5.4 Compiler: gcc gcc (Debian 12.2.0-14+deb12u1) 12.2.0 Fedora Linux 42 Kernel: 5.4 Compiler: gcc gcc (GCC) 15.2.1 20250808 (Red Hat 15.2.1-1) Ubuntu 22.04 Kernel: 5.4 Compiler: gcc gcc (Ubuntu 11.4.0-1ubuntu1~22.04) 11.4.0 CentOS Stream 10 Kernel: 5.4 Compiler: gcc gcc (GCC) 14.2.1 20250110 (Red Hat 14.2.1-8) CentOS Stream 9 Kernel: 5.4 Compiler: gcc gcc (GCC) 11.5.0 20240719 (Red Hat 11.5.0-11) Ubuntu 24.04 Kernel: 5.4 Compiler: gcc gcc (Ubuntu 13.3.0-6ubuntu2~24.04) 13.3.0 To view detailed results, visit: https://lab.dpdk.org/results/dashboard/tarballs/35027/ UNH-IOL DPDK Community Lab To manage your email subscriptions, visit: https://lab.dpdk.org/results/dashboard/preferences/subscriptions/