From mboxrd@z Thu Jan 1 00:00:00 1970 Return-Path: Received: from mails.dpdk.org (mails.dpdk.org [217.70.189.124]) by inbox.dpdk.org (Postfix) with ESMTP id 8343548898 for ; Fri, 3 Oct 2025 06:18:19 +0200 (CEST) Received: from mails.dpdk.org (localhost [127.0.0.1]) by mails.dpdk.org (Postfix) with ESMTP id 7ED1E402A7; Fri, 3 Oct 2025 06:18:19 +0200 (CEST) Received: from mail-pg1-f228.google.com (mail-pg1-f228.google.com [209.85.215.228]) by mails.dpdk.org (Postfix) with ESMTP id 294E5402A7 for ; Fri, 3 Oct 2025 06:18:18 +0200 (CEST) Received: by mail-pg1-f228.google.com with SMTP id 41be03b00d2f7-b57bf560703so1289192a12.2 for ; Thu, 02 Oct 2025 21:18:18 -0700 (PDT) DKIM-Signature: v=1; a=rsa-sha256; c=relaxed/relaxed; d=iol.unh.edu; s=unh-iol; t=1759465097; x=1760069897; darn=dpdk.org; h=cc:to:from:subject:message-id:date:from:to:cc:subject:date :message-id:reply-to; bh=dUBOvO3OJRpZ8w/YR26WwytB6P2oZwxWMpLqjpgibAc=; b=SXf/3IJ71jnDtwtAq3Uml6kgBZMUGTmnKqTWHmjQP+J7jGLHpWymCy/dwgcPmdGHNF AB8ednZadTSuKbnL6ab56jdLFfDmGp9FTWJzhACtytTeOS1iz6Ts6LCtphTD22wvEkHH ZAD9qXiFdGfP0ONdoggGXe/YUdMmT06q4+6H4= X-Google-DKIM-Signature: v=1; a=rsa-sha256; c=relaxed/relaxed; d=1e100.net; s=20230601; t=1759465097; x=1760069897; h=cc:to:from:subject:message-id:date:x-gm-message-state:from:to:cc :subject:date:message-id:reply-to; bh=dUBOvO3OJRpZ8w/YR26WwytB6P2oZwxWMpLqjpgibAc=; b=EPgkrE/s1Zdx73fP6AW4ouInbs5thlo6NW8AIlnHE2NuGXfM0KFrPbG/NfSthi73/r tKCpjz3wGE962ONYNrDxq5lh5iOgMV1PMXAw9HTET1ougS6kutNx9JN87NwMPdecjM83 pr1rygAz09V/h4Ybk/wSJW135J11QCFv7QIzhYAPfpoYrUBy5bETkd6913gAJeINKIhm kbuVz5pNoDOo+kyY6g7816u06teuDrggAGer1OIi6Rj5cCExcsbZt+Pny1GO7ZfTArXg k30EIezAIKi8qeJ3FTW67Fx1xiZjUc/A+z5Ia2Q7aUlObMI5wy4xvx3rJZGjsMEbhwcQ P5lQ== X-Gm-Message-State: AOJu0Yy93Zzu3hPRkf7KV7m4KvxQ1v2aQ7+tA2cjxyOMJ6/QhuXTEu82 Wep6CHAVVn7HMFzn6iU2f/m/ZbDFz/HWFnRW8FLXbZ5U1uEd0rBMPOcuGZbnAiqpjldc33Mxcrp Kfne5ySl2nyv5h4nJ5ry0vD4QX9JqpjGwUMtMcgZxtmnxgX5HkDrB X-Gm-Gg: ASbGncsjTc+C5pziwq6NK2SRU0kyRVQOCQXeWe6N/gQ2moz1Dv2DU5s3hfoda3X6+gh veM1J2oXyclLRUvwA/9gY7zk79pdiaFW1a/iUs8TSFNLFULNay5sWDutTTkr8tBfJcRrP9GfCLG CAjKK2nVhOiP+pT5z4+pcWAJ1XBFUWocKejL3mqlZp2Rn91b1TPvNEguCwn9yyvE98cyUOOe8vb eOL6FN/EyyJqbVY4Zn+EHQrk9xyuckYrIeQ+bbHG7nOdomYfE+ZJpF9lgBNNyV2PQjYXkFADYZr nEImmDLP7EaWCw7SeI9k46bOD2lLfqV/u7KTQokQlJp/PSr+B6CzjaQ= X-Google-Smtp-Source: AGHT+IGqo3mva8bKiZ96/E/dEyBWRmOU8MLOehvBvE30IL7rMM/9HSUBTiR6KkGpSuPN0Pod4a94+rNd7M7v X-Received: by 2002:a17:903:9cc:b0:26b:3aab:f6bf with SMTP id d9443c01a7336-28e9a61ee0bmr25169595ad.42.1759465097288; Thu, 02 Oct 2025 21:18:17 -0700 (PDT) Received: from postal.iol.unh.edu (postal.iol.unh.edu. [2606:4100:3880:1234::84]) by smtp-relay.gmail.com with ESMTPS id d9443c01a7336-28e8d1b2e5asm2905745ad.73.2025.10.02.21.18.17 (version=TLS1_2 cipher=ECDHE-ECDSA-AES128-GCM-SHA256 bits=128/128); Thu, 02 Oct 2025 21:18:17 -0700 (PDT) X-Relaying-Domain: iol.unh.edu Date: Thu, 02 Oct 2025 21:18:17 -0700 (PDT) Message-ID: <68df4e89.170a0220.369f22.1c28SMTPIN_ADDED_MISSING@mx.google.com> Received: from [172.21.0.2] (unknown [172.18.0.240]) by postal.iol.unh.edu (Postfix) with ESMTP id 926E7604D420; Fri, 3 Oct 2025 00:18:16 -0400 (EDT) Subject: |FAILURE| [GIT MASTER] 62f583c49bf67dd4d6733ece14e55fe6839e66d1 From: dpdklab@iol.unh.edu To: Test Report Cc: dpdk-test-reports@iol.unh.edu, Xueming Li , Christian Ehrhardt , Kevin Traynor , Luca Boccassi Content-Type: text/plain X-BeenThere: test-report@dpdk.org X-Mailman-Version: 2.1.29 Precedence: list List-Id: automatic DPDK test reports List-Unsubscribe: , List-Archive: List-Post: List-Help: List-Subscribe: , Errors-To: test-report-bounces@dpdk.org _Testing issues_ Branch: tags/v23.11 62f583c49bf67dd4d6733ece14e55fe6839e66d1 --> testing issues Upstream job id: Windows-Compile-DPDK-Native#31385 Test environment and result as below: +---------------------+-------------------+--------------------+-------------------------+ | Environment | dpdk_msvc_compile | dpdk_meson_compile | dpdk_llvm_clang_compile | +=====================+===================+====================+=========================+ | Windows Server 2022 | PASS | SKIPPED | FAIL | +---------------------+-------------------+--------------------+-------------------------+ | Ubuntu 20.04 | SKIPPED | PASS | SKIPPED | +---------------------+-------------------+--------------------+-------------------------+ | FreeBSD 14.2 | SKIPPED | PEND | SKIPPED | +---------------------+-------------------+--------------------+-------------------------+ ==== 20 line log output for Windows Server 2022 (dpdk_llvm_clang_compile): ==== Compiler for C supports arguments -mavx512f: YES (cached) Compiler for C supports arguments -mavx512bw: YES (cached) Compiler for C supports arguments -mavx512dq: YES (cached) Compiler for C supports arguments -march=skylake-avx512: YES Message: drivers/common/idpf: Defining dependency "common_idpf" Message: drivers/bus/auxiliary: Defining dependency "bus_auxiliary" Compiler for C supports arguments -Wno-cast-qual: YES (cached) Compiler for C supports arguments -Wno-pointer-arith: YES (cached) Message: drivers/bus/pci: Defining dependency "bus_pci" Message: drivers/bus/vdev: Defining dependency "bus_vdev" Compiler for C supports arguments -std=c11: YES Compiler for C supports arguments -Wno-strict-prototypes: YES Compiler for C supports arguments -D_BSD_SOURCE: YES Compiler for C supports arguments -D_DEFAULT_SOURCE: YES Compiler for C supports arguments -D_XOPEN_SOURCE=600: YES Has header "mlx5devx.h" : YES drivers\common\mlx5\windows\meson.build:10:13: ERROR: C shared or static library 'mlx5devx' not found A full log can be found at C:\Users\builder\jenkins\workspace\Windows-Compile-DPDK-Native\dpdk\build\meson-logs\meson-log.txt ==== End log output ==== Windows Server 2022 Kernel: 10.0.20348.2031 Compiler: clang 15.0.7, gcc 14.1.0 (MinGW), and MSVC VS 19.39.33521 Ubuntu 20.04 Kernel: 4.19 Compiler: gcc gcc (Ubuntu 9.4.0-1ubuntu1~20.04.2) 9.4.0 FreeBSD 14.2 Kernel: 14.2-RELEASE Compiler: clang 18.1.6 To view detailed results, visit: https://lab.dpdk.org/results/dashboard/tarballs/35090/ UNH-IOL DPDK Community Lab To manage your email subscriptions, visit: https://lab.dpdk.org/results/dashboard/preferences/subscriptions/