automatic DPDK test reports
 help / color / mirror / Atom feed
* |SUCCESS| pw157229 [PATCH] app/crypto-perf: add ECDSA P192/P224/P521 support
       [not found] <20251003034233.2964182-1-rchiluka@marvell.com>
@ 2025-10-03  3:09 ` qemudev
  2025-10-03  3:14 ` qemudev
                   ` (25 subsequent siblings)
  26 siblings, 0 replies; 27+ messages in thread
From: qemudev @ 2025-10-03  3:09 UTC (permalink / raw)
  To: test-report

Test-Label: loongarch-compilation
Test-Status: SUCCESS
http://dpdk.org/patch/157229

_Compilation OK_

Submitter: Rupesh Chiluka <rchiluka@marvell.com>
Date: Fri, 3 Oct 2025 09:12:33 +0530
DPDK git baseline: Repo:dpdk-next-crypto
  Branch: for-main
  CommitID: caa17cb4b057a31ee04067459fe543f7d7ae1079

157229 --> meson & ninja build successfully

Test environment and result as below:

+---------------------+----------------+
|     Environment     | compilation    |
+---------------------+----------------+
| Loongnix-Server 8.3 | PASS           |
+---------------------+----------------+

Loongnix-Server 8.3
    Kernel: 4.19.190+
    Compiler: gcc 8.3


^ permalink raw reply	[flat|nested] 27+ messages in thread

* |SUCCESS| pw157229 [PATCH] app/crypto-perf: add ECDSA P192/P224/P521 support
       [not found] <20251003034233.2964182-1-rchiluka@marvell.com>
  2025-10-03  3:09 ` |SUCCESS| pw157229 [PATCH] app/crypto-perf: add ECDSA P192/P224/P521 support qemudev
@ 2025-10-03  3:14 ` qemudev
  2025-10-03  3:44 ` checkpatch
                   ` (24 subsequent siblings)
  26 siblings, 0 replies; 27+ messages in thread
From: qemudev @ 2025-10-03  3:14 UTC (permalink / raw)
  To: test-report

Test-Label: loongarch-unit-testing
Test-Status: SUCCESS
http://dpdk.org/patch/157229

_Unit Testing PASS_

Submitter: Rupesh Chiluka <rchiluka@marvell.com>
Date: Fri, 3 Oct 2025 09:12:33 +0530
DPDK git baseline: Repo:dpdk-next-crypto
  Branch: for-main
  CommitID: caa17cb4b057a31ee04067459fe543f7d7ae1079

157229 --> testing pass

Test environment and result as below:

+---------------------+----------------+
|     Environment     | dpdk_unit_test |
+---------------------+----------------+
| Loongnix-Server 8.3 | PASS           |
+---------------------+----------------+

Loongnix-Server 8.3
    Kernel: 4.19.190+
    Compiler: gcc 8.3


Test result details:
  1/120 DPDK:fast-tests / acl_autotest                            OK              3.41s
  2/120 DPDK:fast-tests / alarm_autotest                          OK              1.76s
  3/120 DPDK:fast-tests / argparse_autotest                       OK              0.76s
  4/120 DPDK:fast-tests / atomic_autotest                         OK              7.33s
  5/120 DPDK:fast-tests / bitcount_autotest                       OK              0.76s
  6/120 DPDK:fast-tests / bitmap_autotest                         OK              0.76s
  7/120 DPDK:fast-tests / bitops_autotest                         OK              2.24s
  8/120 DPDK:fast-tests / bitratestats_autotest                   OK              0.76s
  9/120 DPDK:fast-tests / bitset_autotest                         OK              3.51s
 10/120 DPDK:fast-tests / bpf_autotest                            OK              0.75s
 11/120 DPDK:fast-tests / bpf_convert_autotest                    OK              0.76s
 12/120 DPDK:fast-tests / byteorder_autotest                      OK              0.75s
 13/120 DPDK:fast-tests / cfgfile_autotest                        OK              0.76s
 14/120 DPDK:fast-tests / cksum_autotest                          OK              0.75s
 15/120 DPDK:fast-tests / cmdline_autotest                        OK              0.75s
 16/120 DPDK:fast-tests / common_autotest                         OK              1.57s
 17/120 DPDK:fast-tests / compressdev_autotest                    SKIP            0.08s   exit status 77
 18/120 DPDK:fast-tests / cpuflags_autotest                       OK              0.75s
 19/120 DPDK:fast-tests / crc_autotest                            OK              0.76s
 20/120 DPDK:fast-tests / user_delay_us                           OK              0.76s
 21/120 DPDK:fast-tests / debug_autotest                          OK             20.11s
 22/120 DPDK:fast-tests / devargs_autotest                        OK              0.75s
 23/120 DPDK:fast-tests / dispatcher_autotest                     OK              2.53s
 24/120 DPDK:fast-tests / distributor_autotest                    OK              1.21s
 25/120 DPDK:fast-tests / eal_flags_c_opt_autotest                OK              0.83s
 26/120 DPDK:fast-tests / eal_flags_main_opt_autotest             OK              0.24s
 27/120 DPDK:fast-tests / eal_flags_n_opt_autotest                OK              0.22s
 28/120 DPDK:fast-tests / eal_flags_hpet_autotest                 OK              0.15s
 29/120 DPDK:fast-tests / eal_flags_no_huge_autotest              OK              0.24s
 30/120 DPDK:fast-tests / eal_flags_a_opt_autotest                OK              0.33s
 31/120 DPDK:fast-tests / eal_flags_b_opt_autotest                OK              0.27s
 32/120 DPDK:fast-tests / eal_flags_vdev_opt_autotest             OK              0.22s
 33/120 DPDK:fast-tests / eal_flags_r_opt_autotest                OK              0.21s
 34/120 DPDK:fast-tests / eal_flags_mem_autotest                  OK              0.63s
 35/120 DPDK:fast-tests / eal_flags_file_prefix_autotest          OK             22.31s
 36/120 DPDK:fast-tests / eal_flags_misc_autotest                 OK              1.11s
 37/120 DPDK:fast-tests / eal_fs_autotest                         OK              0.75s
 38/120 DPDK:fast-tests / errno_autotest                          OK              0.75s
 39/120 DPDK:fast-tests / ethdev_link_status                      OK              0.76s
 40/120 DPDK:fast-tests / event_eth_tx_adapter_autotest           OK              1.71s
 41/120 DPDK:fast-tests / event_ring_autotest                     OK              0.76s
 42/120 DPDK:fast-tests / eventdev_common_autotest                OK              0.76s
 43/120 DPDK:fast-tests / eventdev_selftest_sw                    OK              7.58s
 44/120 DPDK:fast-tests / fbarray_autotest                        OK              0.76s
 45/120 DPDK:fast-tests / fib_autotest                            OK              1.63s
 46/120 DPDK:fast-tests / fib6_autotest                           OK              1.42s
 47/120 DPDK:fast-tests / func_reentrancy_autotest                OK              2.32s
 48/120 DPDK:fast-tests / graph_autotest                          OK              0.76s
 49/120 DPDK:fast-tests / node_list_dump                          OK              0.75s
 50/120 DPDK:fast-tests / graph_feature_arc_autotest              OK              0.76s
 51/120 DPDK:fast-tests / hash_autotest                           OK              1.38s
 52/120 DPDK:fast-tests / hash_readwrite_func_autotest            OK              6.39s
 53/120 DPDK:fast-tests / interrupt_autotest                      OK              2.06s
 54/120 DPDK:fast-tests / ipfrag_autotest                         OK              0.09s
 55/120 DPDK:fast-tests / ipsec_autotest                          SKIP            0.76s   exit status 77
 56/120 DPDK:fast-tests / kvargs_autotest                         OK              0.76s
 57/120 DPDK:fast-tests / latencystats_autotest                   OK              0.76s
 58/120 DPDK:fast-tests / lcore_var_autotest                      OK              0.87s
 59/120 DPDK:fast-tests / lcores_autotest                         OK              5.56s
 60/120 DPDK:fast-tests / logs_autotest                           OK              0.75s
 61/120 DPDK:fast-tests / lpm_autotest                            OK              2.81s
 62/120 DPDK:fast-tests / lpm6_autotest                           OK              5.89s
 63/120 DPDK:fast-tests / malloc_autotest                         OK             64.52s
 64/120 DPDK:fast-tests / mbuf_autotest                           OK              5.18s
 65/120 DPDK:fast-tests / mcslock_autotest                        OK              3.62s
 66/120 DPDK:fast-tests / member_autotest                         OK              1.92s
 67/120 DPDK:fast-tests / memcpy_autotest                         OK              7.18s
 68/120 DPDK:fast-tests / memory_autotest                         OK              0.11s
 69/120 DPDK:fast-tests / mempool_autotest                        OK              0.45s
 70/120 DPDK:fast-tests / memzone_autotest                        OK              0.15s
 71/120 DPDK:fast-tests / meter_autotest                          OK              0.75s
 72/120 DPDK:fast-tests / metrics_autotest                        OK              0.75s
 73/120 DPDK:fast-tests / multiprocess_autotest                   OK              0.22s
 74/120 DPDK:fast-tests / net_ether_autotest                      OK              1.42s
 75/120 DPDK:fast-tests / net_ipv6_autotest                       OK              0.75s
 76/120 DPDK:fast-tests / pcapng_autotest                         OK              6.51s
 77/120 DPDK:fast-tests / pdcp_autotest                           SKIP            0.08s   exit status 77
 78/120 DPDK:fast-tests / pdump_autotest                          OK              0.87s
 79/120 DPDK:fast-tests / per_lcore_autotest                      OK              0.85s
 80/120 DPDK:fast-tests / pflock_autotest                         OK              1.54s
 81/120 DPDK:fast-tests / pie_autotest                            OK              0.74s
 82/120 DPDK:fast-tests / ring_pmd_autotest                       OK              0.75s
 83/120 DPDK:fast-tests / power_autotest                          OK              0.75s
 84/120 DPDK:fast-tests / power_cpufreq_autotest                  SKIP            0.09s   exit status 77
 85/120 DPDK:fast-tests / power_intel_uncore_autotest             SKIP            0.75s   exit status 77
 86/120 DPDK:fast-tests / power_kvm_vm_autotest                   SKIP            0.08s   exit status 77
 87/120 DPDK:fast-tests / prefetch_autotest                       OK              0.75s
 88/120 DPDK:fast-tests / ptr_compress_autotest                   OK              0.74s
 89/120 DPDK:fast-tests / rawdev_autotest                         OK              0.76s
 90/120 DPDK:fast-tests / rcu_qsbr_autotest                       OK              1.26s
 91/120 DPDK:fast-tests / reorder_autotest                        OK              0.82s
 92/120 DPDK:fast-tests / rib_autotest                            OK              9.38s
 93/120 DPDK:fast-tests / rib6_autotest                           OK              9.31s
 94/120 DPDK:fast-tests / ring_autotest                           OK              0.79s
 95/120 DPDK:fast-tests / rwlock_test1_autotest                   OK              1.49s
 96/120 DPDK:fast-tests / rwlock_rda_autotest                     OK              5.74s
 97/120 DPDK:fast-tests / rwlock_rds_wrm_autotest                 OK              5.74s
 98/120 DPDK:fast-tests / rwlock_rde_wro_autotest                 OK              5.77s
 99/120 DPDK:fast-tests / sched_autotest                          OK              0.76s
100/120 DPDK:fast-tests / security_autotest                       OK              0.09s
101/120 DPDK:fast-tests / seqlock_autotest                        OK              2.75s
102/120 DPDK:fast-tests / service_autotest                        OK              3.45s
103/120 DPDK:fast-tests / soring_autotest                         OK              0.76s
104/120 DPDK:fast-tests / spinlock_autotest                       OK              0.83s
105/120 DPDK:fast-tests / stack_autotest                          OK              0.89s
106/120 DPDK:fast-tests / stack_lf_autotest                       SKIP            0.07s   exit status 77
107/120 DPDK:fast-tests / string_autotest                         OK              0.76s
108/120 DPDK:fast-tests / table_autotest                          OK              7.96s
109/120 DPDK:fast-tests / tailq_autotest                          OK              0.76s
110/120 DPDK:fast-tests / telemetry_data_autotest                 OK              0.76s
111/120 DPDK:fast-tests / telemetry_json_autotest                 OK              0.76s
112/120 DPDK:fast-tests / thash_autotest                          OK              0.77s
113/120 DPDK:fast-tests / threads_autotest                        OK              0.95s
114/120 DPDK:fast-tests / ticketlock_autotest                     OK              1.02s
115/120 DPDK:fast-tests / timer_autotest                          OK              4.01s
116/120 DPDK:fast-tests / trace_autotest                          OK              0.75s
117/120 DPDK:fast-tests / trace_autotest_with_traces              OK              0.76s
118/120 DPDK:fast-tests / vdev_autotest                           OK              0.75s
119/120 DPDK:fast-tests / version_autotest                        OK              0.75s
120/120 DPDK:fast-tests / telemetry_all                           OK             19.71s


Ok:                 113
Expected Fail:      0
Fail:               0
Unexpected Pass:    0
Skipped:            7
Timeout:            0


^ permalink raw reply	[flat|nested] 27+ messages in thread

* |SUCCESS| pw157229 [PATCH] app/crypto-perf: add ECDSA P192/P224/P521 support
       [not found] <20251003034233.2964182-1-rchiluka@marvell.com>
  2025-10-03  3:09 ` |SUCCESS| pw157229 [PATCH] app/crypto-perf: add ECDSA P192/P224/P521 support qemudev
  2025-10-03  3:14 ` qemudev
@ 2025-10-03  3:44 ` checkpatch
  2025-10-03  4:17 ` |FAILURE| pw157229 [PATCH] app/crypto-perf: add ECDSA P192/P224/P521 dpdklab
                   ` (23 subsequent siblings)
  26 siblings, 0 replies; 27+ messages in thread
From: checkpatch @ 2025-10-03  3:44 UTC (permalink / raw)
  To: test-report

Test-Label: checkpatch
Test-Status: SUCCESS
http://dpdk.org/patch/157229

_coding style OK_



^ permalink raw reply	[flat|nested] 27+ messages in thread

* |FAILURE| pw157229 [PATCH] app/crypto-perf: add ECDSA P192/P224/P521
       [not found] <20251003034233.2964182-1-rchiluka@marvell.com>
                   ` (2 preceding siblings ...)
  2025-10-03  3:44 ` checkpatch
@ 2025-10-03  4:17 ` dpdklab
  2025-10-03  4:21 ` |SUCCESS| " dpdklab
                   ` (22 subsequent siblings)
  26 siblings, 0 replies; 27+ messages in thread
From: dpdklab @ 2025-10-03  4:17 UTC (permalink / raw)
  To: Test Report; +Cc: dpdk-test-reports, Akhil Goyal, Rupesh Chiluka

Test-Label: iol-compile-amd64-testing
Test-Status: FAILURE
http://dpdk.org/patch/157229

_Testing issues_

Submitter: Rupesh Chiluka <rchiluka@marvell.com>
Date: Friday, October 03 2025 03:42:33 
DPDK git baseline: Repo:dpdk-next-crypto
  Branch: master
  CommitID:caa17cb4b057a31ee04067459fe543f7d7ae1079

157229 --> testing issues

Upstream job id: Generic-VM-DPDK-Compile-Meson#38754

Test environment and result as below:

+--------------+--------------------+
| Environment  | dpdk_meson_compile |
+==============+====================+
| Ubuntu 20.04 | FAIL               |
+--------------+--------------------+

==== 20 line log output for Ubuntu 20.04 (dpdk_meson_compile): ====
[3246/3534] Compiling C object app/dpdk-test-mldev.p/test-mldev_ml_main.c.o
[3247/3534] Compiling C object app/dpdk-test-gpudev.p/test-gpudev_main.c.o
[3248/3534] Compiling C object app/dpdk-test-crypto-perf.p/test-crypto-perf_cperf_test_pmd_cyclecount.c.o
[3249/3534] Compiling C object app/dpdk-test-crypto-perf.p/test-crypto-perf_cperf_options_parsing.c.o
[3250/3534] Compiling C object app/dpdk-test-crypto-perf.p/test-crypto-perf_cperf_ops.c.o
[3251/3534] Compiling C object app/dpdk-test-crypto-perf.p/test-crypto-perf_cperf_test_latency.c.o
[3252/3534] Linking target app/dpdk-proc-info
[3253/3534] Linking target app/dpdk-test-cmdline
[3254/3534] Linking target app/dpdk-dumpcap
[3255/3534] Linking target app/dpdk-test-dma-perf
[3256/3534] Linking target app/dpdk-pdump
[3257/3534] Linking target app/dpdk-test-acl
[3258/3534] Linking target app/dpdk-test-bbdev
[3259/3534] Linking target app/dpdk-graph
[3260/3534] Linking target app/dpdk-test-fib
[3261/3534] Linking target app/dpdk-test-compress-perf
[3262/3534] Linking target app/dpdk-test-eventdev
[3263/3534] Linking target app/dpdk-test-flow-perf
[3264/3534] Generating rte_common_cnxk.sym_chk with a custom command (wrapped by meson to capture output)
ninja: build stopped: subcommand failed.
==== End log output ====

Ubuntu 20.04
	Kernel: 4.19
	Compiler: gcc gcc (Ubuntu 9.4.0-1ubuntu1~20.04.2) 9.4.0

To view detailed results, visit:
https://lab.dpdk.org/results/dashboard/patchsets/34203/

UNH-IOL DPDK Community Lab

To manage your email subscriptions, visit: 
https://lab.dpdk.org/results/dashboard/preferences/subscriptions/

^ permalink raw reply	[flat|nested] 27+ messages in thread

* |SUCCESS| pw157229 [PATCH] app/crypto-perf: add ECDSA P192/P224/P521
       [not found] <20251003034233.2964182-1-rchiluka@marvell.com>
                   ` (3 preceding siblings ...)
  2025-10-03  4:17 ` |FAILURE| pw157229 [PATCH] app/crypto-perf: add ECDSA P192/P224/P521 dpdklab
@ 2025-10-03  4:21 ` dpdklab
  2025-10-03  4:51 ` |FAILURE| " dpdklab
                   ` (21 subsequent siblings)
  26 siblings, 0 replies; 27+ messages in thread
From: dpdklab @ 2025-10-03  4:21 UTC (permalink / raw)
  To: Test Report; +Cc: dpdk-test-reports, Akhil Goyal

Test-Label: iol-mellanox-Functional
Test-Status: SUCCESS
http://dpdk.org/patch/157229

_Functional Testing PASS_

Submitter: Rupesh Chiluka <rchiluka@marvell.com>
Date: Friday, October 03 2025 03:42:33 
DPDK git baseline: Repo:dpdk-next-crypto
  Branch: master
  CommitID:caa17cb4b057a31ee04067459fe543f7d7ae1079

157229 --> functional testing pass

Upstream job id: Template-DPDK-DTS-Pipeline#2290

Test environment and result as below:

Ubuntu 24.04
Kernel: 6.8.0-55-generic
Compiler: gcc 13.3.0
NIC: Mellanox ConnectX-5 100000 Mbps

Aggregate Results by Test Suite
+---------------------------------+--------+
|           Test Suite            | Result |
+=================================+========+
| blocklist                       |  PASS  |
+---------------------------------+--------+
| promisc_support                 |  PASS  |
+---------------------------------+--------+
| uni_pkt                         |  PASS  |
+---------------------------------+--------+
| dynamic_config                  |  PASS  |
+---------------------------------+--------+
| hello_world                     |  PASS  |
+---------------------------------+--------+
| l2fwd                           |  PASS  |
+---------------------------------+--------+
| port_restart_config_persistency |  PASS  |
+---------------------------------+--------+
| softnic                         |  PASS  |
+---------------------------------+--------+
| vlan                            |  PASS  |
+---------------------------------+--------+


To view detailed results, visit:
https://lab.dpdk.org/results/dashboard/patchsets/34203/

UNH-IOL DPDK Community Lab

To manage your email subscriptions, visit: 
https://lab.dpdk.org/results/dashboard/preferences/subscriptions/

^ permalink raw reply	[flat|nested] 27+ messages in thread

* |FAILURE| pw157229 [PATCH] app/crypto-perf: add ECDSA P192/P224/P521
       [not found] <20251003034233.2964182-1-rchiluka@marvell.com>
                   ` (4 preceding siblings ...)
  2025-10-03  4:21 ` |SUCCESS| " dpdklab
@ 2025-10-03  4:51 ` dpdklab
  2025-10-03  4:57 ` |SUCCESS| " dpdklab
                   ` (20 subsequent siblings)
  26 siblings, 0 replies; 27+ messages in thread
From: dpdklab @ 2025-10-03  4:51 UTC (permalink / raw)
  To: Test Report; +Cc: dpdk-test-reports, Akhil Goyal, Rupesh Chiluka

Test-Label: iol-compile-amd64-testing
Test-Status: FAILURE
http://dpdk.org/patch/157229

_Testing issues_

Submitter: Rupesh Chiluka <rchiluka@marvell.com>
Date: Friday, October 03 2025 03:42:33 
DPDK git baseline: Repo:dpdk-next-crypto
  Branch: master
  CommitID:caa17cb4b057a31ee04067459fe543f7d7ae1079

157229 --> testing issues

Upstream job id: Windows-Compile-DPDK-VS#7090

Test environment and result as below:

+---------------------+--------------------+-------------------+
|     Environment     | dpdk_meson_compile | dpdk_msvc_compile |
+=====================+====================+===================+
| Ubuntu 20.04        | FAIL               | SKIPPED           |
+---------------------+--------------------+-------------------+
| FreeBSD 14.2        | FAIL               | SKIPPED           |
+---------------------+--------------------+-------------------+
| Windows Server 2022 | SKIPPED            | PASS              |
+---------------------+--------------------+-------------------+

==== 20 line log output for FreeBSD 14.2 (dpdk_meson_compile): ====
[1849/2137] Compiling C object app/dpdk-test-crypto-perf.p/test-crypto-perf_cperf_ops.c.o
[1850/2137] Compiling C object app/dpdk-test-crypto-perf.p/test-crypto-perf_cperf_test_latency.c.o
[1851/2137] Compiling C object app/dpdk-test-crypto-perf.p/test-crypto-perf_cperf_test_pmd_cyclecount.c.o
[1852/2137] Compiling C object app/dpdk-test-crypto-perf.p/test-crypto-perf_cperf_test_vectors.c.o
[1853/2137] Compiling C object app/dpdk-test-crypto-perf.p/test-crypto-perf_cperf_test_vector_parsing.c.o
[1854/2137] Compiling C object app/dpdk-test-crypto-perf.p/test-crypto-perf_cperf_test_throughput.c.o
[1855/2137] Compiling C object app/dpdk-test-dma-perf.p/test-dma-perf_main.c.o
[1856/2137] Compiling C object app/dpdk-test-crypto-perf.p/test-crypto-perf_main.c.o
FAILED: app/dpdk-test-crypto-perf.p/test-crypto-perf_main.c.o
cc -Iapp/dpdk-test-crypto-perf.p -Iapp -I../app -Ilib/cryptodev -I../lib/cryptodev -Ilib/eal/common -I../lib/eal/common -I. -I.. -Iconfig -I../config -Ilib/eal/include -I../lib/eal/include -Ilib/eal/freebsd/include -I../lib/eal/freebsd/include -Ilib/eal/x86/include -I../lib/eal/x86/include -Ilib/eal -I../lib/eal -Ilib/kvargs -I../lib/kvargs -Ilib/log -I../lib/log -Ilib/metrics -I../lib/metrics -Ilib/telemetry -I../lib/telemetry -Ilib/mbuf -I../lib/mbuf -Ilib/mempool -I../lib/mempool -Ilib/ring -I../lib/ring -Ilib/rcu -I../lib/rcu -Ilib/net -I../lib/net -Ilib/security -I../lib/security -Idrivers/crypto/scheduler -I../drivers/crypto/scheduler -Idrivers/bus/vdev -I../drivers/bus/vdev -Ilib/reorder -I../lib/reorder -Xclang -fcolor-diagnostics -pipe -D_FILE_OFFSET_BITS=64 -Wall -Winvalid-pch -Wextra -Werror -std=c11 -O3 -include rte_config.h -Wvla -Wcast-qual -Wdeprecated -Wformat -Wformat-nonliteral -Wformat-security -Wmissing-declarations -Wmissing-prototypes -Wnested-externs -Wold-styl
 e-definition -Wpointer-arith -Wsign-compare -Wstrict-prototypes -Wundef -Wwrite-strings -Wno-missing-field-initializers -D_GNU_SOURCE -D__BSD_VISIBLE -march=native -mrtm -DALLOW_EXPERIMENTAL_API -Wno-vla -MD -MQ app/dpdk-test-crypto-perf.p/test-crypto-perf_main.c.o -MF app/dpdk-test-crypto-perf.p/test-crypto-perf_main.c.o.d -o app/dpdk-test-crypto-perf.p/test-crypto-perf_main.c.o -c ../app/test-crypto-perf/main.c
../app/test-crypto-perf/main.c:426:13: error: 13 enumeration values not handled in switch: 'CPERF_CIPHER_ONLY', 'CPERF_AUTH_ONLY', 'CPERF_CIPHER_THEN_AUTH'... [-Werror,-Wswitch]
426 |                                 switch (opts->op_type) {
|                                         ^~~~~~~~~~~~~
1 error generated.
[1857/2137] Compiling C object app/dpdk-test-eventdev.p/test-eventdev_evt_main.c.o
[1858/2137] Compiling C object app/dpdk-test-crypto-perf.p/test-crypto-perf_cperf_test_verify.c.o
[1859/2137] Compiling C object app/dpdk-test-dma-perf.p/test-dma-perf_benchmark.c.o
[1860/2137] Compiling C object app/dpdk-test-bbdev.p/test-bbdev_test_bbdev_perf.c.o
[1861/2137] Compiling C object app/dpdk-test-eventdev.p/test-eventdev_evt_options.c.o
ninja: build stopped: subcommand failed.
==== End log output ====

Ubuntu 20.04
	Kernel: 4.19
	Compiler: gcc gcc (Ubuntu 9.4.0-1ubuntu1~20.04.2) 9.4.0

FreeBSD 14.2
	Kernel: 14.2-RELEASE
	Compiler: clang 18.1.6

Windows Server 2022
	Kernel: 10.0.20348.2031
	Compiler: clang 15.0.7, gcc 14.1.0 (MinGW), and MSVC VS 19.39.33521

To view detailed results, visit:
https://lab.dpdk.org/results/dashboard/patchsets/34203/

UNH-IOL DPDK Community Lab

To manage your email subscriptions, visit: 
https://lab.dpdk.org/results/dashboard/preferences/subscriptions/

^ permalink raw reply	[flat|nested] 27+ messages in thread

* |SUCCESS| pw157229 [PATCH] app/crypto-perf: add ECDSA P192/P224/P521
       [not found] <20251003034233.2964182-1-rchiluka@marvell.com>
                   ` (5 preceding siblings ...)
  2025-10-03  4:51 ` |FAILURE| " dpdklab
@ 2025-10-03  4:57 ` dpdklab
  2025-10-03  4:59 ` dpdklab
                   ` (19 subsequent siblings)
  26 siblings, 0 replies; 27+ messages in thread
From: dpdklab @ 2025-10-03  4:57 UTC (permalink / raw)
  To: Test Report; +Cc: dpdk-test-reports, Akhil Goyal

Test-Label: iol-sample-apps-testing
Test-Status: SUCCESS
http://dpdk.org/patch/157229

_Testing PASS_

Submitter: Rupesh Chiluka <rchiluka@marvell.com>
Date: Friday, October 03 2025 03:42:33 
DPDK git baseline: Repo:dpdk-next-crypto
  Branch: master
  CommitID:caa17cb4b057a31ee04067459fe543f7d7ae1079

157229 --> testing pass

Upstream job id: Template-DTS-Pipeline#247634

Test environment and result as below:

+--------------+----------------------+
| Environment  | compressdev_zlib_pmd |
+==============+======================+
| Ubuntu 22.04 | PASS                 |
+--------------+----------------------+


Ubuntu 22.04
	Kernel: 5.15
	Compiler: gcc gcc (Ubuntu 11.4.0-1ubuntu1~22.04.2) 11.4.0

To view detailed results, visit:
https://lab.dpdk.org/results/dashboard/patchsets/34203/

UNH-IOL DPDK Community Lab

To manage your email subscriptions, visit: 
https://lab.dpdk.org/results/dashboard/preferences/subscriptions/

^ permalink raw reply	[flat|nested] 27+ messages in thread

* |SUCCESS| pw157229 [PATCH] app/crypto-perf: add ECDSA P192/P224/P521
       [not found] <20251003034233.2964182-1-rchiluka@marvell.com>
                   ` (6 preceding siblings ...)
  2025-10-03  4:57 ` |SUCCESS| " dpdklab
@ 2025-10-03  4:59 ` dpdklab
  2025-10-03  5:10 ` |FAILURE| " dpdklab
                   ` (18 subsequent siblings)
  26 siblings, 0 replies; 27+ messages in thread
From: dpdklab @ 2025-10-03  4:59 UTC (permalink / raw)
  To: Test Report; +Cc: dpdk-test-reports, Akhil Goyal

Test-Label: iol-marvell-Functional
Test-Status: SUCCESS
http://dpdk.org/patch/157229

_Functional Testing PASS_

Submitter: Rupesh Chiluka <rchiluka@marvell.com>
Date: Friday, October 03 2025 03:42:33 
DPDK git baseline: Repo:dpdk-next-crypto
  Branch: master
  CommitID:caa17cb4b057a31ee04067459fe543f7d7ae1079

157229 --> functional testing pass

Upstream job id: Template-DTS-Pipeline#247632

Test environment and result as below:

Ubuntu 20.04.6
Kernel: 5.4.105
Compiler: gcc 9.4
NIC: Marvell CN106XX 50000 Mbps
Target: arm64-native-linuxapp-gcc

Aggregate Results by Test Suite
+----------------+--------+
|   Test Suite   | Result |
+================+========+
| cmdline        |  PASS  |
+----------------+--------+
| rxtx_callbacks |  PASS  |
+----------------+--------+


To view detailed results, visit:
https://lab.dpdk.org/results/dashboard/patchsets/34203/

UNH-IOL DPDK Community Lab

To manage your email subscriptions, visit: 
https://lab.dpdk.org/results/dashboard/preferences/subscriptions/

^ permalink raw reply	[flat|nested] 27+ messages in thread

* |FAILURE| pw157229 [PATCH] app/crypto-perf: add ECDSA P192/P224/P521
       [not found] <20251003034233.2964182-1-rchiluka@marvell.com>
                   ` (7 preceding siblings ...)
  2025-10-03  4:59 ` dpdklab
@ 2025-10-03  5:10 ` dpdklab
  2025-10-03  5:16 ` dpdklab
                   ` (17 subsequent siblings)
  26 siblings, 0 replies; 27+ messages in thread
From: dpdklab @ 2025-10-03  5:10 UTC (permalink / raw)
  To: Test Report; +Cc: dpdk-test-reports, Akhil Goyal, Rupesh Chiluka

Test-Label: iol-intel-Functional
Test-Status: FAILURE
http://dpdk.org/patch/157229

_Functional Testing issues_

Submitter: Rupesh Chiluka <rchiluka@marvell.com>
Date: Friday, October 03 2025 03:42:33 
DPDK git baseline: Repo:dpdk-next-crypto
  Branch: master
  CommitID:caa17cb4b057a31ee04067459fe543f7d7ae1079

157229 --> functional testing issues

Upstream job id: Template-DTS-Pipeline#247635

Test environment and result as below:

Ubuntu 24.04 LTS
Kernel: 6.8.0-44-generic
Compiler: gcc 13.2.0
NIC: Intel Corporation Ethernet Controller XL710 for 40GbE QSFP+ 40 Mbps

Aggregate Results by Test Suite
+--------------------+--------+
|     Test Suite     | Result |
+====================+========+
| blocklist          |  PASS  |
+--------------------+--------+
| promisc_support    |  PASS  |
+--------------------+--------+
| uni_pkt            |  PASS  |
+--------------------+--------+
| dynamic_config     |  PASS  |
+--------------------+--------+
| dynamic_queue_conf |  PASS  |
+--------------------+--------+
| hello_world        |  PASS  |
+--------------------+--------+
| l2fwd              |  PASS  |
+--------------------+--------+
| softnic            |  PASS  |
+--------------------+--------+
| vlan               |  PASS  |
+--------------------+--------+


Ubuntu 24.04
Kernel: 6.8
Compiler: gcc gcc (Ubuntu 13.3.0-6ubuntu2~24.04) 13.3.0
NIC: Intel Corporation 4xxx Series QAT 0 Mbps

Aggregate Results by Test Suite
+----------------------------+--------+
|         Test Suite         | Result |
+============================+========+
| crypto_perf_cryptodev_perf |  FAIL  |
+----------------------------+--------+


To view detailed results, visit:
https://lab.dpdk.org/results/dashboard/patchsets/34203/

UNH-IOL DPDK Community Lab

To manage your email subscriptions, visit: 
https://lab.dpdk.org/results/dashboard/preferences/subscriptions/

^ permalink raw reply	[flat|nested] 27+ messages in thread

* |FAILURE| pw157229 [PATCH] app/crypto-perf: add ECDSA P192/P224/P521
       [not found] <20251003034233.2964182-1-rchiluka@marvell.com>
                   ` (8 preceding siblings ...)
  2025-10-03  5:10 ` |FAILURE| " dpdklab
@ 2025-10-03  5:16 ` dpdklab
  2025-10-03  5:18 ` dpdklab
                   ` (16 subsequent siblings)
  26 siblings, 0 replies; 27+ messages in thread
From: dpdklab @ 2025-10-03  5:16 UTC (permalink / raw)
  To: Test Report; +Cc: dpdk-test-reports, Akhil Goyal, Rupesh Chiluka

Test-Label: iol-compile-amd64-testing
Test-Status: FAILURE
http://dpdk.org/patch/157229

_Testing issues_

Submitter: Rupesh Chiluka <rchiluka@marvell.com>
Date: Friday, October 03 2025 03:42:33 
DPDK git baseline: Repo:dpdk-next-crypto
  Branch: master
  CommitID:caa17cb4b057a31ee04067459fe543f7d7ae1079

157229 --> testing issues

Upstream job id: Windows-Compile-DPDK-Native#31389

Test environment and result as below:

+---------------------+--------------------+-------------------+-------------------------+
|     Environment     | dpdk_meson_compile | dpdk_msvc_compile | dpdk_llvm_clang_compile |
+=====================+====================+===================+=========================+
| Ubuntu 20.04        | FAIL               | SKIPPED           | SKIPPED                 |
+---------------------+--------------------+-------------------+-------------------------+
| FreeBSD 14.2        | FAIL               | SKIPPED           | SKIPPED                 |
+---------------------+--------------------+-------------------+-------------------------+
| Windows Server 2022 | SKIPPED            | PASS              | PASS                    |
+---------------------+--------------------+-------------------+-------------------------+

==== 20 line log output for FreeBSD 14.2 (dpdk_meson_compile): ====
[1849/2137] Compiling C object app/dpdk-test-crypto-perf.p/test-crypto-perf_cperf_ops.c.o
[1850/2137] Compiling C object app/dpdk-test-crypto-perf.p/test-crypto-perf_cperf_test_latency.c.o
[1851/2137] Compiling C object app/dpdk-test-crypto-perf.p/test-crypto-perf_cperf_test_pmd_cyclecount.c.o
[1852/2137] Compiling C object app/dpdk-test-crypto-perf.p/test-crypto-perf_cperf_test_vectors.c.o
[1853/2137] Compiling C object app/dpdk-test-crypto-perf.p/test-crypto-perf_cperf_test_vector_parsing.c.o
[1854/2137] Compiling C object app/dpdk-test-crypto-perf.p/test-crypto-perf_cperf_test_throughput.c.o
[1855/2137] Compiling C object app/dpdk-test-dma-perf.p/test-dma-perf_main.c.o
[1856/2137] Compiling C object app/dpdk-test-crypto-perf.p/test-crypto-perf_main.c.o
FAILED: app/dpdk-test-crypto-perf.p/test-crypto-perf_main.c.o
cc -Iapp/dpdk-test-crypto-perf.p -Iapp -I../app -Ilib/cryptodev -I../lib/cryptodev -Ilib/eal/common -I../lib/eal/common -I. -I.. -Iconfig -I../config -Ilib/eal/include -I../lib/eal/include -Ilib/eal/freebsd/include -I../lib/eal/freebsd/include -Ilib/eal/x86/include -I../lib/eal/x86/include -Ilib/eal -I../lib/eal -Ilib/kvargs -I../lib/kvargs -Ilib/log -I../lib/log -Ilib/metrics -I../lib/metrics -Ilib/telemetry -I../lib/telemetry -Ilib/mbuf -I../lib/mbuf -Ilib/mempool -I../lib/mempool -Ilib/ring -I../lib/ring -Ilib/rcu -I../lib/rcu -Ilib/net -I../lib/net -Ilib/security -I../lib/security -Idrivers/crypto/scheduler -I../drivers/crypto/scheduler -Idrivers/bus/vdev -I../drivers/bus/vdev -Ilib/reorder -I../lib/reorder -Xclang -fcolor-diagnostics -pipe -D_FILE_OFFSET_BITS=64 -Wall -Winvalid-pch -Wextra -Werror -std=c11 -O3 -include rte_config.h -Wvla -Wcast-qual -Wdeprecated -Wformat -Wformat-nonliteral -Wformat-security -Wmissing-declarations -Wmissing-prototypes -Wnested-externs -Wold-styl
 e-definition -Wpointer-arith -Wsign-compare -Wstrict-prototypes -Wundef -Wwrite-strings -Wno-missing-field-initializers -D_GNU_SOURCE -D__BSD_VISIBLE -march=native -mrtm -DALLOW_EXPERIMENTAL_API -Wno-vla -MD -MQ app/dpdk-test-crypto-perf.p/test-crypto-perf_main.c.o -MF app/dpdk-test-crypto-perf.p/test-crypto-perf_main.c.o.d -o app/dpdk-test-crypto-perf.p/test-crypto-perf_main.c.o -c ../app/test-crypto-perf/main.c
../app/test-crypto-perf/main.c:426:13: error: 13 enumeration values not handled in switch: 'CPERF_CIPHER_ONLY', 'CPERF_AUTH_ONLY', 'CPERF_CIPHER_THEN_AUTH'... [-Werror,-Wswitch]
426 |                                 switch (opts->op_type) {
|                                         ^~~~~~~~~~~~~
1 error generated.
[1857/2137] Compiling C object app/dpdk-test-eventdev.p/test-eventdev_evt_main.c.o
[1858/2137] Compiling C object app/dpdk-test-crypto-perf.p/test-crypto-perf_cperf_test_verify.c.o
[1859/2137] Compiling C object app/dpdk-test-dma-perf.p/test-dma-perf_benchmark.c.o
[1860/2137] Compiling C object app/dpdk-test-bbdev.p/test-bbdev_test_bbdev_perf.c.o
[1861/2137] Compiling C object app/dpdk-test-eventdev.p/test-eventdev_evt_options.c.o
ninja: build stopped: subcommand failed.
==== End log output ====

Ubuntu 20.04
	Kernel: 4.19
	Compiler: gcc gcc (Ubuntu 9.4.0-1ubuntu1~20.04.2) 9.4.0

FreeBSD 14.2
	Kernel: 14.2-RELEASE
	Compiler: clang 18.1.6

Windows Server 2022
	Kernel: 10.0.20348.2031
	Compiler: clang 15.0.7, gcc 14.1.0 (MinGW), and MSVC VS 19.39.33521

To view detailed results, visit:
https://lab.dpdk.org/results/dashboard/patchsets/34203/

UNH-IOL DPDK Community Lab

To manage your email subscriptions, visit: 
https://lab.dpdk.org/results/dashboard/preferences/subscriptions/

^ permalink raw reply	[flat|nested] 27+ messages in thread

* |FAILURE| pw157229 [PATCH] app/crypto-perf: add ECDSA P192/P224/P521
       [not found] <20251003034233.2964182-1-rchiluka@marvell.com>
                   ` (9 preceding siblings ...)
  2025-10-03  5:16 ` dpdklab
@ 2025-10-03  5:18 ` dpdklab
  2025-10-03  5:36 ` |PENDING| " dpdklab
                   ` (15 subsequent siblings)
  26 siblings, 0 replies; 27+ messages in thread
From: dpdklab @ 2025-10-03  5:18 UTC (permalink / raw)
  To: Test Report; +Cc: dpdk-test-reports, Akhil Goyal, Rupesh Chiluka

Test-Label: iol-compile-amd64-testing
Test-Status: FAILURE
http://dpdk.org/patch/157229

_Testing issues_

Submitter: Rupesh Chiluka <rchiluka@marvell.com>
Date: Friday, October 03 2025 03:42:33 
DPDK git baseline: Repo:dpdk-next-crypto
  Branch: master
  CommitID:caa17cb4b057a31ee04067459fe543f7d7ae1079

157229 --> testing issues

Upstream job id: Windows-Compile-DPDK-Native#31390

Test environment and result as below:

+---------------------+--------------------+-------------------+-------------------------+----------------------+
|     Environment     | dpdk_meson_compile | dpdk_msvc_compile | dpdk_llvm_clang_compile | dpdk_mingw64_compile |
+=====================+====================+===================+=========================+======================+
| Ubuntu 20.04        | FAIL               | SKIPPED           | SKIPPED                 | SKIPPED              |
+---------------------+--------------------+-------------------+-------------------------+----------------------+
| FreeBSD 14.2        | FAIL               | SKIPPED           | SKIPPED                 | SKIPPED              |
+---------------------+--------------------+-------------------+-------------------------+----------------------+
| Windows Server 2022 | SKIPPED            | PASS              | PASS                    | PASS                 |
+---------------------+--------------------+-------------------+-------------------------+----------------------+

==== 20 line log output for FreeBSD 14.2 (dpdk_meson_compile): ====
[1849/2137] Compiling C object app/dpdk-test-crypto-perf.p/test-crypto-perf_cperf_ops.c.o
[1850/2137] Compiling C object app/dpdk-test-crypto-perf.p/test-crypto-perf_cperf_test_latency.c.o
[1851/2137] Compiling C object app/dpdk-test-crypto-perf.p/test-crypto-perf_cperf_test_pmd_cyclecount.c.o
[1852/2137] Compiling C object app/dpdk-test-crypto-perf.p/test-crypto-perf_cperf_test_vectors.c.o
[1853/2137] Compiling C object app/dpdk-test-crypto-perf.p/test-crypto-perf_cperf_test_vector_parsing.c.o
[1854/2137] Compiling C object app/dpdk-test-crypto-perf.p/test-crypto-perf_cperf_test_throughput.c.o
[1855/2137] Compiling C object app/dpdk-test-dma-perf.p/test-dma-perf_main.c.o
[1856/2137] Compiling C object app/dpdk-test-crypto-perf.p/test-crypto-perf_main.c.o
FAILED: app/dpdk-test-crypto-perf.p/test-crypto-perf_main.c.o
cc -Iapp/dpdk-test-crypto-perf.p -Iapp -I../app -Ilib/cryptodev -I../lib/cryptodev -Ilib/eal/common -I../lib/eal/common -I. -I.. -Iconfig -I../config -Ilib/eal/include -I../lib/eal/include -Ilib/eal/freebsd/include -I../lib/eal/freebsd/include -Ilib/eal/x86/include -I../lib/eal/x86/include -Ilib/eal -I../lib/eal -Ilib/kvargs -I../lib/kvargs -Ilib/log -I../lib/log -Ilib/metrics -I../lib/metrics -Ilib/telemetry -I../lib/telemetry -Ilib/mbuf -I../lib/mbuf -Ilib/mempool -I../lib/mempool -Ilib/ring -I../lib/ring -Ilib/rcu -I../lib/rcu -Ilib/net -I../lib/net -Ilib/security -I../lib/security -Idrivers/crypto/scheduler -I../drivers/crypto/scheduler -Idrivers/bus/vdev -I../drivers/bus/vdev -Ilib/reorder -I../lib/reorder -Xclang -fcolor-diagnostics -pipe -D_FILE_OFFSET_BITS=64 -Wall -Winvalid-pch -Wextra -Werror -std=c11 -O3 -include rte_config.h -Wvla -Wcast-qual -Wdeprecated -Wformat -Wformat-nonliteral -Wformat-security -Wmissing-declarations -Wmissing-prototypes -Wnested-externs -Wold-styl
 e-definition -Wpointer-arith -Wsign-compare -Wstrict-prototypes -Wundef -Wwrite-strings -Wno-missing-field-initializers -D_GNU_SOURCE -D__BSD_VISIBLE -march=native -mrtm -DALLOW_EXPERIMENTAL_API -Wno-vla -MD -MQ app/dpdk-test-crypto-perf.p/test-crypto-perf_main.c.o -MF app/dpdk-test-crypto-perf.p/test-crypto-perf_main.c.o.d -o app/dpdk-test-crypto-perf.p/test-crypto-perf_main.c.o -c ../app/test-crypto-perf/main.c
../app/test-crypto-perf/main.c:426:13: error: 13 enumeration values not handled in switch: 'CPERF_CIPHER_ONLY', 'CPERF_AUTH_ONLY', 'CPERF_CIPHER_THEN_AUTH'... [-Werror,-Wswitch]
426 |                                 switch (opts->op_type) {
|                                         ^~~~~~~~~~~~~
1 error generated.
[1857/2137] Compiling C object app/dpdk-test-eventdev.p/test-eventdev_evt_main.c.o
[1858/2137] Compiling C object app/dpdk-test-crypto-perf.p/test-crypto-perf_cperf_test_verify.c.o
[1859/2137] Compiling C object app/dpdk-test-dma-perf.p/test-dma-perf_benchmark.c.o
[1860/2137] Compiling C object app/dpdk-test-bbdev.p/test-bbdev_test_bbdev_perf.c.o
[1861/2137] Compiling C object app/dpdk-test-eventdev.p/test-eventdev_evt_options.c.o
ninja: build stopped: subcommand failed.
==== End log output ====

Ubuntu 20.04
	Kernel: 4.19
	Compiler: gcc gcc (Ubuntu 9.4.0-1ubuntu1~20.04.2) 9.4.0

FreeBSD 14.2
	Kernel: 14.2-RELEASE
	Compiler: clang 18.1.6

Windows Server 2022
	Kernel: 10.0.20348.2031
	Compiler: clang 15.0.7, gcc 14.1.0 (MinGW), and MSVC VS 19.39.33521

To view detailed results, visit:
https://lab.dpdk.org/results/dashboard/patchsets/34203/

UNH-IOL DPDK Community Lab

To manage your email subscriptions, visit: 
https://lab.dpdk.org/results/dashboard/preferences/subscriptions/

^ permalink raw reply	[flat|nested] 27+ messages in thread

* |PENDING| pw157229 [PATCH] app/crypto-perf: add ECDSA P192/P224/P521
       [not found] <20251003034233.2964182-1-rchiluka@marvell.com>
                   ` (10 preceding siblings ...)
  2025-10-03  5:18 ` dpdklab
@ 2025-10-03  5:36 ` dpdklab
  2025-10-03  5:37 ` |WARNING| " dpdklab
                   ` (14 subsequent siblings)
  26 siblings, 0 replies; 27+ messages in thread
From: dpdklab @ 2025-10-03  5:36 UTC (permalink / raw)
  To: Test Report; +Cc: dpdk-test-reports

Test-Label: iol-unit-arm64-testing
Test-Status: PENDING
http://dpdk.org/patch/157229

_Testing pending_

Submitter: Rupesh Chiluka <rchiluka@marvell.com>
Date: Friday, October 03 2025 03:42:33 
DPDK git baseline: Repo:dpdk-next-crypto
  Branch: master
  CommitID:caa17cb4b057a31ee04067459fe543f7d7ae1079

157229 --> testing pending

Upstream job id: Aarch32-Unit-Test#7724

Test environment and result as below:

+------------------------------+----------------+--------------+------------------------------+---------------------------+
|         Environment          | dpdk_unit_test | lpm_autotest | cryptodev_sw_snow3g_autotest | cryptodev_sw_zuc_autotest |
+==============================+================+==============+==============================+===========================+
| CentOS Stream 10             | PEND           | SKIPPED      | SKIPPED                      | SKIPPED                   |
+------------------------------+----------------+--------------+------------------------------+---------------------------+
| CentOS Stream 9              | PEND           | SKIPPED      | SKIPPED                      | SKIPPED                   |
+------------------------------+----------------+--------------+------------------------------+---------------------------+
| Debian GNU/Linux 12          | PEND           | SKIPPED      | SKIPPED                      | SKIPPED                   |
+------------------------------+----------------+--------------+------------------------------+---------------------------+
| Fedora Linux 40              | PEND           | SKIPPED      | SKIPPED                      | SKIPPED                   |
+------------------------------+----------------+--------------+------------------------------+---------------------------+
| Fedora Linux 41              | PEND           | SKIPPED      | SKIPPED                      | SKIPPED                   |
+------------------------------+----------------+--------------+------------------------------+---------------------------+
| Fedora Linux 42              | PEND           | SKIPPED      | SKIPPED                      | SKIPPED                   |
+------------------------------+----------------+--------------+------------------------------+---------------------------+
| Ubuntu 20.04                 | PEND           | PEND         | SKIPPED                      | SKIPPED                   |
+------------------------------+----------------+--------------+------------------------------+---------------------------+
| Red Hat Enterprise Linux 9.5 | PEND           | SKIPPED      | SKIPPED                      | SKIPPED                   |
+------------------------------+----------------+--------------+------------------------------+---------------------------+
| Ubuntu 22.04                 | PASS           | SKIPPED      | SKIPPED                      | SKIPPED                   |
+------------------------------+----------------+--------------+------------------------------+---------------------------+
| Ubuntu 24.04                 | PEND           | SKIPPED      | SKIPPED                      | SKIPPED                   |
+------------------------------+----------------+--------------+------------------------------+---------------------------+
| Debian 12 (arm)              | SKIPPED        | SKIPPED      | PEND                         | PEND                      |
+------------------------------+----------------+--------------+------------------------------+---------------------------+


CentOS Stream 10
	Kernel: 5.4
	Compiler: gcc gcc (GCC) 14.2.1 20250110 (Red Hat 14.2.1-8)

CentOS Stream 9
	Kernel: 5.4
	Compiler: gcc gcc (GCC) 11.5.0 20240719 (Red Hat 11.5.0-11)

Debian GNU/Linux 12
	Kernel: 5.4
	Compiler: gcc gcc (Debian 12.2.0-14+deb12u1) 12.2.0

Fedora Linux 40
	Kernel: 5.4
	Compiler: gcc gcc (GCC) 14.2.1 20240912 (Red Hat 14.2.1-3)

Fedora Linux 41
	Kernel: 5.4
	Compiler: gcc gcc (GCC) 14.3.1 20250523 (Red Hat 14.3.1-1)

Fedora Linux 42
	Kernel: 5.4
	Compiler: gcc gcc (GCC) 15.2.1 20250808 (Red Hat 15.2.1-1)

Ubuntu 20.04
	Kernel: 5.4
	Compiler: gcc gcc (Ubuntu 9.4.0-1ubuntu1~20.04.2) 9.4.0

Red Hat Enterprise Linux 9.5
	Kernel: 5.4
	Compiler: gcc gcc (GCC) 11.5.0 20240719 (Red Hat 11.5.0-2)

Ubuntu 22.04
	Kernel: 5.4
	Compiler: gcc gcc (Ubuntu 11.4.0-1ubuntu1~22.04) 11.4.0

Ubuntu 24.04
	Kernel: 5.4
	Compiler: gcc gcc (Ubuntu 13.3.0-6ubuntu2~24.04) 13.3.0

Debian 12 (arm)
	Kernel: Depends on container host
	Compiler: gcc (Debian 12.2.0-14) 12.2.0

To view detailed results, visit:
https://lab.dpdk.org/results/dashboard/patchsets/34203/

UNH-IOL DPDK Community Lab

To manage your email subscriptions, visit: 
https://lab.dpdk.org/results/dashboard/preferences/subscriptions/

^ permalink raw reply	[flat|nested] 27+ messages in thread

* |WARNING| pw157229 [PATCH] app/crypto-perf: add ECDSA P192/P224/P521
       [not found] <20251003034233.2964182-1-rchiluka@marvell.com>
                   ` (11 preceding siblings ...)
  2025-10-03  5:36 ` |PENDING| " dpdklab
@ 2025-10-03  5:37 ` dpdklab
  2025-10-03  5:46 ` |FAILURE| " dpdklab
                   ` (13 subsequent siblings)
  26 siblings, 0 replies; 27+ messages in thread
From: dpdklab @ 2025-10-03  5:37 UTC (permalink / raw)
  To: Test Report; +Cc: dpdk-test-reports, Akhil Goyal

Test-Label: iol-sample-apps-testing
Test-Status: WARNING
http://dpdk.org/patch/157229

_Testing issues_

Submitter: Rupesh Chiluka <rchiluka@marvell.com>
Date: Friday, October 03 2025 03:42:33 
DPDK git baseline: Repo:dpdk-next-crypto
  Branch: master
  CommitID:caa17cb4b057a31ee04067459fe543f7d7ae1079

157229 --> testing issues

Upstream job id: ACVP-FIPS-testing#11308

Test environment and result as below:

+--------------+----------------------+----------------------+
| Environment  | compressdev_zlib_pmd | dpdk_fips_validation |
+==============+======================+======================+
| Ubuntu 22.04 | PASS                 | SKIPPED              |
+--------------+----------------------+----------------------+
| Ubuntu 20.04 | SKIPPED              | WARN                 |
+--------------+----------------------+----------------------+

==== 20 line log output for Ubuntu 20.04 (dpdk_fips_validation): ====
../app/test-crypto-perf/main.c:426:5: error: enumeration value 'CPERF_TLS' not handled in switch [-Werror=switch]
cc1: all warnings being treated as errors
[3249/3565] Compiling C object app/dpdk-test-compress-perf.p/test-compress-perf_comp_perf_test_verify.c.o
[3250/3565] Compiling C object app/dpdk-test-crypto-perf.p/test-crypto-perf_cperf_ops.c.o
[3251/3565] Compiling C object app/dpdk-test-crypto-perf.p/test-crypto-perf_cperf_test_common.c.o
[3252/3565] Compiling C object app/dpdk-test-compress-perf.p/test-compress-perf_comp_perf_test_common.c.o
[3253/3565] Compiling C object app/dpdk-test-crypto-perf.p/test-crypto-perf_cperf_test_latency.c.o
[3254/3565] Compiling C object app/dpdk-test-eventdev.p/test-eventdev_test_order_common.c.o
[3255/3565] Compiling C object drivers/libtmp_rte_crypto_cnxk.a.p/crypto_cnxk_cn20k_cryptodev_ops.c.o
[3256/3565] Compiling C object app/dpdk-test-eventdev.p/test-eventdev_test_atomic_queue.c.o
[3257/3565] Compiling C object app/dpdk-test-eventdev.p/test-eventdev_test_order_atq.c.o
[3258/3565] Compiling C object app/dpdk-test-crypto-perf.p/test-crypto-perf_cperf_test_pmd_cyclecount.c.o
[3259/3565] Compiling C object app/dpdk-test-dma-perf.p/test-dma-perf_benchmark.c.o
[3260/3565] Compiling C object app/dpdk-test-eventdev.p/test-eventdev_test_pipeline_atq.c.o
[3261/3565] Compiling C object app/dpdk-test-eventdev.p/test-eventdev_test_pipeline_common.c.o
[3262/3565] Compiling C object app/dpdk-test-eventdev.p/test-eventdev_test_perf_queue.c.o
[3263/3565] Compiling C object app/dpdk-test-bbdev.p/test-bbdev_test_bbdev_perf.c.o
[3264/3565] Compiling C object app/dpdk-test-eventdev.p/test-eventdev_test_perf_common.c.o
[3265/3565] Compiling C object drivers/libtmp_rte_crypto_cnxk.a.p/crypto_cnxk_cn10k_cryptodev_ops.c.o
ninja: build stopped: subcommand failed.
==== End log output ====

Ubuntu 22.04
	Kernel: 5.15
	Compiler: gcc gcc (Ubuntu 11.4.0-1ubuntu1~22.04.2) 11.4.0

Ubuntu 20.04
	Kernel: 5.15
	Compiler: gcc gcc (Ubuntu 9.4.0-1ubuntu1~20.04.2) 9.4.0

To view detailed results, visit:
https://lab.dpdk.org/results/dashboard/patchsets/34203/

UNH-IOL DPDK Community Lab

To manage your email subscriptions, visit: 
https://lab.dpdk.org/results/dashboard/preferences/subscriptions/

^ permalink raw reply	[flat|nested] 27+ messages in thread

* |FAILURE| pw157229 [PATCH] app/crypto-perf: add ECDSA P192/P224/P521
       [not found] <20251003034233.2964182-1-rchiluka@marvell.com>
                   ` (12 preceding siblings ...)
  2025-10-03  5:37 ` |WARNING| " dpdklab
@ 2025-10-03  5:46 ` dpdklab
  2025-10-03  5:46 ` dpdklab
                   ` (12 subsequent siblings)
  26 siblings, 0 replies; 27+ messages in thread
From: dpdklab @ 2025-10-03  5:46 UTC (permalink / raw)
  To: Test Report; +Cc: dpdk-test-reports, Akhil Goyal, Rupesh Chiluka

Test-Label: iol-unit-amd64-testing
Test-Status: FAILURE
http://dpdk.org/patch/157229

_Testing issues_

Submitter: Rupesh Chiluka <rchiluka@marvell.com>
Date: Friday, October 03 2025 03:42:33 
DPDK git baseline: Repo:dpdk-next-crypto
  Branch: master
  CommitID:caa17cb4b057a31ee04067459fe543f7d7ae1079

157229 --> testing issues

Upstream job id: Generic-Unit-Test-DPDK#378065

Test environment and result as below:

+-------------------------------+----------------+
|          Environment          | dpdk_unit_test |
+===============================+================+
| CentOS Stream 9               | WARN           |
+-------------------------------+----------------+
| CentOS Stream 10              | WARN           |
+-------------------------------+----------------+
| Debian GNU/Linux 12           | WARN           |
+-------------------------------+----------------+
| Fedora Linux 40               | WARN           |
+-------------------------------+----------------+
| Fedora Linux 41               | PEND           |
+-------------------------------+----------------+
| Fedora Linux 42               | PEND           |
+-------------------------------+----------------+
| Red Hat Enterprise Linux 8.10 | PEND           |
+-------------------------------+----------------+
| Ubuntu 22.04                  | PEND           |
+-------------------------------+----------------+
| Ubuntu 20.04                  | PEND           |
+-------------------------------+----------------+
| Red Hat Enterprise Linux 9.5  | PEND           |
+-------------------------------+----------------+
| Ubuntu 24.04                  | PEND           |
+-------------------------------+----------------+
| Windows Server 2022           | PASS           |
+-------------------------------+----------------+

==== 20 line log output for Fedora Linux 40 (dpdk_unit_test): ====
../app/test-crypto-perf/main.c:426:33: error: enumeration value 'CPERF_CIPHER_ONLY' not handled in switch [-Werror=switch]
426 |                                 switch (opts->op_type) {
|                                 ^~~~~~
../app/test-crypto-perf/main.c:426:33: error: enumeration value 'CPERF_AUTH_ONLY' not handled in switch [-Werror=switch]
../app/test-crypto-perf/main.c:426:33: error: enumeration value 'CPERF_CIPHER_THEN_AUTH' not handled in switch [-Werror=switch]
../app/test-crypto-perf/main.c:426:33: error: enumeration value 'CPERF_AUTH_THEN_CIPHER' not handled in switch [-Werror=switch]
../app/test-crypto-perf/main.c:426:33: error: enumeration value 'CPERF_AEAD' not handled in switch [-Werror=switch]
../app/test-crypto-perf/main.c:426:33: error: enumeration value 'CPERF_PDCP' not handled in switch [-Werror=switch]
../app/test-crypto-perf/main.c:426:33: error: enumeration value 'CPERF_DOCSIS' not handled in switch [-Werror=switch]
../app/test-crypto-perf/main.c:426:33: error: enumeration value 'CPERF_IPSEC' not handled in switch [-Werror=switch]
../app/test-crypto-perf/main.c:426:33: error: enumeration value 'CPERF_ASYM_MODEX' not handled in switch [-Werror=switch]
../app/test-crypto-perf/main.c:426:33: error: enumeration value 'CPERF_ASYM_RSA' not handled in switch [-Werror=switch]
../app/test-crypto-perf/main.c:426:33: error: enumeration value 'CPERF_ASYM_ED25519' not handled in switch [-Werror=switch]
../app/test-crypto-perf/main.c:426:33: error: enumeration value 'CPERF_ASYM_SM2' not handled in switch [-Werror=switch]
../app/test-crypto-perf/main.c:426:33: error: enumeration value 'CPERF_TLS' not handled in switch [-Werror=switch]
cc1: all warnings being treated as errors
[3259/3540] Linking target app/dpdk-test-dma-perf
[3260/3540] Compiling C object app/dpdk-test-eventdev.p/test-eventdev_evt_main.c.o
[3261/3540] Compiling C object app/dpdk-test-eventdev.p/test-eventdev_evt_options.c.o
ninja: build stopped: subcommand failed.
==== End log output ====

CentOS Stream 9
	Kernel: 5.15
	Compiler: gcc gcc (GCC) 11.5.0 20240719 (Red Hat 11.5.0-11)

CentOS Stream 10
	Kernel: 5.15
	Compiler: gcc gcc (GCC) 14.2.1 20250110 (Red Hat 14.2.1-8)

Debian GNU/Linux 12
	Kernel: 5.15
	Compiler: gcc gcc (Debian 12.2.0-14+deb12u1) 12.2.0

Fedora Linux 40
	Kernel: 5.15
	Compiler: clang gcc (GCC) 14.2.1 20240912 (Red Hat 14.2.1-3)

Fedora Linux 41
	Kernel: 5.15
	Compiler: gcc gcc (GCC) 14.3.1 20250523 (Red Hat 14.3.1-1)

Fedora Linux 42
	Kernel: 5.15
	Compiler: gcc gcc (GCC) 15.2.1 20250808 (Red Hat 15.2.1-1)

Red Hat Enterprise Linux 8.10
	Kernel: 5.15
	Compiler: gcc gcc (GCC) 8.5.0 20210514 (Red Hat 8.5.0-22)

Ubuntu 22.04
	Kernel: 5.15
	Compiler: gcc gcc (Ubuntu 11.4.0-1ubuntu1~22.04) 11.4.0

Ubuntu 20.04
	Kernel: 5.15
	Compiler: gcc gcc (Ubuntu 9.4.0-1ubuntu1~20.04.2) 9.4.0

Red Hat Enterprise Linux 9.5
	Kernel: 5.15
	Compiler: gcc gcc (GCC) 11.5.0 20240719 (Red Hat 11.5.0-2)

Ubuntu 24.04
	Kernel: 5.15
	Compiler: gcc gcc (Ubuntu 13.3.0-6ubuntu2~24.04) 13.3.0

Windows Server 2022
	Kernel: 10.0.20348.2031
	Compiler: clang 15.0.7, gcc 14.1.0 (MinGW), and MSVC VS 19.39.33521

To view detailed results, visit:
https://lab.dpdk.org/results/dashboard/patchsets/34203/

UNH-IOL DPDK Community Lab

To manage your email subscriptions, visit: 
https://lab.dpdk.org/results/dashboard/preferences/subscriptions/

^ permalink raw reply	[flat|nested] 27+ messages in thread

* |FAILURE| pw157229 [PATCH] app/crypto-perf: add ECDSA P192/P224/P521
       [not found] <20251003034233.2964182-1-rchiluka@marvell.com>
                   ` (13 preceding siblings ...)
  2025-10-03  5:46 ` |FAILURE| " dpdklab
@ 2025-10-03  5:46 ` dpdklab
  2025-10-03  5:47 ` dpdklab
                   ` (11 subsequent siblings)
  26 siblings, 0 replies; 27+ messages in thread
From: dpdklab @ 2025-10-03  5:46 UTC (permalink / raw)
  To: Test Report; +Cc: dpdk-test-reports, Akhil Goyal, Rupesh Chiluka

Test-Label: iol-unit-amd64-testing
Test-Status: FAILURE
http://dpdk.org/patch/157229

_Testing issues_

Submitter: Rupesh Chiluka <rchiluka@marvell.com>
Date: Friday, October 03 2025 03:42:33 
DPDK git baseline: Repo:dpdk-next-crypto
  Branch: master
  CommitID:caa17cb4b057a31ee04067459fe543f7d7ae1079

157229 --> testing issues

Upstream job id: Generic-VM-Unit-Test-DPDK#31558

Test environment and result as below:

+-------------------------------+----------------+
|          Environment          | dpdk_unit_test |
+===============================+================+
| CentOS Stream 9               | WARN           |
+-------------------------------+----------------+
| CentOS Stream 10              | WARN           |
+-------------------------------+----------------+
| Debian GNU/Linux 12           | WARN           |
+-------------------------------+----------------+
| Fedora Linux 40               | WARN           |
+-------------------------------+----------------+
| Fedora Linux 41               | PEND           |
+-------------------------------+----------------+
| Fedora Linux 42               | PEND           |
+-------------------------------+----------------+
| Red Hat Enterprise Linux 8.10 | PEND           |
+-------------------------------+----------------+
| Ubuntu 22.04                  | PEND           |
+-------------------------------+----------------+
| Ubuntu 20.04                  | PEND           |
+-------------------------------+----------------+
| Red Hat Enterprise Linux 9.5  | PEND           |
+-------------------------------+----------------+
| Ubuntu 24.04                  | PEND           |
+-------------------------------+----------------+
| Windows Server 2022           | PASS           |
+-------------------------------+----------------+

==== 20 line log output for Fedora Linux 40 (dpdk_unit_test): ====
../app/test-crypto-perf/main.c:426:33: error: enumeration value 'CPERF_CIPHER_ONLY' not handled in switch [-Werror=switch]
426 |                                 switch (opts->op_type) {
|                                 ^~~~~~
../app/test-crypto-perf/main.c:426:33: error: enumeration value 'CPERF_AUTH_ONLY' not handled in switch [-Werror=switch]
../app/test-crypto-perf/main.c:426:33: error: enumeration value 'CPERF_CIPHER_THEN_AUTH' not handled in switch [-Werror=switch]
../app/test-crypto-perf/main.c:426:33: error: enumeration value 'CPERF_AUTH_THEN_CIPHER' not handled in switch [-Werror=switch]
../app/test-crypto-perf/main.c:426:33: error: enumeration value 'CPERF_AEAD' not handled in switch [-Werror=switch]
../app/test-crypto-perf/main.c:426:33: error: enumeration value 'CPERF_PDCP' not handled in switch [-Werror=switch]
../app/test-crypto-perf/main.c:426:33: error: enumeration value 'CPERF_DOCSIS' not handled in switch [-Werror=switch]
../app/test-crypto-perf/main.c:426:33: error: enumeration value 'CPERF_IPSEC' not handled in switch [-Werror=switch]
../app/test-crypto-perf/main.c:426:33: error: enumeration value 'CPERF_ASYM_MODEX' not handled in switch [-Werror=switch]
../app/test-crypto-perf/main.c:426:33: error: enumeration value 'CPERF_ASYM_RSA' not handled in switch [-Werror=switch]
../app/test-crypto-perf/main.c:426:33: error: enumeration value 'CPERF_ASYM_ED25519' not handled in switch [-Werror=switch]
../app/test-crypto-perf/main.c:426:33: error: enumeration value 'CPERF_ASYM_SM2' not handled in switch [-Werror=switch]
../app/test-crypto-perf/main.c:426:33: error: enumeration value 'CPERF_TLS' not handled in switch [-Werror=switch]
cc1: all warnings being treated as errors
[3259/3540] Linking target app/dpdk-test-dma-perf
[3260/3540] Compiling C object app/dpdk-test-eventdev.p/test-eventdev_evt_main.c.o
[3261/3540] Compiling C object app/dpdk-test-eventdev.p/test-eventdev_evt_options.c.o
ninja: build stopped: subcommand failed.
==== End log output ====

CentOS Stream 9
	Kernel: 5.15
	Compiler: gcc gcc (GCC) 11.5.0 20240719 (Red Hat 11.5.0-11)

CentOS Stream 10
	Kernel: 5.15
	Compiler: gcc gcc (GCC) 14.2.1 20250110 (Red Hat 14.2.1-8)

Debian GNU/Linux 12
	Kernel: 5.15
	Compiler: gcc gcc (Debian 12.2.0-14+deb12u1) 12.2.0

Fedora Linux 40
	Kernel: 5.15
	Compiler: clang gcc (GCC) 14.2.1 20240912 (Red Hat 14.2.1-3)

Fedora Linux 41
	Kernel: 5.15
	Compiler: gcc gcc (GCC) 14.3.1 20250523 (Red Hat 14.3.1-1)

Fedora Linux 42
	Kernel: 5.15
	Compiler: gcc gcc (GCC) 15.2.1 20250808 (Red Hat 15.2.1-1)

Red Hat Enterprise Linux 8.10
	Kernel: 5.15
	Compiler: gcc gcc (GCC) 8.5.0 20210514 (Red Hat 8.5.0-22)

Ubuntu 22.04
	Kernel: 5.15
	Compiler: gcc gcc (Ubuntu 11.4.0-1ubuntu1~22.04) 11.4.0

Ubuntu 20.04
	Kernel: 5.15
	Compiler: gcc gcc (Ubuntu 9.4.0-1ubuntu1~20.04.2) 9.4.0

Red Hat Enterprise Linux 9.5
	Kernel: 5.15
	Compiler: gcc gcc (GCC) 11.5.0 20240719 (Red Hat 11.5.0-2)

Ubuntu 24.04
	Kernel: 5.15
	Compiler: gcc gcc (Ubuntu 13.3.0-6ubuntu2~24.04) 13.3.0

Windows Server 2022
	Kernel: 10.0.20348.2031
	Compiler: clang 15.0.7, gcc 14.1.0 (MinGW), and MSVC VS 19.39.33521

To view detailed results, visit:
https://lab.dpdk.org/results/dashboard/patchsets/34203/

UNH-IOL DPDK Community Lab

To manage your email subscriptions, visit: 
https://lab.dpdk.org/results/dashboard/preferences/subscriptions/

^ permalink raw reply	[flat|nested] 27+ messages in thread

* |FAILURE| pw157229 [PATCH] app/crypto-perf: add ECDSA P192/P224/P521
       [not found] <20251003034233.2964182-1-rchiluka@marvell.com>
                   ` (14 preceding siblings ...)
  2025-10-03  5:46 ` dpdklab
@ 2025-10-03  5:47 ` dpdklab
  2025-10-03  5:47 ` dpdklab
                   ` (10 subsequent siblings)
  26 siblings, 0 replies; 27+ messages in thread
From: dpdklab @ 2025-10-03  5:47 UTC (permalink / raw)
  To: Test Report; +Cc: dpdk-test-reports, Akhil Goyal, Rupesh Chiluka

Test-Label: iol-unit-amd64-testing
Test-Status: FAILURE
http://dpdk.org/patch/157229

_Testing issues_

Submitter: Rupesh Chiluka <rchiluka@marvell.com>
Date: Friday, October 03 2025 03:42:33 
DPDK git baseline: Repo:dpdk-next-crypto
  Branch: master
  CommitID:caa17cb4b057a31ee04067459fe543f7d7ae1079

157229 --> testing issues

Upstream job id: Generic-Unit-Test-DPDK#378074

Test environment and result as below:

+-------------------------------+----------------+
|          Environment          | dpdk_unit_test |
+===============================+================+
| CentOS Stream 9               | WARN           |
+-------------------------------+----------------+
| CentOS Stream 10              | WARN           |
+-------------------------------+----------------+
| Debian GNU/Linux 12           | WARN           |
+-------------------------------+----------------+
| Fedora Linux 40               | WARN           |
+-------------------------------+----------------+
| Fedora Linux 41               | PEND           |
+-------------------------------+----------------+
| Fedora Linux 42               | PEND           |
+-------------------------------+----------------+
| Red Hat Enterprise Linux 8.10 | PEND           |
+-------------------------------+----------------+
| Ubuntu 22.04                  | PEND           |
+-------------------------------+----------------+
| Ubuntu 20.04                  | PEND           |
+-------------------------------+----------------+
| Red Hat Enterprise Linux 9.5  | PEND           |
+-------------------------------+----------------+
| Ubuntu 24.04                  | PEND           |
+-------------------------------+----------------+
| Windows Server 2022           | PASS           |
+-------------------------------+----------------+

==== 20 line log output for Fedora Linux 40 (dpdk_unit_test): ====
../app/test-crypto-perf/main.c:426:33: error: enumeration value 'CPERF_CIPHER_ONLY' not handled in switch [-Werror=switch]
426 |                                 switch (opts->op_type) {
|                                 ^~~~~~
../app/test-crypto-perf/main.c:426:33: error: enumeration value 'CPERF_AUTH_ONLY' not handled in switch [-Werror=switch]
../app/test-crypto-perf/main.c:426:33: error: enumeration value 'CPERF_CIPHER_THEN_AUTH' not handled in switch [-Werror=switch]
../app/test-crypto-perf/main.c:426:33: error: enumeration value 'CPERF_AUTH_THEN_CIPHER' not handled in switch [-Werror=switch]
../app/test-crypto-perf/main.c:426:33: error: enumeration value 'CPERF_AEAD' not handled in switch [-Werror=switch]
../app/test-crypto-perf/main.c:426:33: error: enumeration value 'CPERF_PDCP' not handled in switch [-Werror=switch]
../app/test-crypto-perf/main.c:426:33: error: enumeration value 'CPERF_DOCSIS' not handled in switch [-Werror=switch]
../app/test-crypto-perf/main.c:426:33: error: enumeration value 'CPERF_IPSEC' not handled in switch [-Werror=switch]
../app/test-crypto-perf/main.c:426:33: error: enumeration value 'CPERF_ASYM_MODEX' not handled in switch [-Werror=switch]
../app/test-crypto-perf/main.c:426:33: error: enumeration value 'CPERF_ASYM_RSA' not handled in switch [-Werror=switch]
../app/test-crypto-perf/main.c:426:33: error: enumeration value 'CPERF_ASYM_ED25519' not handled in switch [-Werror=switch]
../app/test-crypto-perf/main.c:426:33: error: enumeration value 'CPERF_ASYM_SM2' not handled in switch [-Werror=switch]
../app/test-crypto-perf/main.c:426:33: error: enumeration value 'CPERF_TLS' not handled in switch [-Werror=switch]
cc1: all warnings being treated as errors
[3259/3540] Linking target app/dpdk-test-dma-perf
[3260/3540] Compiling C object app/dpdk-test-eventdev.p/test-eventdev_evt_main.c.o
[3261/3540] Compiling C object app/dpdk-test-eventdev.p/test-eventdev_evt_options.c.o
ninja: build stopped: subcommand failed.
==== End log output ====

CentOS Stream 9
	Kernel: 5.15
	Compiler: gcc gcc (GCC) 11.5.0 20240719 (Red Hat 11.5.0-11)

CentOS Stream 10
	Kernel: 5.15
	Compiler: gcc gcc (GCC) 14.2.1 20250110 (Red Hat 14.2.1-8)

Debian GNU/Linux 12
	Kernel: 5.15
	Compiler: gcc gcc (Debian 12.2.0-14+deb12u1) 12.2.0

Fedora Linux 40
	Kernel: 5.15
	Compiler: clang gcc (GCC) 14.2.1 20240912 (Red Hat 14.2.1-3)

Fedora Linux 41
	Kernel: 5.15
	Compiler: gcc gcc (GCC) 14.3.1 20250523 (Red Hat 14.3.1-1)

Fedora Linux 42
	Kernel: 5.15
	Compiler: gcc gcc (GCC) 15.2.1 20250808 (Red Hat 15.2.1-1)

Red Hat Enterprise Linux 8.10
	Kernel: 5.15
	Compiler: gcc gcc (GCC) 8.5.0 20210514 (Red Hat 8.5.0-22)

Ubuntu 22.04
	Kernel: 5.15
	Compiler: gcc gcc (Ubuntu 11.4.0-1ubuntu1~22.04) 11.4.0

Ubuntu 20.04
	Kernel: 5.15
	Compiler: gcc gcc (Ubuntu 9.4.0-1ubuntu1~20.04.2) 9.4.0

Red Hat Enterprise Linux 9.5
	Kernel: 5.15
	Compiler: gcc gcc (GCC) 11.5.0 20240719 (Red Hat 11.5.0-2)

Ubuntu 24.04
	Kernel: 5.15
	Compiler: gcc gcc (Ubuntu 13.3.0-6ubuntu2~24.04) 13.3.0

Windows Server 2022
	Kernel: 10.0.20348.2031
	Compiler: clang 15.0.7, gcc 14.1.0 (MinGW), and MSVC VS 19.39.33521

To view detailed results, visit:
https://lab.dpdk.org/results/dashboard/patchsets/34203/

UNH-IOL DPDK Community Lab

To manage your email subscriptions, visit: 
https://lab.dpdk.org/results/dashboard/preferences/subscriptions/

^ permalink raw reply	[flat|nested] 27+ messages in thread

* |FAILURE| pw157229 [PATCH] app/crypto-perf: add ECDSA P192/P224/P521
       [not found] <20251003034233.2964182-1-rchiluka@marvell.com>
                   ` (15 preceding siblings ...)
  2025-10-03  5:47 ` dpdklab
@ 2025-10-03  5:47 ` dpdklab
  2025-10-03  5:48 ` dpdklab
                   ` (9 subsequent siblings)
  26 siblings, 0 replies; 27+ messages in thread
From: dpdklab @ 2025-10-03  5:47 UTC (permalink / raw)
  To: Test Report; +Cc: dpdk-test-reports, Akhil Goyal, Rupesh Chiluka

Test-Label: iol-unit-amd64-testing
Test-Status: FAILURE
http://dpdk.org/patch/157229

_Testing issues_

Submitter: Rupesh Chiluka <rchiluka@marvell.com>
Date: Friday, October 03 2025 03:42:33 
DPDK git baseline: Repo:dpdk-next-crypto
  Branch: master
  CommitID:caa17cb4b057a31ee04067459fe543f7d7ae1079

157229 --> testing issues

Upstream job id: Generic-VM-Unit-Test-DPDK#31559

Test environment and result as below:

+-------------------------------+----------------+
|          Environment          | dpdk_unit_test |
+===============================+================+
| CentOS Stream 9               | WARN           |
+-------------------------------+----------------+
| CentOS Stream 10              | WARN           |
+-------------------------------+----------------+
| Debian GNU/Linux 12           | WARN           |
+-------------------------------+----------------+
| Fedora Linux 40               | WARN           |
+-------------------------------+----------------+
| Fedora Linux 41               | PEND           |
+-------------------------------+----------------+
| Fedora Linux 42               | PEND           |
+-------------------------------+----------------+
| Red Hat Enterprise Linux 8.10 | PEND           |
+-------------------------------+----------------+
| Ubuntu 22.04                  | PEND           |
+-------------------------------+----------------+
| Ubuntu 20.04                  | FAIL           |
+-------------------------------+----------------+
| Red Hat Enterprise Linux 9.5  | PEND           |
+-------------------------------+----------------+
| Ubuntu 24.04                  | PEND           |
+-------------------------------+----------------+
| Windows Server 2022           | PASS           |
+-------------------------------+----------------+

==== Unit test summary for Ubuntu 20.04 (dpdk_unit_test): ====
Failed to get the unit test results.
Displaying the unit test results is not supported for some environments,
such as our aarch32 testing, where meson is not used to run the tests.
Download the logs available on our CI site.
==== End log output ====

CentOS Stream 9
	Kernel: 5.15
	Compiler: gcc gcc (GCC) 11.5.0 20240719 (Red Hat 11.5.0-11)

CentOS Stream 10
	Kernel: 5.15
	Compiler: gcc gcc (GCC) 14.2.1 20250110 (Red Hat 14.2.1-8)

Debian GNU/Linux 12
	Kernel: 5.15
	Compiler: gcc gcc (Debian 12.2.0-14+deb12u1) 12.2.0

Fedora Linux 40
	Kernel: 5.15
	Compiler: clang gcc (GCC) 14.2.1 20240912 (Red Hat 14.2.1-3)

Fedora Linux 41
	Kernel: 5.15
	Compiler: gcc gcc (GCC) 14.3.1 20250523 (Red Hat 14.3.1-1)

Fedora Linux 42
	Kernel: 5.15
	Compiler: gcc gcc (GCC) 15.2.1 20250808 (Red Hat 15.2.1-1)

Red Hat Enterprise Linux 8.10
	Kernel: 5.15
	Compiler: gcc gcc (GCC) 8.5.0 20210514 (Red Hat 8.5.0-22)

Ubuntu 22.04
	Kernel: 5.15
	Compiler: gcc gcc (Ubuntu 11.4.0-1ubuntu1~22.04) 11.4.0

Ubuntu 20.04
	Kernel: 5.15
	Compiler: gcc gcc (Ubuntu 9.4.0-1ubuntu1~20.04.2) 9.4.0

Red Hat Enterprise Linux 9.5
	Kernel: 5.15
	Compiler: gcc gcc (GCC) 11.5.0 20240719 (Red Hat 11.5.0-2)

Ubuntu 24.04
	Kernel: 5.15
	Compiler: gcc gcc (Ubuntu 13.3.0-6ubuntu2~24.04) 13.3.0

Windows Server 2022
	Kernel: 10.0.20348.2031
	Compiler: clang 15.0.7, gcc 14.1.0 (MinGW), and MSVC VS 19.39.33521

To view detailed results, visit:
https://lab.dpdk.org/results/dashboard/patchsets/34203/

UNH-IOL DPDK Community Lab

To manage your email subscriptions, visit: 
https://lab.dpdk.org/results/dashboard/preferences/subscriptions/

^ permalink raw reply	[flat|nested] 27+ messages in thread

* |FAILURE| pw157229 [PATCH] app/crypto-perf: add ECDSA P192/P224/P521
       [not found] <20251003034233.2964182-1-rchiluka@marvell.com>
                   ` (16 preceding siblings ...)
  2025-10-03  5:47 ` dpdklab
@ 2025-10-03  5:48 ` dpdklab
  2025-10-03  5:50 ` dpdklab
                   ` (8 subsequent siblings)
  26 siblings, 0 replies; 27+ messages in thread
From: dpdklab @ 2025-10-03  5:48 UTC (permalink / raw)
  To: Test Report; +Cc: dpdk-test-reports, Akhil Goyal, Rupesh Chiluka

Test-Label: iol-unit-amd64-testing
Test-Status: FAILURE
http://dpdk.org/patch/157229

_Testing issues_

Submitter: Rupesh Chiluka <rchiluka@marvell.com>
Date: Friday, October 03 2025 03:42:33 
DPDK git baseline: Repo:dpdk-next-crypto
  Branch: master
  CommitID:caa17cb4b057a31ee04067459fe543f7d7ae1079

157229 --> testing issues

Upstream job id: Generic-Unit-Test-DPDK#378070

Test environment and result as below:

+-------------------------------+----------------+
|          Environment          | dpdk_unit_test |
+===============================+================+
| CentOS Stream 9               | WARN           |
+-------------------------------+----------------+
| CentOS Stream 10              | WARN           |
+-------------------------------+----------------+
| Debian GNU/Linux 12           | WARN           |
+-------------------------------+----------------+
| Fedora Linux 40               | WARN           |
+-------------------------------+----------------+
| Fedora Linux 41               | PEND           |
+-------------------------------+----------------+
| Fedora Linux 42               | PEND           |
+-------------------------------+----------------+
| Red Hat Enterprise Linux 8.10 | PEND           |
+-------------------------------+----------------+
| Ubuntu 22.04                  | PEND           |
+-------------------------------+----------------+
| Ubuntu 20.04                  | FAIL           |
+-------------------------------+----------------+
| Red Hat Enterprise Linux 9.5  | PEND           |
+-------------------------------+----------------+
| Ubuntu 24.04                  | PEND           |
+-------------------------------+----------------+
| Windows Server 2022           | PASS           |
+-------------------------------+----------------+

==== Unit test summary for Ubuntu 20.04 (dpdk_unit_test): ====
Failed to get the unit test results.
Displaying the unit test results is not supported for some environments,
such as our aarch32 testing, where meson is not used to run the tests.
Download the logs available on our CI site.
==== End log output ====

CentOS Stream 9
	Kernel: 5.15
	Compiler: gcc gcc (GCC) 11.5.0 20240719 (Red Hat 11.5.0-11)

CentOS Stream 10
	Kernel: 5.15
	Compiler: gcc gcc (GCC) 14.2.1 20250110 (Red Hat 14.2.1-8)

Debian GNU/Linux 12
	Kernel: 5.15
	Compiler: gcc gcc (Debian 12.2.0-14+deb12u1) 12.2.0

Fedora Linux 40
	Kernel: 5.15
	Compiler: clang gcc (GCC) 14.2.1 20240912 (Red Hat 14.2.1-3)

Fedora Linux 41
	Kernel: 5.15
	Compiler: gcc gcc (GCC) 14.3.1 20250523 (Red Hat 14.3.1-1)

Fedora Linux 42
	Kernel: 5.15
	Compiler: gcc gcc (GCC) 15.2.1 20250808 (Red Hat 15.2.1-1)

Red Hat Enterprise Linux 8.10
	Kernel: 5.15
	Compiler: gcc gcc (GCC) 8.5.0 20210514 (Red Hat 8.5.0-22)

Ubuntu 22.04
	Kernel: 5.15
	Compiler: gcc gcc (Ubuntu 11.4.0-1ubuntu1~22.04) 11.4.0

Ubuntu 20.04
	Kernel: 5.15
	Compiler: gcc gcc (Ubuntu 9.4.0-1ubuntu1~20.04.2) 9.4.0

Red Hat Enterprise Linux 9.5
	Kernel: 5.15
	Compiler: gcc gcc (GCC) 11.5.0 20240719 (Red Hat 11.5.0-2)

Ubuntu 24.04
	Kernel: 5.15
	Compiler: gcc gcc (Ubuntu 13.3.0-6ubuntu2~24.04) 13.3.0

Windows Server 2022
	Kernel: 10.0.20348.2031
	Compiler: clang 15.0.7, gcc 14.1.0 (MinGW), and MSVC VS 19.39.33521

To view detailed results, visit:
https://lab.dpdk.org/results/dashboard/patchsets/34203/

UNH-IOL DPDK Community Lab

To manage your email subscriptions, visit: 
https://lab.dpdk.org/results/dashboard/preferences/subscriptions/

^ permalink raw reply	[flat|nested] 27+ messages in thread

* |FAILURE| pw157229 [PATCH] app/crypto-perf: add ECDSA P192/P224/P521
       [not found] <20251003034233.2964182-1-rchiluka@marvell.com>
                   ` (17 preceding siblings ...)
  2025-10-03  5:48 ` dpdklab
@ 2025-10-03  5:50 ` dpdklab
  2025-10-03  5:51 ` dpdklab
                   ` (7 subsequent siblings)
  26 siblings, 0 replies; 27+ messages in thread
From: dpdklab @ 2025-10-03  5:50 UTC (permalink / raw)
  To: Test Report; +Cc: dpdk-test-reports, Akhil Goyal, Rupesh Chiluka

Test-Label: iol-unit-amd64-testing
Test-Status: FAILURE
http://dpdk.org/patch/157229

_Testing issues_

Submitter: Rupesh Chiluka <rchiluka@marvell.com>
Date: Friday, October 03 2025 03:42:33 
DPDK git baseline: Repo:dpdk-next-crypto
  Branch: master
  CommitID:caa17cb4b057a31ee04067459fe543f7d7ae1079

157229 --> testing issues

Upstream job id: Generic-Unit-Test-DPDK#378078

Test environment and result as below:

+-------------------------------+----------------+
|          Environment          | dpdk_unit_test |
+===============================+================+
| CentOS Stream 9               | WARN           |
+-------------------------------+----------------+
| CentOS Stream 10              | WARN           |
+-------------------------------+----------------+
| Debian GNU/Linux 12           | WARN           |
+-------------------------------+----------------+
| Fedora Linux 40               | WARN           |
+-------------------------------+----------------+
| Fedora Linux 41               | PEND           |
+-------------------------------+----------------+
| Fedora Linux 42               | PEND           |
+-------------------------------+----------------+
| Red Hat Enterprise Linux 8.10 | WARN           |
+-------------------------------+----------------+
| Ubuntu 22.04                  | PEND           |
+-------------------------------+----------------+
| Ubuntu 20.04                  | FAIL           |
+-------------------------------+----------------+
| Red Hat Enterprise Linux 9.5  | PEND           |
+-------------------------------+----------------+
| Ubuntu 24.04                  | PEND           |
+-------------------------------+----------------+
| Windows Server 2022           | PASS           |
+-------------------------------+----------------+

==== Unit test summary for Ubuntu 20.04 (dpdk_unit_test): ====
Failed to get the unit test results.
Displaying the unit test results is not supported for some environments,
such as our aarch32 testing, where meson is not used to run the tests.
Download the logs available on our CI site.
==== End log output ====

CentOS Stream 9
	Kernel: 5.15
	Compiler: gcc gcc (GCC) 11.5.0 20240719 (Red Hat 11.5.0-11)

CentOS Stream 10
	Kernel: 5.15
	Compiler: gcc gcc (GCC) 14.2.1 20250110 (Red Hat 14.2.1-8)

Debian GNU/Linux 12
	Kernel: 5.15
	Compiler: gcc gcc (Debian 12.2.0-14+deb12u1) 12.2.0

Fedora Linux 40
	Kernel: 5.15
	Compiler: clang gcc (GCC) 14.2.1 20240912 (Red Hat 14.2.1-3)

Fedora Linux 41
	Kernel: 5.15
	Compiler: gcc gcc (GCC) 14.3.1 20250523 (Red Hat 14.3.1-1)

Fedora Linux 42
	Kernel: 5.15
	Compiler: gcc gcc (GCC) 15.2.1 20250808 (Red Hat 15.2.1-1)

Red Hat Enterprise Linux 8.10
	Kernel: 5.15
	Compiler: gcc gcc (GCC) 8.5.0 20210514 (Red Hat 8.5.0-22)

Ubuntu 22.04
	Kernel: 5.15
	Compiler: gcc gcc (Ubuntu 11.4.0-1ubuntu1~22.04) 11.4.0

Ubuntu 20.04
	Kernel: 5.15
	Compiler: gcc gcc (Ubuntu 9.4.0-1ubuntu1~20.04.2) 9.4.0

Red Hat Enterprise Linux 9.5
	Kernel: 5.15
	Compiler: gcc gcc (GCC) 11.5.0 20240719 (Red Hat 11.5.0-2)

Ubuntu 24.04
	Kernel: 5.15
	Compiler: gcc gcc (Ubuntu 13.3.0-6ubuntu2~24.04) 13.3.0

Windows Server 2022
	Kernel: 10.0.20348.2031
	Compiler: clang 15.0.7, gcc 14.1.0 (MinGW), and MSVC VS 19.39.33521

To view detailed results, visit:
https://lab.dpdk.org/results/dashboard/patchsets/34203/

UNH-IOL DPDK Community Lab

To manage your email subscriptions, visit: 
https://lab.dpdk.org/results/dashboard/preferences/subscriptions/

^ permalink raw reply	[flat|nested] 27+ messages in thread

* |FAILURE| pw157229 [PATCH] app/crypto-perf: add ECDSA P192/P224/P521
       [not found] <20251003034233.2964182-1-rchiluka@marvell.com>
                   ` (18 preceding siblings ...)
  2025-10-03  5:50 ` dpdklab
@ 2025-10-03  5:51 ` dpdklab
  2025-10-03  5:52 ` dpdklab
                   ` (6 subsequent siblings)
  26 siblings, 0 replies; 27+ messages in thread
From: dpdklab @ 2025-10-03  5:51 UTC (permalink / raw)
  To: Test Report; +Cc: dpdk-test-reports, Akhil Goyal, Rupesh Chiluka

Test-Label: iol-unit-amd64-testing
Test-Status: FAILURE
http://dpdk.org/patch/157229

_Testing issues_

Submitter: Rupesh Chiluka <rchiluka@marvell.com>
Date: Friday, October 03 2025 03:42:33 
DPDK git baseline: Repo:dpdk-next-crypto
  Branch: master
  CommitID:caa17cb4b057a31ee04067459fe543f7d7ae1079

157229 --> testing issues

Upstream job id: Generic-Unit-Test-DPDK#378068

Test environment and result as below:

+-------------------------------+----------------+
|          Environment          | dpdk_unit_test |
+===============================+================+
| CentOS Stream 9               | WARN           |
+-------------------------------+----------------+
| CentOS Stream 10              | WARN           |
+-------------------------------+----------------+
| Debian GNU/Linux 12           | WARN           |
+-------------------------------+----------------+
| Fedora Linux 40               | WARN           |
+-------------------------------+----------------+
| Fedora Linux 41               | PEND           |
+-------------------------------+----------------+
| Fedora Linux 42               | PEND           |
+-------------------------------+----------------+
| Red Hat Enterprise Linux 8.10 | WARN           |
+-------------------------------+----------------+
| Ubuntu 22.04                  | PEND           |
+-------------------------------+----------------+
| Ubuntu 20.04                  | FAIL           |
+-------------------------------+----------------+
| Red Hat Enterprise Linux 9.5  | PEND           |
+-------------------------------+----------------+
| Ubuntu 24.04                  | PEND           |
+-------------------------------+----------------+
| Windows Server 2022           | PASS           |
+-------------------------------+----------------+

==== Unit test summary for Ubuntu 20.04 (dpdk_unit_test): ====
Failed to get the unit test results.
Displaying the unit test results is not supported for some environments,
such as our aarch32 testing, where meson is not used to run the tests.
Download the logs available on our CI site.
==== End log output ====

CentOS Stream 9
	Kernel: 5.15
	Compiler: gcc gcc (GCC) 11.5.0 20240719 (Red Hat 11.5.0-11)

CentOS Stream 10
	Kernel: 5.15
	Compiler: gcc gcc (GCC) 14.2.1 20250110 (Red Hat 14.2.1-8)

Debian GNU/Linux 12
	Kernel: 5.15
	Compiler: gcc gcc (Debian 12.2.0-14+deb12u1) 12.2.0

Fedora Linux 40
	Kernel: 5.15
	Compiler: clang gcc (GCC) 14.2.1 20240912 (Red Hat 14.2.1-3)

Fedora Linux 41
	Kernel: 5.15
	Compiler: gcc gcc (GCC) 14.3.1 20250523 (Red Hat 14.3.1-1)

Fedora Linux 42
	Kernel: 5.15
	Compiler: gcc gcc (GCC) 15.2.1 20250808 (Red Hat 15.2.1-1)

Red Hat Enterprise Linux 8.10
	Kernel: 5.15
	Compiler: gcc gcc (GCC) 8.5.0 20210514 (Red Hat 8.5.0-22)

Ubuntu 22.04
	Kernel: 5.15
	Compiler: gcc gcc (Ubuntu 11.4.0-1ubuntu1~22.04) 11.4.0

Ubuntu 20.04
	Kernel: 5.15
	Compiler: gcc gcc (Ubuntu 9.4.0-1ubuntu1~20.04.2) 9.4.0

Red Hat Enterprise Linux 9.5
	Kernel: 5.15
	Compiler: gcc gcc (GCC) 11.5.0 20240719 (Red Hat 11.5.0-2)

Ubuntu 24.04
	Kernel: 5.15
	Compiler: gcc gcc (Ubuntu 13.3.0-6ubuntu2~24.04) 13.3.0

Windows Server 2022
	Kernel: 10.0.20348.2031
	Compiler: clang 15.0.7, gcc 14.1.0 (MinGW), and MSVC VS 19.39.33521

To view detailed results, visit:
https://lab.dpdk.org/results/dashboard/patchsets/34203/

UNH-IOL DPDK Community Lab

To manage your email subscriptions, visit: 
https://lab.dpdk.org/results/dashboard/preferences/subscriptions/

^ permalink raw reply	[flat|nested] 27+ messages in thread

* |FAILURE| pw157229 [PATCH] app/crypto-perf: add ECDSA P192/P224/P521
       [not found] <20251003034233.2964182-1-rchiluka@marvell.com>
                   ` (19 preceding siblings ...)
  2025-10-03  5:51 ` dpdklab
@ 2025-10-03  5:52 ` dpdklab
  2025-10-03  5:52 ` dpdklab
                   ` (5 subsequent siblings)
  26 siblings, 0 replies; 27+ messages in thread
From: dpdklab @ 2025-10-03  5:52 UTC (permalink / raw)
  To: Test Report; +Cc: dpdk-test-reports, Akhil Goyal, Rupesh Chiluka

Test-Label: iol-unit-amd64-testing
Test-Status: FAILURE
http://dpdk.org/patch/157229

_Testing issues_

Submitter: Rupesh Chiluka <rchiluka@marvell.com>
Date: Friday, October 03 2025 03:42:33 
DPDK git baseline: Repo:dpdk-next-crypto
  Branch: master
  CommitID:caa17cb4b057a31ee04067459fe543f7d7ae1079

157229 --> testing issues

Upstream job id: Generic-Unit-Test-DPDK#378081

Test environment and result as below:

+-------------------------------+----------------+
|          Environment          | dpdk_unit_test |
+===============================+================+
| CentOS Stream 9               | WARN           |
+-------------------------------+----------------+
| CentOS Stream 10              | WARN           |
+-------------------------------+----------------+
| Debian GNU/Linux 12           | WARN           |
+-------------------------------+----------------+
| Fedora Linux 40               | WARN           |
+-------------------------------+----------------+
| Fedora Linux 41               | PEND           |
+-------------------------------+----------------+
| Fedora Linux 42               | PEND           |
+-------------------------------+----------------+
| Red Hat Enterprise Linux 8.10 | WARN           |
+-------------------------------+----------------+
| Ubuntu 22.04                  | PEND           |
+-------------------------------+----------------+
| Ubuntu 20.04                  | FAIL           |
+-------------------------------+----------------+
| Red Hat Enterprise Linux 9.5  | PEND           |
+-------------------------------+----------------+
| Ubuntu 24.04                  | PEND           |
+-------------------------------+----------------+
| Windows Server 2022           | PASS           |
+-------------------------------+----------------+

==== Unit test summary for Ubuntu 20.04 (dpdk_unit_test): ====
Failed to get the unit test results.
Displaying the unit test results is not supported for some environments,
such as our aarch32 testing, where meson is not used to run the tests.
Download the logs available on our CI site.
==== End log output ====

CentOS Stream 9
	Kernel: 5.15
	Compiler: gcc gcc (GCC) 11.5.0 20240719 (Red Hat 11.5.0-11)

CentOS Stream 10
	Kernel: 5.15
	Compiler: gcc gcc (GCC) 14.2.1 20250110 (Red Hat 14.2.1-8)

Debian GNU/Linux 12
	Kernel: 5.15
	Compiler: gcc gcc (Debian 12.2.0-14+deb12u1) 12.2.0

Fedora Linux 40
	Kernel: 5.15
	Compiler: clang gcc (GCC) 14.2.1 20240912 (Red Hat 14.2.1-3)

Fedora Linux 41
	Kernel: 5.15
	Compiler: gcc gcc (GCC) 14.3.1 20250523 (Red Hat 14.3.1-1)

Fedora Linux 42
	Kernel: 5.15
	Compiler: gcc gcc (GCC) 15.2.1 20250808 (Red Hat 15.2.1-1)

Red Hat Enterprise Linux 8.10
	Kernel: 5.15
	Compiler: gcc gcc (GCC) 8.5.0 20210514 (Red Hat 8.5.0-22)

Ubuntu 22.04
	Kernel: 5.15
	Compiler: gcc gcc (Ubuntu 11.4.0-1ubuntu1~22.04) 11.4.0

Ubuntu 20.04
	Kernel: 5.15
	Compiler: gcc gcc (Ubuntu 9.4.0-1ubuntu1~20.04.2) 9.4.0

Red Hat Enterprise Linux 9.5
	Kernel: 5.15
	Compiler: gcc gcc (GCC) 11.5.0 20240719 (Red Hat 11.5.0-2)

Ubuntu 24.04
	Kernel: 5.15
	Compiler: gcc gcc (Ubuntu 13.3.0-6ubuntu2~24.04) 13.3.0

Windows Server 2022
	Kernel: 10.0.20348.2031
	Compiler: clang 15.0.7, gcc 14.1.0 (MinGW), and MSVC VS 19.39.33521

To view detailed results, visit:
https://lab.dpdk.org/results/dashboard/patchsets/34203/

UNH-IOL DPDK Community Lab

To manage your email subscriptions, visit: 
https://lab.dpdk.org/results/dashboard/preferences/subscriptions/

^ permalink raw reply	[flat|nested] 27+ messages in thread

* |FAILURE| pw157229 [PATCH] app/crypto-perf: add ECDSA P192/P224/P521
       [not found] <20251003034233.2964182-1-rchiluka@marvell.com>
                   ` (20 preceding siblings ...)
  2025-10-03  5:52 ` dpdklab
@ 2025-10-03  5:52 ` dpdklab
  2025-10-03  5:53 ` dpdklab
                   ` (4 subsequent siblings)
  26 siblings, 0 replies; 27+ messages in thread
From: dpdklab @ 2025-10-03  5:52 UTC (permalink / raw)
  To: Test Report; +Cc: dpdk-test-reports, Akhil Goyal, Rupesh Chiluka

Test-Label: iol-unit-amd64-testing
Test-Status: FAILURE
http://dpdk.org/patch/157229

_Testing issues_

Submitter: Rupesh Chiluka <rchiluka@marvell.com>
Date: Friday, October 03 2025 03:42:33 
DPDK git baseline: Repo:dpdk-next-crypto
  Branch: master
  CommitID:caa17cb4b057a31ee04067459fe543f7d7ae1079

157229 --> testing issues

Upstream job id: Generic-Unit-Test-DPDK#378083

Test environment and result as below:

+-------------------------------+----------------+
|          Environment          | dpdk_unit_test |
+===============================+================+
| CentOS Stream 9               | WARN           |
+-------------------------------+----------------+
| CentOS Stream 10              | WARN           |
+-------------------------------+----------------+
| Debian GNU/Linux 12           | WARN           |
+-------------------------------+----------------+
| Fedora Linux 40               | WARN           |
+-------------------------------+----------------+
| Fedora Linux 41               | PEND           |
+-------------------------------+----------------+
| Fedora Linux 42               | PEND           |
+-------------------------------+----------------+
| Red Hat Enterprise Linux 8.10 | WARN           |
+-------------------------------+----------------+
| Ubuntu 22.04                  | WARN           |
+-------------------------------+----------------+
| Ubuntu 20.04                  | FAIL           |
+-------------------------------+----------------+
| Red Hat Enterprise Linux 9.5  | PEND           |
+-------------------------------+----------------+
| Ubuntu 24.04                  | PEND           |
+-------------------------------+----------------+
| Windows Server 2022           | PASS           |
+-------------------------------+----------------+

==== Unit test summary for Ubuntu 20.04 (dpdk_unit_test): ====
Failed to get the unit test results.
Displaying the unit test results is not supported for some environments,
such as our aarch32 testing, where meson is not used to run the tests.
Download the logs available on our CI site.
==== End log output ====

CentOS Stream 9
	Kernel: 5.15
	Compiler: gcc gcc (GCC) 11.5.0 20240719 (Red Hat 11.5.0-11)

CentOS Stream 10
	Kernel: 5.15
	Compiler: gcc gcc (GCC) 14.2.1 20250110 (Red Hat 14.2.1-8)

Debian GNU/Linux 12
	Kernel: 5.15
	Compiler: gcc gcc (Debian 12.2.0-14+deb12u1) 12.2.0

Fedora Linux 40
	Kernel: 5.15
	Compiler: clang gcc (GCC) 14.2.1 20240912 (Red Hat 14.2.1-3)

Fedora Linux 41
	Kernel: 5.15
	Compiler: gcc gcc (GCC) 14.3.1 20250523 (Red Hat 14.3.1-1)

Fedora Linux 42
	Kernel: 5.15
	Compiler: gcc gcc (GCC) 15.2.1 20250808 (Red Hat 15.2.1-1)

Red Hat Enterprise Linux 8.10
	Kernel: 5.15
	Compiler: gcc gcc (GCC) 8.5.0 20210514 (Red Hat 8.5.0-22)

Ubuntu 22.04
	Kernel: 5.15
	Compiler: gcc gcc (Ubuntu 11.4.0-1ubuntu1~22.04) 11.4.0

Ubuntu 20.04
	Kernel: 5.15
	Compiler: gcc gcc (Ubuntu 9.4.0-1ubuntu1~20.04.2) 9.4.0

Red Hat Enterprise Linux 9.5
	Kernel: 5.15
	Compiler: gcc gcc (GCC) 11.5.0 20240719 (Red Hat 11.5.0-2)

Ubuntu 24.04
	Kernel: 5.15
	Compiler: gcc gcc (Ubuntu 13.3.0-6ubuntu2~24.04) 13.3.0

Windows Server 2022
	Kernel: 10.0.20348.2031
	Compiler: clang 15.0.7, gcc 14.1.0 (MinGW), and MSVC VS 19.39.33521

To view detailed results, visit:
https://lab.dpdk.org/results/dashboard/patchsets/34203/

UNH-IOL DPDK Community Lab

To manage your email subscriptions, visit: 
https://lab.dpdk.org/results/dashboard/preferences/subscriptions/

^ permalink raw reply	[flat|nested] 27+ messages in thread

* |FAILURE| pw157229 [PATCH] app/crypto-perf: add ECDSA P192/P224/P521
       [not found] <20251003034233.2964182-1-rchiluka@marvell.com>
                   ` (21 preceding siblings ...)
  2025-10-03  5:52 ` dpdklab
@ 2025-10-03  5:53 ` dpdklab
  2025-10-03  5:55 ` dpdklab
                   ` (3 subsequent siblings)
  26 siblings, 0 replies; 27+ messages in thread
From: dpdklab @ 2025-10-03  5:53 UTC (permalink / raw)
  To: Test Report; +Cc: dpdk-test-reports, Akhil Goyal, Rupesh Chiluka

Test-Label: iol-unit-amd64-testing
Test-Status: FAILURE
http://dpdk.org/patch/157229

_Testing issues_

Submitter: Rupesh Chiluka <rchiluka@marvell.com>
Date: Friday, October 03 2025 03:42:33 
DPDK git baseline: Repo:dpdk-next-crypto
  Branch: master
  CommitID:caa17cb4b057a31ee04067459fe543f7d7ae1079

157229 --> testing issues

Upstream job id: Generic-Unit-Test-DPDK#378085

Test environment and result as below:

+-------------------------------+----------------+
|          Environment          | dpdk_unit_test |
+===============================+================+
| CentOS Stream 9               | WARN           |
+-------------------------------+----------------+
| CentOS Stream 10              | WARN           |
+-------------------------------+----------------+
| Debian GNU/Linux 12           | WARN           |
+-------------------------------+----------------+
| Fedora Linux 40               | WARN           |
+-------------------------------+----------------+
| Fedora Linux 41               | PEND           |
+-------------------------------+----------------+
| Fedora Linux 42               | PEND           |
+-------------------------------+----------------+
| Red Hat Enterprise Linux 8.10 | WARN           |
+-------------------------------+----------------+
| Ubuntu 22.04                  | WARN           |
+-------------------------------+----------------+
| Ubuntu 20.04                  | FAIL           |
+-------------------------------+----------------+
| Red Hat Enterprise Linux 9.5  | PEND           |
+-------------------------------+----------------+
| Ubuntu 24.04                  | WARN           |
+-------------------------------+----------------+
| Windows Server 2022           | PASS           |
+-------------------------------+----------------+

==== 20 line log output for Ubuntu 24.04 (dpdk_unit_test): ====
../app/test-crypto-perf/main.c:426:33: error: enumeration value 'CPERF_CIPHER_ONLY' not handled in switch [-Werror=switch]
426 |                                 switch (opts->op_type) {
|                                 ^~~~~~
../app/test-crypto-perf/main.c:426:33: error: enumeration value 'CPERF_AUTH_ONLY' not handled in switch [-Werror=switch]
../app/test-crypto-perf/main.c:426:33: error: enumeration value 'CPERF_CIPHER_THEN_AUTH' not handled in switch [-Werror=switch]
../app/test-crypto-perf/main.c:426:33: error: enumeration value 'CPERF_AUTH_THEN_CIPHER' not handled in switch [-Werror=switch]
../app/test-crypto-perf/main.c:426:33: error: enumeration value 'CPERF_AEAD' not handled in switch [-Werror=switch]
../app/test-crypto-perf/main.c:426:33: error: enumeration value 'CPERF_PDCP' not handled in switch [-Werror=switch]
../app/test-crypto-perf/main.c:426:33: error: enumeration value 'CPERF_DOCSIS' not handled in switch [-Werror=switch]
../app/test-crypto-perf/main.c:426:33: error: enumeration value 'CPERF_IPSEC' not handled in switch [-Werror=switch]
../app/test-crypto-perf/main.c:426:33: error: enumeration value 'CPERF_ASYM_MODEX' not handled in switch [-Werror=switch]
../app/test-crypto-perf/main.c:426:33: error: enumeration value 'CPERF_ASYM_RSA' not handled in switch [-Werror=switch]
../app/test-crypto-perf/main.c:426:33: error: enumeration value 'CPERF_ASYM_ED25519' not handled in switch [-Werror=switch]
../app/test-crypto-perf/main.c:426:33: error: enumeration value 'CPERF_ASYM_SM2' not handled in switch [-Werror=switch]
../app/test-crypto-perf/main.c:426:33: error: enumeration value 'CPERF_TLS' not handled in switch [-Werror=switch]
cc1: all warnings being treated as errors
[3274/3540] Compiling C object app/dpdk-test-crypto-perf.p/test-crypto-perf_cperf_test_verify.c.o
[3275/3540] Linking target app/dpdk-test-dma-perf
[3276/3540] Linking target app/dpdk-test-eventdev
ninja: build stopped: subcommand failed.
==== End log output ====

CentOS Stream 9
	Kernel: 5.15
	Compiler: gcc gcc (GCC) 11.5.0 20240719 (Red Hat 11.5.0-11)

CentOS Stream 10
	Kernel: 5.15
	Compiler: gcc gcc (GCC) 14.2.1 20250110 (Red Hat 14.2.1-8)

Debian GNU/Linux 12
	Kernel: 5.15
	Compiler: gcc gcc (Debian 12.2.0-14+deb12u1) 12.2.0

Fedora Linux 40
	Kernel: 5.15
	Compiler: clang gcc (GCC) 14.2.1 20240912 (Red Hat 14.2.1-3)

Fedora Linux 41
	Kernel: 5.15
	Compiler: gcc gcc (GCC) 14.3.1 20250523 (Red Hat 14.3.1-1)

Fedora Linux 42
	Kernel: 5.15
	Compiler: gcc gcc (GCC) 15.2.1 20250808 (Red Hat 15.2.1-1)

Red Hat Enterprise Linux 8.10
	Kernel: 5.15
	Compiler: gcc gcc (GCC) 8.5.0 20210514 (Red Hat 8.5.0-22)

Ubuntu 22.04
	Kernel: 5.15
	Compiler: gcc gcc (Ubuntu 11.4.0-1ubuntu1~22.04) 11.4.0

Ubuntu 20.04
	Kernel: 5.15
	Compiler: gcc gcc (Ubuntu 9.4.0-1ubuntu1~20.04.2) 9.4.0

Red Hat Enterprise Linux 9.5
	Kernel: 5.15
	Compiler: gcc gcc (GCC) 11.5.0 20240719 (Red Hat 11.5.0-2)

Ubuntu 24.04
	Kernel: 5.15
	Compiler: gcc gcc (Ubuntu 13.3.0-6ubuntu2~24.04) 13.3.0

Windows Server 2022
	Kernel: 10.0.20348.2031
	Compiler: clang 15.0.7, gcc 14.1.0 (MinGW), and MSVC VS 19.39.33521

To view detailed results, visit:
https://lab.dpdk.org/results/dashboard/patchsets/34203/

UNH-IOL DPDK Community Lab

To manage your email subscriptions, visit: 
https://lab.dpdk.org/results/dashboard/preferences/subscriptions/

^ permalink raw reply	[flat|nested] 27+ messages in thread

* |FAILURE| pw157229 [PATCH] app/crypto-perf: add ECDSA P192/P224/P521
       [not found] <20251003034233.2964182-1-rchiluka@marvell.com>
                   ` (22 preceding siblings ...)
  2025-10-03  5:53 ` dpdklab
@ 2025-10-03  5:55 ` dpdklab
  2025-10-03  5:56 ` dpdklab
                   ` (2 subsequent siblings)
  26 siblings, 0 replies; 27+ messages in thread
From: dpdklab @ 2025-10-03  5:55 UTC (permalink / raw)
  To: Test Report, Georgii Tkachuk, Qian Xu, Lijuan Tu, Ferruh Yigit
  Cc: dpdk-test-reports, Akhil Goyal, Rupesh Chiluka

Test-Label: iol-intel-Functional
Test-Status: FAILURE
http://dpdk.org/patch/157229

_Functional Testing issues_

Submitter: Rupesh Chiluka <rchiluka@marvell.com>
Date: Friday, October 03 2025 03:42:33 
DPDK git baseline: Repo:dpdk-next-crypto
  Branch: master
  CommitID:caa17cb4b057a31ee04067459fe543f7d7ae1079

157229 --> functional testing issues

Upstream job id: Template-DTS-Pipeline#247629

Test environment and result as below:

Ubuntu 24.04 LTS
Kernel: 6.8.0-44-generic
Compiler: gcc 13.2.0
NIC: Intel Corporation Ethernet Controller XL710 for 40GbE QSFP+ 40 Mbps

Aggregate Results by Test Suite
+--------------------+--------+
|     Test Suite     | Result |
+====================+========+
| blocklist          |  PASS  |
+--------------------+--------+
| promisc_support    |  PASS  |
+--------------------+--------+
| uni_pkt            |  PASS  |
+--------------------+--------+
| dynamic_config     |  PASS  |
+--------------------+--------+
| dynamic_queue_conf |  PASS  |
+--------------------+--------+
| hello_world        |  PASS  |
+--------------------+--------+
| l2fwd              |  PASS  |
+--------------------+--------+
| softnic            |  PASS  |
+--------------------+--------+
| vlan               |  PASS  |
+--------------------+--------+


Ubuntu 24.04
Kernel: 6.8
Compiler: gcc gcc (Ubuntu 13.3.0-6ubuntu2~24.04) 13.3.0
NIC: Intel Corporation 4xxx Series QAT 0 Mbps

Aggregate Results by Test Suite
+----------------------------+--------+
|         Test Suite         | Result |
+============================+========+
| crypto_perf_cryptodev_perf |  FAIL  |
+----------------------------+--------+


Ubuntu 20.04
Kernel: 5.4
Compiler: gcc gcc (Ubuntu 9.4.0-1ubuntu1~20.04.1) 9.4.0
NIC: Intel Corporation Ethernet Converged Network Adapter XL710-QDA2 40000 Mbps

Aggregate Results by Test Suite
+-----------------------------+--------+
|         Test Suite          | Result |
+=============================+========+
| unit_tests_mbuf             |  PASS  |
+-----------------------------+--------+
| vhost_virtio_user_interrupt |  PASS  |
+-----------------------------+--------+
| virtio_smoke                |  PASS  |
+-----------------------------+--------+


To view detailed results, visit:
https://lab.dpdk.org/results/dashboard/patchsets/34203/

UNH-IOL DPDK Community Lab

To manage your email subscriptions, visit: 
https://lab.dpdk.org/results/dashboard/preferences/subscriptions/

^ permalink raw reply	[flat|nested] 27+ messages in thread

* |FAILURE| pw157229 [PATCH] app/crypto-perf: add ECDSA P192/P224/P521
       [not found] <20251003034233.2964182-1-rchiluka@marvell.com>
                   ` (23 preceding siblings ...)
  2025-10-03  5:55 ` dpdklab
@ 2025-10-03  5:56 ` dpdklab
  2025-10-03  5:57 ` dpdklab
  2025-10-03  5:59 ` dpdklab
  26 siblings, 0 replies; 27+ messages in thread
From: dpdklab @ 2025-10-03  5:56 UTC (permalink / raw)
  To: Test Report; +Cc: dpdk-test-reports, Akhil Goyal, Rupesh Chiluka

Test-Label: iol-unit-amd64-testing
Test-Status: FAILURE
http://dpdk.org/patch/157229

_Testing issues_

Submitter: Rupesh Chiluka <rchiluka@marvell.com>
Date: Friday, October 03 2025 03:42:33 
DPDK git baseline: Repo:dpdk-next-crypto
  Branch: master
  CommitID:caa17cb4b057a31ee04067459fe543f7d7ae1079

157229 --> testing issues

Upstream job id: Generic-Unit-Test-DPDK#378079

Test environment and result as below:

+-------------------------------+----------------+
|          Environment          | dpdk_unit_test |
+===============================+================+
| CentOS Stream 9               | WARN           |
+-------------------------------+----------------+
| CentOS Stream 10              | WARN           |
+-------------------------------+----------------+
| Debian GNU/Linux 12           | WARN           |
+-------------------------------+----------------+
| Fedora Linux 40               | WARN           |
+-------------------------------+----------------+
| Fedora Linux 41               | PEND           |
+-------------------------------+----------------+
| Fedora Linux 42               | PEND           |
+-------------------------------+----------------+
| Red Hat Enterprise Linux 8.10 | WARN           |
+-------------------------------+----------------+
| Ubuntu 22.04                  | WARN           |
+-------------------------------+----------------+
| Ubuntu 20.04                  | FAIL           |
+-------------------------------+----------------+
| Red Hat Enterprise Linux 9.5  | WARN           |
+-------------------------------+----------------+
| Ubuntu 24.04                  | WARN           |
+-------------------------------+----------------+
| Windows Server 2022           | PASS           |
+-------------------------------+----------------+

==== 20 line log output for Ubuntu 24.04 (dpdk_unit_test): ====
../app/test-crypto-perf/main.c:426:33: error: enumeration value 'CPERF_CIPHER_ONLY' not handled in switch [-Werror=switch]
426 |                                 switch (opts->op_type) {
|                                 ^~~~~~
../app/test-crypto-perf/main.c:426:33: error: enumeration value 'CPERF_AUTH_ONLY' not handled in switch [-Werror=switch]
../app/test-crypto-perf/main.c:426:33: error: enumeration value 'CPERF_CIPHER_THEN_AUTH' not handled in switch [-Werror=switch]
../app/test-crypto-perf/main.c:426:33: error: enumeration value 'CPERF_AUTH_THEN_CIPHER' not handled in switch [-Werror=switch]
../app/test-crypto-perf/main.c:426:33: error: enumeration value 'CPERF_AEAD' not handled in switch [-Werror=switch]
../app/test-crypto-perf/main.c:426:33: error: enumeration value 'CPERF_PDCP' not handled in switch [-Werror=switch]
../app/test-crypto-perf/main.c:426:33: error: enumeration value 'CPERF_DOCSIS' not handled in switch [-Werror=switch]
../app/test-crypto-perf/main.c:426:33: error: enumeration value 'CPERF_IPSEC' not handled in switch [-Werror=switch]
../app/test-crypto-perf/main.c:426:33: error: enumeration value 'CPERF_ASYM_MODEX' not handled in switch [-Werror=switch]
../app/test-crypto-perf/main.c:426:33: error: enumeration value 'CPERF_ASYM_RSA' not handled in switch [-Werror=switch]
../app/test-crypto-perf/main.c:426:33: error: enumeration value 'CPERF_ASYM_ED25519' not handled in switch [-Werror=switch]
../app/test-crypto-perf/main.c:426:33: error: enumeration value 'CPERF_ASYM_SM2' not handled in switch [-Werror=switch]
../app/test-crypto-perf/main.c:426:33: error: enumeration value 'CPERF_TLS' not handled in switch [-Werror=switch]
cc1: all warnings being treated as errors
[3274/3540] Compiling C object app/dpdk-test-crypto-perf.p/test-crypto-perf_cperf_test_verify.c.o
[3275/3540] Linking target app/dpdk-test-dma-perf
[3276/3540] Linking target app/dpdk-test-eventdev
ninja: build stopped: subcommand failed.
==== End log output ====

CentOS Stream 9
	Kernel: 5.15
	Compiler: gcc gcc (GCC) 11.5.0 20240719 (Red Hat 11.5.0-11)

CentOS Stream 10
	Kernel: 5.15
	Compiler: gcc gcc (GCC) 14.2.1 20250110 (Red Hat 14.2.1-8)

Debian GNU/Linux 12
	Kernel: 5.15
	Compiler: gcc gcc (Debian 12.2.0-14+deb12u1) 12.2.0

Fedora Linux 40
	Kernel: 5.15
	Compiler: clang gcc (GCC) 14.2.1 20240912 (Red Hat 14.2.1-3)

Fedora Linux 41
	Kernel: 5.15
	Compiler: gcc gcc (GCC) 14.3.1 20250523 (Red Hat 14.3.1-1)

Fedora Linux 42
	Kernel: 5.15
	Compiler: gcc gcc (GCC) 15.2.1 20250808 (Red Hat 15.2.1-1)

Red Hat Enterprise Linux 8.10
	Kernel: 5.15
	Compiler: gcc gcc (GCC) 8.5.0 20210514 (Red Hat 8.5.0-22)

Ubuntu 22.04
	Kernel: 5.15
	Compiler: gcc gcc (Ubuntu 11.4.0-1ubuntu1~22.04) 11.4.0

Ubuntu 20.04
	Kernel: 5.15
	Compiler: gcc gcc (Ubuntu 9.4.0-1ubuntu1~20.04.2) 9.4.0

Red Hat Enterprise Linux 9.5
	Kernel: 5.15
	Compiler: gcc gcc (GCC) 11.5.0 20240719 (Red Hat 11.5.0-2)

Ubuntu 24.04
	Kernel: 5.15
	Compiler: gcc gcc (Ubuntu 13.3.0-6ubuntu2~24.04) 13.3.0

Windows Server 2022
	Kernel: 10.0.20348.2031
	Compiler: clang 15.0.7, gcc 14.1.0 (MinGW), and MSVC VS 19.39.33521

To view detailed results, visit:
https://lab.dpdk.org/results/dashboard/patchsets/34203/

UNH-IOL DPDK Community Lab

To manage your email subscriptions, visit: 
https://lab.dpdk.org/results/dashboard/preferences/subscriptions/

^ permalink raw reply	[flat|nested] 27+ messages in thread

* |FAILURE| pw157229 [PATCH] app/crypto-perf: add ECDSA P192/P224/P521
       [not found] <20251003034233.2964182-1-rchiluka@marvell.com>
                   ` (24 preceding siblings ...)
  2025-10-03  5:56 ` dpdklab
@ 2025-10-03  5:57 ` dpdklab
  2025-10-03  5:59 ` dpdklab
  26 siblings, 0 replies; 27+ messages in thread
From: dpdklab @ 2025-10-03  5:57 UTC (permalink / raw)
  To: Test Report; +Cc: dpdk-test-reports, Akhil Goyal, Rupesh Chiluka

Test-Label: iol-unit-amd64-testing
Test-Status: FAILURE
http://dpdk.org/patch/157229

_Testing issues_

Submitter: Rupesh Chiluka <rchiluka@marvell.com>
Date: Friday, October 03 2025 03:42:33 
DPDK git baseline: Repo:dpdk-next-crypto
  Branch: master
  CommitID:caa17cb4b057a31ee04067459fe543f7d7ae1079

157229 --> testing issues

Upstream job id: Generic-Unit-Test-DPDK#378072

Test environment and result as below:

+-------------------------------+----------------+
|          Environment          | dpdk_unit_test |
+===============================+================+
| CentOS Stream 9               | WARN           |
+-------------------------------+----------------+
| CentOS Stream 10              | WARN           |
+-------------------------------+----------------+
| Debian GNU/Linux 12           | WARN           |
+-------------------------------+----------------+
| Fedora Linux 40               | WARN           |
+-------------------------------+----------------+
| Fedora Linux 41               | WARN           |
+-------------------------------+----------------+
| Fedora Linux 42               | PEND           |
+-------------------------------+----------------+
| Red Hat Enterprise Linux 8.10 | WARN           |
+-------------------------------+----------------+
| Ubuntu 22.04                  | WARN           |
+-------------------------------+----------------+
| Ubuntu 20.04                  | FAIL           |
+-------------------------------+----------------+
| Red Hat Enterprise Linux 9.5  | WARN           |
+-------------------------------+----------------+
| Ubuntu 24.04                  | WARN           |
+-------------------------------+----------------+
| Windows Server 2022           | PASS           |
+-------------------------------+----------------+

==== 20 line log output for Ubuntu 24.04 (dpdk_unit_test): ====
../app/test-crypto-perf/main.c:426:33: error: enumeration value 'CPERF_CIPHER_ONLY' not handled in switch [-Werror=switch]
426 |                                 switch (opts->op_type) {
|                                 ^~~~~~
../app/test-crypto-perf/main.c:426:33: error: enumeration value 'CPERF_AUTH_ONLY' not handled in switch [-Werror=switch]
../app/test-crypto-perf/main.c:426:33: error: enumeration value 'CPERF_CIPHER_THEN_AUTH' not handled in switch [-Werror=switch]
../app/test-crypto-perf/main.c:426:33: error: enumeration value 'CPERF_AUTH_THEN_CIPHER' not handled in switch [-Werror=switch]
../app/test-crypto-perf/main.c:426:33: error: enumeration value 'CPERF_AEAD' not handled in switch [-Werror=switch]
../app/test-crypto-perf/main.c:426:33: error: enumeration value 'CPERF_PDCP' not handled in switch [-Werror=switch]
../app/test-crypto-perf/main.c:426:33: error: enumeration value 'CPERF_DOCSIS' not handled in switch [-Werror=switch]
../app/test-crypto-perf/main.c:426:33: error: enumeration value 'CPERF_IPSEC' not handled in switch [-Werror=switch]
../app/test-crypto-perf/main.c:426:33: error: enumeration value 'CPERF_ASYM_MODEX' not handled in switch [-Werror=switch]
../app/test-crypto-perf/main.c:426:33: error: enumeration value 'CPERF_ASYM_RSA' not handled in switch [-Werror=switch]
../app/test-crypto-perf/main.c:426:33: error: enumeration value 'CPERF_ASYM_ED25519' not handled in switch [-Werror=switch]
../app/test-crypto-perf/main.c:426:33: error: enumeration value 'CPERF_ASYM_SM2' not handled in switch [-Werror=switch]
../app/test-crypto-perf/main.c:426:33: error: enumeration value 'CPERF_TLS' not handled in switch [-Werror=switch]
cc1: all warnings being treated as errors
[3274/3540] Compiling C object app/dpdk-test-crypto-perf.p/test-crypto-perf_cperf_test_verify.c.o
[3275/3540] Linking target app/dpdk-test-dma-perf
[3276/3540] Linking target app/dpdk-test-eventdev
ninja: build stopped: subcommand failed.
==== End log output ====

CentOS Stream 9
	Kernel: 5.15
	Compiler: gcc gcc (GCC) 11.5.0 20240719 (Red Hat 11.5.0-11)

CentOS Stream 10
	Kernel: 5.15
	Compiler: gcc gcc (GCC) 14.2.1 20250110 (Red Hat 14.2.1-8)

Debian GNU/Linux 12
	Kernel: 5.15
	Compiler: gcc gcc (Debian 12.2.0-14+deb12u1) 12.2.0

Fedora Linux 40
	Kernel: 5.15
	Compiler: clang gcc (GCC) 14.2.1 20240912 (Red Hat 14.2.1-3)

Fedora Linux 41
	Kernel: 5.15
	Compiler: gcc gcc (GCC) 14.3.1 20250523 (Red Hat 14.3.1-1)

Fedora Linux 42
	Kernel: 5.15
	Compiler: gcc gcc (GCC) 15.2.1 20250808 (Red Hat 15.2.1-1)

Red Hat Enterprise Linux 8.10
	Kernel: 5.15
	Compiler: gcc gcc (GCC) 8.5.0 20210514 (Red Hat 8.5.0-22)

Ubuntu 22.04
	Kernel: 5.15
	Compiler: gcc gcc (Ubuntu 11.4.0-1ubuntu1~22.04) 11.4.0

Ubuntu 20.04
	Kernel: 5.15
	Compiler: gcc gcc (Ubuntu 9.4.0-1ubuntu1~20.04.2) 9.4.0

Red Hat Enterprise Linux 9.5
	Kernel: 5.15
	Compiler: gcc gcc (GCC) 11.5.0 20240719 (Red Hat 11.5.0-2)

Ubuntu 24.04
	Kernel: 5.15
	Compiler: gcc gcc (Ubuntu 13.3.0-6ubuntu2~24.04) 13.3.0

Windows Server 2022
	Kernel: 10.0.20348.2031
	Compiler: clang 15.0.7, gcc 14.1.0 (MinGW), and MSVC VS 19.39.33521

To view detailed results, visit:
https://lab.dpdk.org/results/dashboard/patchsets/34203/

UNH-IOL DPDK Community Lab

To manage your email subscriptions, visit: 
https://lab.dpdk.org/results/dashboard/preferences/subscriptions/

^ permalink raw reply	[flat|nested] 27+ messages in thread

* |FAILURE| pw157229 [PATCH] app/crypto-perf: add ECDSA P192/P224/P521
       [not found] <20251003034233.2964182-1-rchiluka@marvell.com>
                   ` (25 preceding siblings ...)
  2025-10-03  5:57 ` dpdklab
@ 2025-10-03  5:59 ` dpdklab
  26 siblings, 0 replies; 27+ messages in thread
From: dpdklab @ 2025-10-03  5:59 UTC (permalink / raw)
  To: Test Report; +Cc: dpdk-test-reports, Akhil Goyal, Rupesh Chiluka

Test-Label: iol-unit-amd64-testing
Test-Status: FAILURE
http://dpdk.org/patch/157229

_Testing issues_

Submitter: Rupesh Chiluka <rchiluka@marvell.com>
Date: Friday, October 03 2025 03:42:33 
DPDK git baseline: Repo:dpdk-next-crypto
  Branch: master
  CommitID:caa17cb4b057a31ee04067459fe543f7d7ae1079

157229 --> testing issues

Upstream job id: Generic-Unit-Test-DPDK#378076

Test environment and result as below:

+-------------------------------+----------------+
|          Environment          | dpdk_unit_test |
+===============================+================+
| CentOS Stream 9               | WARN           |
+-------------------------------+----------------+
| CentOS Stream 10              | WARN           |
+-------------------------------+----------------+
| Debian GNU/Linux 12           | WARN           |
+-------------------------------+----------------+
| Fedora Linux 40               | WARN           |
+-------------------------------+----------------+
| Fedora Linux 41               | WARN           |
+-------------------------------+----------------+
| Fedora Linux 42               | WARN           |
+-------------------------------+----------------+
| Red Hat Enterprise Linux 8.10 | WARN           |
+-------------------------------+----------------+
| Ubuntu 22.04                  | WARN           |
+-------------------------------+----------------+
| Ubuntu 20.04                  | FAIL           |
+-------------------------------+----------------+
| Red Hat Enterprise Linux 9.5  | WARN           |
+-------------------------------+----------------+
| Ubuntu 24.04                  | WARN           |
+-------------------------------+----------------+
| Windows Server 2022           | PASS           |
+-------------------------------+----------------+

==== 20 line log output for Ubuntu 24.04 (dpdk_unit_test): ====
../app/test-crypto-perf/main.c:426:33: error: enumeration value 'CPERF_CIPHER_ONLY' not handled in switch [-Werror=switch]
426 |                                 switch (opts->op_type) {
|                                 ^~~~~~
../app/test-crypto-perf/main.c:426:33: error: enumeration value 'CPERF_AUTH_ONLY' not handled in switch [-Werror=switch]
../app/test-crypto-perf/main.c:426:33: error: enumeration value 'CPERF_CIPHER_THEN_AUTH' not handled in switch [-Werror=switch]
../app/test-crypto-perf/main.c:426:33: error: enumeration value 'CPERF_AUTH_THEN_CIPHER' not handled in switch [-Werror=switch]
../app/test-crypto-perf/main.c:426:33: error: enumeration value 'CPERF_AEAD' not handled in switch [-Werror=switch]
../app/test-crypto-perf/main.c:426:33: error: enumeration value 'CPERF_PDCP' not handled in switch [-Werror=switch]
../app/test-crypto-perf/main.c:426:33: error: enumeration value 'CPERF_DOCSIS' not handled in switch [-Werror=switch]
../app/test-crypto-perf/main.c:426:33: error: enumeration value 'CPERF_IPSEC' not handled in switch [-Werror=switch]
../app/test-crypto-perf/main.c:426:33: error: enumeration value 'CPERF_ASYM_MODEX' not handled in switch [-Werror=switch]
../app/test-crypto-perf/main.c:426:33: error: enumeration value 'CPERF_ASYM_RSA' not handled in switch [-Werror=switch]
../app/test-crypto-perf/main.c:426:33: error: enumeration value 'CPERF_ASYM_ED25519' not handled in switch [-Werror=switch]
../app/test-crypto-perf/main.c:426:33: error: enumeration value 'CPERF_ASYM_SM2' not handled in switch [-Werror=switch]
../app/test-crypto-perf/main.c:426:33: error: enumeration value 'CPERF_TLS' not handled in switch [-Werror=switch]
cc1: all warnings being treated as errors
[3274/3540] Compiling C object app/dpdk-test-crypto-perf.p/test-crypto-perf_cperf_test_verify.c.o
[3275/3540] Linking target app/dpdk-test-dma-perf
[3276/3540] Linking target app/dpdk-test-eventdev
ninja: build stopped: subcommand failed.
==== End log output ====

CentOS Stream 9
	Kernel: 5.15
	Compiler: gcc gcc (GCC) 11.5.0 20240719 (Red Hat 11.5.0-11)

CentOS Stream 10
	Kernel: 5.15
	Compiler: gcc gcc (GCC) 14.2.1 20250110 (Red Hat 14.2.1-8)

Debian GNU/Linux 12
	Kernel: 5.15
	Compiler: gcc gcc (Debian 12.2.0-14+deb12u1) 12.2.0

Fedora Linux 40
	Kernel: 5.15
	Compiler: clang gcc (GCC) 14.2.1 20240912 (Red Hat 14.2.1-3)

Fedora Linux 41
	Kernel: 5.15
	Compiler: gcc gcc (GCC) 14.3.1 20250523 (Red Hat 14.3.1-1)

Fedora Linux 42
	Kernel: 5.15
	Compiler: gcc gcc (GCC) 15.2.1 20250808 (Red Hat 15.2.1-1)

Red Hat Enterprise Linux 8.10
	Kernel: 5.15
	Compiler: gcc gcc (GCC) 8.5.0 20210514 (Red Hat 8.5.0-22)

Ubuntu 22.04
	Kernel: 5.15
	Compiler: gcc gcc (Ubuntu 11.4.0-1ubuntu1~22.04) 11.4.0

Ubuntu 20.04
	Kernel: 5.15
	Compiler: gcc gcc (Ubuntu 9.4.0-1ubuntu1~20.04.2) 9.4.0

Red Hat Enterprise Linux 9.5
	Kernel: 5.15
	Compiler: gcc gcc (GCC) 11.5.0 20240719 (Red Hat 11.5.0-2)

Ubuntu 24.04
	Kernel: 5.15
	Compiler: gcc gcc (Ubuntu 13.3.0-6ubuntu2~24.04) 13.3.0

Windows Server 2022
	Kernel: 10.0.20348.2031
	Compiler: clang 15.0.7, gcc 14.1.0 (MinGW), and MSVC VS 19.39.33521

To view detailed results, visit:
https://lab.dpdk.org/results/dashboard/patchsets/34203/

UNH-IOL DPDK Community Lab

To manage your email subscriptions, visit: 
https://lab.dpdk.org/results/dashboard/preferences/subscriptions/

^ permalink raw reply	[flat|nested] 27+ messages in thread

end of thread, other threads:[~2025-10-03  5:59 UTC | newest]

Thread overview: 27+ messages (download: mbox.gz / follow: Atom feed)
-- links below jump to the message on this page --
     [not found] <20251003034233.2964182-1-rchiluka@marvell.com>
2025-10-03  3:09 ` |SUCCESS| pw157229 [PATCH] app/crypto-perf: add ECDSA P192/P224/P521 support qemudev
2025-10-03  3:14 ` qemudev
2025-10-03  3:44 ` checkpatch
2025-10-03  4:17 ` |FAILURE| pw157229 [PATCH] app/crypto-perf: add ECDSA P192/P224/P521 dpdklab
2025-10-03  4:21 ` |SUCCESS| " dpdklab
2025-10-03  4:51 ` |FAILURE| " dpdklab
2025-10-03  4:57 ` |SUCCESS| " dpdklab
2025-10-03  4:59 ` dpdklab
2025-10-03  5:10 ` |FAILURE| " dpdklab
2025-10-03  5:16 ` dpdklab
2025-10-03  5:18 ` dpdklab
2025-10-03  5:36 ` |PENDING| " dpdklab
2025-10-03  5:37 ` |WARNING| " dpdklab
2025-10-03  5:46 ` |FAILURE| " dpdklab
2025-10-03  5:46 ` dpdklab
2025-10-03  5:47 ` dpdklab
2025-10-03  5:47 ` dpdklab
2025-10-03  5:48 ` dpdklab
2025-10-03  5:50 ` dpdklab
2025-10-03  5:51 ` dpdklab
2025-10-03  5:52 ` dpdklab
2025-10-03  5:52 ` dpdklab
2025-10-03  5:53 ` dpdklab
2025-10-03  5:55 ` dpdklab
2025-10-03  5:56 ` dpdklab
2025-10-03  5:57 ` dpdklab
2025-10-03  5:59 ` dpdklab

This is a public inbox, see mirroring instructions
for how to clone and mirror all data and code used for this inbox;
as well as URLs for NNTP newsgroup(s).