From mboxrd@z Thu Jan 1 00:00:00 1970 Return-Path: Received: from mails.dpdk.org (mails.dpdk.org [217.70.189.124]) by inbox.dpdk.org (Postfix) with ESMTP id 5CE5B48898 for ; Fri, 3 Oct 2025 06:40:44 +0200 (CEST) Received: from mails.dpdk.org (localhost [127.0.0.1]) by mails.dpdk.org (Postfix) with ESMTP id 56705402A7; Fri, 3 Oct 2025 06:40:44 +0200 (CEST) Received: from mail-qt1-f226.google.com (mail-qt1-f226.google.com [209.85.160.226]) by mails.dpdk.org (Postfix) with ESMTP id 3D1E0402A7 for ; Fri, 3 Oct 2025 06:40:43 +0200 (CEST) Received: by mail-qt1-f226.google.com with SMTP id d75a77b69052e-4e4f8122660so18199251cf.0 for ; Thu, 02 Oct 2025 21:40:43 -0700 (PDT) DKIM-Signature: v=1; a=rsa-sha256; c=relaxed/relaxed; d=iol.unh.edu; s=unh-iol; t=1759466442; x=1760071242; darn=dpdk.org; h=cc:to:from:subject:message-id:date:from:to:cc:subject:date :message-id:reply-to; bh=kWCJodloohb35fFyZtqaYaJGvbX+DS+3BPX0mKNS+V4=; b=HJpVczJ4afDEZDLKlFb1nDIZ93zVL9rgGDKprqMcswnhgUFOkbIsggQnRX9pZhaA9D a8FVsocnl8aTMFcyPr6gtOUOQrxvzDU7BcLb2z+Qr/D8UBjAuk4XIr4z8j/V0IVIHyZ2 NV6U3oTfgP4yqZYOOp1cOqoh2Qwc9gw5mT35A= X-Google-DKIM-Signature: v=1; a=rsa-sha256; c=relaxed/relaxed; d=1e100.net; s=20230601; t=1759466442; x=1760071242; h=cc:to:from:subject:message-id:date:x-gm-message-state:from:to:cc :subject:date:message-id:reply-to; bh=kWCJodloohb35fFyZtqaYaJGvbX+DS+3BPX0mKNS+V4=; b=VWf5uuQo8AtAszu2lsa6dYHn/IFSuLA0MMwI1K8luptAY6opz5ekP0aug6SjmxXoXw YVQedcEnM2FTjF7IreRw9XQa42EvbHpzQ6YMIzuT8YQtp0SQBHlpDU62qgV7y7x1zXwv IzjihaNCu60aDF5lcSRKnKW0JhTI+QLAxpO2vKg45Cgqav7eTtqCintVGIk7I+Ugg+Gz HjWA9y6ud7z+lJ5m0Kqiqfm6Eg1YbPP4Hc+xHL2k3nIp4EW9GYA4Utv+3znbpmy7Ld6B c5aYJewn5OOL4jZNXpWrLGvGzvE6kOXt61fMHkOK62DYAgJnFJrB+8jeb4IYSEpAJwt+ uQJA== X-Gm-Message-State: AOJu0YySSy4ObBWZvDxyb5qRyz7O5kQkQnaKtyASbs5Rr6/8eJ7Gu2A5 DzQ/GpEh3QiQgr6CTMCgYPq1mHHW6gZUZ2TB68zBRrT3cNmRYG3cl6jKaG2WfqgXn4gPkJZ0/Kk cXy8PJmMoIIrX1L/Vqoso0YdwUc1kUF5RDlPrle4V1NPM8HHnbMIU X-Gm-Gg: ASbGncue9SByuDf5mA8o3fgnEdVNnAtRU+Z+TBh0RkVuQ+TNFvXbLoVRrDMOazRpX70 gq9cvnku7bAf2Flh4Qsi4zDqUib//bllv9h+RcmHSsrA6W+a3tPry5WfYRDF72n0CLY/0RhujTH lfcJkKMX00g9AnuithykPEaESHBi706zH/2gbC61qAe1j8nYKkP6ZqpUyp7d25V5CL67hjBrOXJ DgkECeHqsIuDxqrV2eAaASlQUf4qPipxjn56njfv0cpJGkzeiY+KdvwfYYxiWM2gAOI3FA8ZZcJ uy87W+7i7mu44TDlOJnQ68SR3B2dqrMSvFkCh01sIGLxhzMKRxwPRO8= X-Google-Smtp-Source: AGHT+IEoQHlCITaOp00RRs4VeNuk1FzzcLPpYbDGIpYhuebtkPRK8YAfrLuLzsC7fMRyNxhiHWKDJ+42hTWJ X-Received: by 2002:a05:622a:1108:b0:4d8:3c3:27c8 with SMTP id d75a77b69052e-4e576b1625fmr21197491cf.67.1759466442540; Thu, 02 Oct 2025 21:40:42 -0700 (PDT) Received: from postal.iol.unh.edu (postal.iol.unh.edu. [2606:4100:3880:1234::84]) by smtp-relay.gmail.com with ESMTPS id 6a1803df08f44-878be04c74asm3195616d6.28.2025.10.02.21.40.42 (version=TLS1_2 cipher=ECDHE-ECDSA-AES128-GCM-SHA256 bits=128/128); Thu, 02 Oct 2025 21:40:42 -0700 (PDT) X-Relaying-Domain: iol.unh.edu Date: Thu, 02 Oct 2025 21:40:42 -0700 (PDT) Message-ID: <68df53ca.d40a0220.367fc2.3895SMTPIN_ADDED_MISSING@mx.google.com> Received: from [172.21.0.2] (unknown [172.18.0.240]) by postal.iol.unh.edu (Postfix) with ESMTP id 3F50C6051830; Fri, 3 Oct 2025 00:40:42 -0400 (EDT) Subject: |FAILURE| [GIT MASTER] 62f583c49bf67dd4d6733ece14e55fe6839e66d1 From: dpdklab@iol.unh.edu To: Test Report Cc: dpdk-test-reports@iol.unh.edu, Xueming Li , Christian Ehrhardt , Kevin Traynor , Luca Boccassi Content-Type: text/plain X-BeenThere: test-report@dpdk.org X-Mailman-Version: 2.1.29 Precedence: list List-Id: automatic DPDK test reports List-Unsubscribe: , List-Archive: List-Post: List-Help: List-Subscribe: , Errors-To: test-report-bounces@dpdk.org _Testing issues_ Branch: tags/v23.11 62f583c49bf67dd4d6733ece14e55fe6839e66d1 --> testing issues Upstream job id: Generic-VM-Unit-Test-DPDK#31554 Test environment and result as below: +-------------------------------+----------------+ | Environment | dpdk_unit_test | +===============================+================+ | CentOS Stream 9 | PASS | +-------------------------------+----------------+ | CentOS Stream 10 | PASS | +-------------------------------+----------------+ | Debian GNU/Linux 12 | PEND | +-------------------------------+----------------+ | Fedora Linux 40 | PEND | +-------------------------------+----------------+ | Fedora Linux 41 | PEND | +-------------------------------+----------------+ | Fedora Linux 42 | PEND | +-------------------------------+----------------+ | Red Hat Enterprise Linux 8.10 | PEND | +-------------------------------+----------------+ | Ubuntu 22.04 | PEND | +-------------------------------+----------------+ | Ubuntu 20.04 | PEND | +-------------------------------+----------------+ | Red Hat Enterprise Linux 9.5 | PEND | +-------------------------------+----------------+ | Ubuntu 24.04 | PEND | +-------------------------------+----------------+ | Windows Server 2022 | FAIL | +-------------------------------+----------------+ ==== Unit test summary for Windows Server 2022 (dpdk_unit_test): ==== Failed to get the unit test results. Displaying the unit test results is not supported for some environments, such as our aarch32 testing, where meson is not used to run the tests. Download the logs available on our CI site. ==== End log output ==== CentOS Stream 9 Kernel: 5.15 Compiler: gcc gcc (GCC) 11.5.0 20240719 (Red Hat 11.5.0-11) CentOS Stream 10 Kernel: 5.15 Compiler: gcc gcc (GCC) 14.2.1 20250110 (Red Hat 14.2.1-8) Debian GNU/Linux 12 Kernel: 5.15 Compiler: gcc gcc (Debian 12.2.0-14+deb12u1) 12.2.0 Fedora Linux 40 Kernel: 5.15 Compiler: clang gcc (GCC) 14.2.1 20240912 (Red Hat 14.2.1-3) Fedora Linux 41 Kernel: 5.15 Compiler: clang gcc (GCC) 14.3.1 20250523 (Red Hat 14.3.1-1) Fedora Linux 42 Kernel: 5.15 Compiler: gcc gcc (GCC) 15.2.1 20250808 (Red Hat 15.2.1-1) Red Hat Enterprise Linux 8.10 Kernel: 5.15 Compiler: gcc gcc (GCC) 8.5.0 20210514 (Red Hat 8.5.0-22) Ubuntu 22.04 Kernel: 5.15 Compiler: gcc gcc (Ubuntu 11.4.0-1ubuntu1~22.04) 11.4.0 Ubuntu 20.04 Kernel: 5.15 Compiler: gcc gcc (Ubuntu 9.4.0-1ubuntu1~20.04.2) 9.4.0 Red Hat Enterprise Linux 9.5 Kernel: 5.15 Compiler: gcc gcc (GCC) 11.5.0 20240719 (Red Hat 11.5.0-2) Ubuntu 24.04 Kernel: 5.15 Compiler: gcc gcc (Ubuntu 13.3.0-6ubuntu2~24.04) 13.3.0 Windows Server 2022 Kernel: 10.0.20348.2031 Compiler: clang 15.0.7, gcc 14.1.0 (MinGW), and MSVC VS 19.39.33521 To view detailed results, visit: https://lab.dpdk.org/results/dashboard/tarballs/35090/ UNH-IOL DPDK Community Lab To manage your email subscriptions, visit: https://lab.dpdk.org/results/dashboard/preferences/subscriptions/