From mboxrd@z Thu Jan 1 00:00:00 1970 Return-Path: Received: from mails.dpdk.org (mails.dpdk.org [217.70.189.124]) by inbox.dpdk.org (Postfix) with ESMTP id 8A92F48898 for ; Fri, 3 Oct 2025 06:51:59 +0200 (CEST) Received: from mails.dpdk.org (localhost [127.0.0.1]) by mails.dpdk.org (Postfix) with ESMTP id 70AF3402A7; Fri, 3 Oct 2025 06:51:59 +0200 (CEST) Received: from mail-io1-f99.google.com (mail-io1-f99.google.com [209.85.166.99]) by mails.dpdk.org (Postfix) with ESMTP id 30946402A7 for ; Fri, 3 Oct 2025 06:51:58 +0200 (CEST) Received: by mail-io1-f99.google.com with SMTP id ca18e2360f4ac-930cfdfabb3so131712539f.1 for ; Thu, 02 Oct 2025 21:51:58 -0700 (PDT) DKIM-Signature: v=1; a=rsa-sha256; c=relaxed/relaxed; d=iol.unh.edu; s=unh-iol; t=1759467117; x=1760071917; darn=dpdk.org; h=references:in-reply-to:cc:to:from:subject:message-id:date:from:to :cc:subject:date:message-id:reply-to; bh=/9Bjtt/S58eNP/Lwu5u9pa5h97Lix3bvLtkBOk+9uEU=; b=Dy5k7lTB7WOF5xFRAbgM1YPUPMxKdw07YeUtf8kO53Td9Dxcp4KcOr2FthPgZPWcC5 LjjQ1orO1MlHsbOEk5FLbrrIU176uF/mU98xGTjjfmebd311luwooCLrDdI04L+ZR45P gbbLQfjHB/IxH63eYebIcch6WVRi+KTlH+pnc= X-Google-DKIM-Signature: v=1; a=rsa-sha256; c=relaxed/relaxed; d=1e100.net; s=20230601; t=1759467117; x=1760071917; h=references:in-reply-to:cc:to:from:subject:message-id:date :x-gm-message-state:from:to:cc:subject:date:message-id:reply-to; bh=/9Bjtt/S58eNP/Lwu5u9pa5h97Lix3bvLtkBOk+9uEU=; b=ilB/XQcnwTFNaNtz9HF0g93dPgOSnHl8Y8YXlM2oSrsRVT7bKHW8O1WISn9x6495aS 8WS6SYnS0xP9RjoX1Xo3w7/XKFGpf9NNBkRYea6vaG7TFBIRs2gEFpSt/XhaYeYFCqpD VFqGnDdR1KR8rU6YhC0u5eRPFJllDkR/APcMttL+GQTGg8aMMIkJOTGyMTtqCn64Qre7 E+aH5pQMFnsErn3aYLIeYoq3bmb8x4K9cTUbf3MASxaDWOLI+L4W27XN2vylC+qD2ZcV uF0zJu74vygbvcDr8DfRbuIRLXQa9duscy9Wbm4uUIL7FVDT/r+TOI4LnjtW33jM9Fr2 RmNQ== X-Gm-Message-State: AOJu0YzrAlU7m6v8cqa2iJlmcFKuNmG6fHal51JV9NHjvYKAQL6ZqRCc a0fdbdN0stOBmoYUV5i+3kV1Khitq9nSGUJuQVzevpB2apHMN3I4e/3MPJRW7OLFuPeABm+foy4 nfLEhV0Nay3O691vRG5dpSQ+f4rYGyZkt1xOlVU1zV9qCa3oPAPFIcsihVdpb X-Gm-Gg: ASbGncv5NGj8MlIcIm5uP12liZVEy1iDMJQD0u5XkA75NPQRsmE1QqaExjcf64HduWg 8xc8emjpqINphV8pIvgvYyo5vIAqqhJJmx02EoxVpnyhljxQADvjTIntyYHHs5+sXMGd5GdzW0G UZG1PGHIT3jAdsX0Dn3DchYUBQD+bgJU44U8Iex8/wrB7JaeMw+V+asAFFkKlOYo4kb1PedHLK/ iDFyvwwN9gJCZlYhSwXAoNo5Tr+sxN4oVhqR4yhSU+lOUZyk1Q71WOnldUYDhvZyonQy52AsAd3 04a9abKU6bxu7+3tkIlvQD1CqEGOUegCkbf/AczFfHsofm2rlVmEVUE= X-Google-Smtp-Source: AGHT+IG4BKUNCIZLxivakJhD2ccn71oDqOpNUzbLhcf6dvRhUqr33GgdRLGe3C+OyidSJD4j/CLIagbUb8PW X-Received: by 2002:a05:6e02:1a06:b0:424:7128:a06a with SMTP id e9e14a558f8ab-42e7b1c1bd3mr21702655ab.7.1759467117484; Thu, 02 Oct 2025 21:51:57 -0700 (PDT) Received: from postal.iol.unh.edu (postal.iol.unh.edu. [2606:4100:3880:1234::84]) by smtp-relay.gmail.com with ESMTPS id e9e14a558f8ab-42d8b278043sm2819745ab.23.2025.10.02.21.51.57 (version=TLS1_2 cipher=ECDHE-ECDSA-AES128-GCM-SHA256 bits=128/128); Thu, 02 Oct 2025 21:51:57 -0700 (PDT) X-Relaying-Domain: iol.unh.edu Date: Thu, 02 Oct 2025 21:51:57 -0700 (PDT) Message-ID: <68df566d.050a0220.2bad2f.1c61SMTPIN_ADDED_MISSING@mx.google.com> Received: from [172.21.0.3] (unknown [172.18.0.240]) by postal.iol.unh.edu (Postfix) with ESMTP id 04B126051830; Fri, 3 Oct 2025 00:51:57 -0400 (EDT) Subject: |FAILURE| pw157229 [PATCH] app/crypto-perf: add ECDSA P192/P224/P521 From: dpdklab@iol.unh.edu To: Test Report Cc: dpdk-test-reports@iol.unh.edu, Akhil Goyal , Rupesh Chiluka In-Reply-To: <20251003034233.2964182-1-rchiluka@marvell.com> References: <20251003034233.2964182-1-rchiluka@marvell.com> Content-Type: text/plain X-BeenThere: test-report@dpdk.org X-Mailman-Version: 2.1.29 Precedence: list List-Id: automatic DPDK test reports List-Unsubscribe: , List-Archive: List-Post: List-Help: List-Subscribe: , Errors-To: test-report-bounces@dpdk.org Test-Label: iol-compile-amd64-testing Test-Status: FAILURE http://dpdk.org/patch/157229 _Testing issues_ Submitter: Rupesh Chiluka Date: Friday, October 03 2025 03:42:33 DPDK git baseline: Repo:dpdk-next-crypto Branch: master CommitID:caa17cb4b057a31ee04067459fe543f7d7ae1079 157229 --> testing issues Upstream job id: Windows-Compile-DPDK-VS#7090 Test environment and result as below: +---------------------+--------------------+-------------------+ | Environment | dpdk_meson_compile | dpdk_msvc_compile | +=====================+====================+===================+ | Ubuntu 20.04 | FAIL | SKIPPED | +---------------------+--------------------+-------------------+ | FreeBSD 14.2 | FAIL | SKIPPED | +---------------------+--------------------+-------------------+ | Windows Server 2022 | SKIPPED | PASS | +---------------------+--------------------+-------------------+ ==== 20 line log output for FreeBSD 14.2 (dpdk_meson_compile): ==== [1849/2137] Compiling C object app/dpdk-test-crypto-perf.p/test-crypto-perf_cperf_ops.c.o [1850/2137] Compiling C object app/dpdk-test-crypto-perf.p/test-crypto-perf_cperf_test_latency.c.o [1851/2137] Compiling C object app/dpdk-test-crypto-perf.p/test-crypto-perf_cperf_test_pmd_cyclecount.c.o [1852/2137] Compiling C object app/dpdk-test-crypto-perf.p/test-crypto-perf_cperf_test_vectors.c.o [1853/2137] Compiling C object app/dpdk-test-crypto-perf.p/test-crypto-perf_cperf_test_vector_parsing.c.o [1854/2137] Compiling C object app/dpdk-test-crypto-perf.p/test-crypto-perf_cperf_test_throughput.c.o [1855/2137] Compiling C object app/dpdk-test-dma-perf.p/test-dma-perf_main.c.o [1856/2137] Compiling C object app/dpdk-test-crypto-perf.p/test-crypto-perf_main.c.o FAILED: app/dpdk-test-crypto-perf.p/test-crypto-perf_main.c.o cc -Iapp/dpdk-test-crypto-perf.p -Iapp -I../app -Ilib/cryptodev -I../lib/cryptodev -Ilib/eal/common -I../lib/eal/common -I. -I.. -Iconfig -I../config -Ilib/eal/include -I../lib/eal/include -Ilib/eal/freebsd/include -I../lib/eal/freebsd/include -Ilib/eal/x86/include -I../lib/eal/x86/include -Ilib/eal -I../lib/eal -Ilib/kvargs -I../lib/kvargs -Ilib/log -I../lib/log -Ilib/metrics -I../lib/metrics -Ilib/telemetry -I../lib/telemetry -Ilib/mbuf -I../lib/mbuf -Ilib/mempool -I../lib/mempool -Ilib/ring -I../lib/ring -Ilib/rcu -I../lib/rcu -Ilib/net -I../lib/net -Ilib/security -I../lib/security -Idrivers/crypto/scheduler -I../drivers/crypto/scheduler -Idrivers/bus/vdev -I../drivers/bus/vdev -Ilib/reorder -I../lib/reorder -Xclang -fcolor-diagnostics -pipe -D_FILE_OFFSET_BITS=64 -Wall -Winvalid-pch -Wextra -Werror -std=c11 -O3 -include rte_config.h -Wvla -Wcast-qual -Wdeprecated -Wformat -Wformat-nonliteral -Wformat-security -Wmissing-declarations -Wmissing-prototypes -Wnested-externs -Wold-styl e-definition -Wpointer-arith -Wsign-compare -Wstrict-prototypes -Wundef -Wwrite-strings -Wno-missing-field-initializers -D_GNU_SOURCE -D__BSD_VISIBLE -march=native -mrtm -DALLOW_EXPERIMENTAL_API -Wno-vla -MD -MQ app/dpdk-test-crypto-perf.p/test-crypto-perf_main.c.o -MF app/dpdk-test-crypto-perf.p/test-crypto-perf_main.c.o.d -o app/dpdk-test-crypto-perf.p/test-crypto-perf_main.c.o -c ../app/test-crypto-perf/main.c ../app/test-crypto-perf/main.c:426:13: error: 13 enumeration values not handled in switch: 'CPERF_CIPHER_ONLY', 'CPERF_AUTH_ONLY', 'CPERF_CIPHER_THEN_AUTH'... [-Werror,-Wswitch] 426 | switch (opts->op_type) { | ^~~~~~~~~~~~~ 1 error generated. [1857/2137] Compiling C object app/dpdk-test-eventdev.p/test-eventdev_evt_main.c.o [1858/2137] Compiling C object app/dpdk-test-crypto-perf.p/test-crypto-perf_cperf_test_verify.c.o [1859/2137] Compiling C object app/dpdk-test-dma-perf.p/test-dma-perf_benchmark.c.o [1860/2137] Compiling C object app/dpdk-test-bbdev.p/test-bbdev_test_bbdev_perf.c.o [1861/2137] Compiling C object app/dpdk-test-eventdev.p/test-eventdev_evt_options.c.o ninja: build stopped: subcommand failed. ==== End log output ==== Ubuntu 20.04 Kernel: 4.19 Compiler: gcc gcc (Ubuntu 9.4.0-1ubuntu1~20.04.2) 9.4.0 FreeBSD 14.2 Kernel: 14.2-RELEASE Compiler: clang 18.1.6 Windows Server 2022 Kernel: 10.0.20348.2031 Compiler: clang 15.0.7, gcc 14.1.0 (MinGW), and MSVC VS 19.39.33521 To view detailed results, visit: https://lab.dpdk.org/results/dashboard/patchsets/34203/ UNH-IOL DPDK Community Lab To manage your email subscriptions, visit: https://lab.dpdk.org/results/dashboard/preferences/subscriptions/