From mboxrd@z Thu Jan 1 00:00:00 1970 Return-Path: Received: from mails.dpdk.org (mails.dpdk.org [217.70.189.124]) by inbox.dpdk.org (Postfix) with ESMTP id 96DB048898 for ; Fri, 3 Oct 2025 06:53:16 +0200 (CEST) Received: from mails.dpdk.org (localhost [127.0.0.1]) by mails.dpdk.org (Postfix) with ESMTP id 91D6D402A7; Fri, 3 Oct 2025 06:53:16 +0200 (CEST) Received: from mail-il1-f227.google.com (mail-il1-f227.google.com [209.85.166.227]) by mails.dpdk.org (Postfix) with ESMTP id 6B09D402A7 for ; Fri, 3 Oct 2025 06:53:15 +0200 (CEST) Received: by mail-il1-f227.google.com with SMTP id e9e14a558f8ab-42571b8abbaso16637265ab.0 for ; Thu, 02 Oct 2025 21:53:15 -0700 (PDT) DKIM-Signature: v=1; a=rsa-sha256; c=relaxed/relaxed; d=iol.unh.edu; s=unh-iol; t=1759467195; x=1760071995; darn=dpdk.org; h=cc:to:from:subject:message-id:date:from:to:cc:subject:date :message-id:reply-to; bh=+L1DsJgXQyKFozwdYLjhZpmYw7sqH685izbwGBQX+gE=; b=QyRwUoQ389MVcD9u5UIkojQ0fEls8qdG9djmDeMI0bCva6TaJ67iDA/hp2x6ve1wi4 Blo+RV3IG1FvrBNEANQhE7OmE63zgayI99M8dupFNz4BtuIcKeC48xCOtEN+JuSqzoWC VLV8labQOAQ0IL23nxfTBnhpCXmmzqci8hnfU= X-Google-DKIM-Signature: v=1; a=rsa-sha256; c=relaxed/relaxed; d=1e100.net; s=20230601; t=1759467195; x=1760071995; h=cc:to:from:subject:message-id:date:x-gm-message-state:from:to:cc :subject:date:message-id:reply-to; bh=+L1DsJgXQyKFozwdYLjhZpmYw7sqH685izbwGBQX+gE=; b=np7MT4Ld7MQCrNUoH7E6PDWBf8NacB902CNyvXHNE5hxeiaJB4bpxRaXlKnj06Yt8S YvNrY4T/r6NUjuSKKD8kdETXzYSN5XVpPohmpkNPQFR03/w0raisvP/mEY8WeqKZX6Ur 7Bo76B4zjXzeiBO82p1Lh3KrZDK42rUSKCsOsd/lVQuhTEFUAzkpOa2iWZiXCi4+B7Gf wdmGnVm+dtC8XHMvZIFZEsmzXeDt5WgsFiin4aWOkQ+UdSWhhLeB1dUUwdYQsrMQ6jP0 yYYhm8L3MBbqXRJebYfH14GogdXdkcP46YIBXmaSqyYWFFcSlHRJbtDPXYLVyH9fJeF3 fU2w== X-Gm-Message-State: AOJu0Ywqf+qDo93JWL1DQrDr27c4g/JytsxI8vW+H5CBKD/k+US9EGcW RYGOUAciBsWqX/jPI2fCYznZm9371QFRVXq2QT5Tn6X/CeBUXCusYM+WcmeU6Qr5ee/fKWYTnCy WDyJ6CAis57oyoZ0z5YuoA4C2AX2trhQuNxia6/lIn1Mwz5V6Kbee X-Gm-Gg: ASbGncsgQfHSpYDlKABe2fldtngAI2eeDvyygqcc3+a5m5dJt985N66WfNR6pwu5gId cmPgP+5Jn6pK+XLAFnHixMsJaqW72Fmw0/460WC80thW5rE9VM0rl2O1XVim6wjN3FIF4rdZK8g p9GihwBw8LBqiKStR4aIkgYIRQhycpktiVPMOCvQvoJ3TsvmLTqXZUZ7WW8Mm70903CIzj7itgI yUCw0GgEG/IByo7+Rkqpfi3K4h5HlDFWtTjnb1XG0ieTc7yI0R7WLBTkZm1ahIrQiaNmqb0XYX/ 2ZCu+/raJU4F5mv33B3c74OvbXzvOWQLlXv/tS0sQySaot5U9Z4LUcY= X-Google-Smtp-Source: AGHT+IEhuw2Tyw6SJ3liGiwHLExW4VWjCC2rFXywpX+GQGyWK2Fy1pB4+dpHeGwYR5WDydO2RdRtPINqLIZE X-Received: by 2002:a05:6e02:168e:b0:42d:8acf:a6e2 with SMTP id e9e14a558f8ab-42e7ad84328mr23071005ab.15.1759467194782; Thu, 02 Oct 2025 21:53:14 -0700 (PDT) Received: from postal.iol.unh.edu (postal.iol.unh.edu. [2606:4100:3880:1234::84]) by smtp-relay.gmail.com with ESMTPS id e9e14a558f8ab-42d8b21148fsm3094295ab.16.2025.10.02.21.53.14 (version=TLS1_2 cipher=ECDHE-ECDSA-AES128-GCM-SHA256 bits=128/128); Thu, 02 Oct 2025 21:53:14 -0700 (PDT) X-Relaying-Domain: iol.unh.edu Date: Thu, 02 Oct 2025 21:53:14 -0700 (PDT) Message-ID: <68df56ba.050a0220.2f2cc3.3280SMTPIN_ADDED_MISSING@mx.google.com> Received: from [172.21.0.3] (unknown [172.18.0.240]) by postal.iol.unh.edu (Postfix) with ESMTP id 6ECB46051830; Fri, 3 Oct 2025 00:53:14 -0400 (EDT) Subject: |FAILURE| [GIT MASTER] 62f583c49bf67dd4d6733ece14e55fe6839e66d1 From: dpdklab@iol.unh.edu To: Test Report Cc: dpdk-test-reports@iol.unh.edu, Xueming Li , Christian Ehrhardt , Kevin Traynor , Luca Boccassi Content-Type: text/plain X-BeenThere: test-report@dpdk.org X-Mailman-Version: 2.1.29 Precedence: list List-Id: automatic DPDK test reports List-Unsubscribe: , List-Archive: List-Post: List-Help: List-Subscribe: , Errors-To: test-report-bounces@dpdk.org _Testing issues_ Branch: tags/v23.11 62f583c49bf67dd4d6733ece14e55fe6839e66d1 --> testing issues Upstream job id: Windows-Compile-DPDK-Native#31386 Test environment and result as below: +---------------------+-------------------+--------------------+-------------------------+----------------------+ | Environment | dpdk_msvc_compile | dpdk_meson_compile | dpdk_llvm_clang_compile | dpdk_mingw64_compile | +=====================+===================+====================+=========================+======================+ | Windows Server 2022 | PASS | SKIPPED | FAIL | PASS | +---------------------+-------------------+--------------------+-------------------------+----------------------+ | Ubuntu 20.04 | SKIPPED | PASS | SKIPPED | SKIPPED | +---------------------+-------------------+--------------------+-------------------------+----------------------+ | FreeBSD 14.2 | SKIPPED | PASS | SKIPPED | SKIPPED | +---------------------+-------------------+--------------------+-------------------------+----------------------+ ==== 20 line log output for Windows Server 2022 (dpdk_llvm_clang_compile): ==== Compiler for C supports arguments -mavx512f: YES (cached) Compiler for C supports arguments -mavx512bw: YES (cached) Compiler for C supports arguments -mavx512dq: YES (cached) Compiler for C supports arguments -march=skylake-avx512: YES Message: drivers/common/idpf: Defining dependency "common_idpf" Message: drivers/bus/auxiliary: Defining dependency "bus_auxiliary" Compiler for C supports arguments -Wno-cast-qual: YES (cached) Compiler for C supports arguments -Wno-pointer-arith: YES (cached) Message: drivers/bus/pci: Defining dependency "bus_pci" Message: drivers/bus/vdev: Defining dependency "bus_vdev" Compiler for C supports arguments -std=c11: YES Compiler for C supports arguments -Wno-strict-prototypes: YES Compiler for C supports arguments -D_BSD_SOURCE: YES Compiler for C supports arguments -D_DEFAULT_SOURCE: YES Compiler for C supports arguments -D_XOPEN_SOURCE=600: YES Has header "mlx5devx.h" : YES drivers\common\mlx5\windows\meson.build:10:13: ERROR: C shared or static library 'mlx5devx' not found A full log can be found at C:\Users\builder\jenkins\workspace\Windows-Compile-DPDK-Native\dpdk\build\meson-logs\meson-log.txt ==== End log output ==== Windows Server 2022 Kernel: 10.0.20348.2031 Compiler: clang 15.0.7, gcc 14.1.0 (MinGW), and MSVC VS 19.39.33521 Ubuntu 20.04 Kernel: 4.19 Compiler: gcc gcc (Ubuntu 9.4.0-1ubuntu1~20.04.2) 9.4.0 FreeBSD 14.2 Kernel: 14.2-RELEASE Compiler: clang 18.1.6 To view detailed results, visit: https://lab.dpdk.org/results/dashboard/tarballs/35090/ UNH-IOL DPDK Community Lab To manage your email subscriptions, visit: https://lab.dpdk.org/results/dashboard/preferences/subscriptions/