From mboxrd@z Thu Jan 1 00:00:00 1970 Return-Path: Received: from mails.dpdk.org (mails.dpdk.org [217.70.189.124]) by inbox.dpdk.org (Postfix) with ESMTP id 6B54F48898 for ; Fri, 3 Oct 2025 07:07:39 +0200 (CEST) Received: from mails.dpdk.org (localhost [127.0.0.1]) by mails.dpdk.org (Postfix) with ESMTP id 5924F402A7; Fri, 3 Oct 2025 07:07:39 +0200 (CEST) Received: from mail-oa1-f98.google.com (mail-oa1-f98.google.com [209.85.160.98]) by mails.dpdk.org (Postfix) with ESMTP id 7A1ED402A7 for ; Fri, 3 Oct 2025 07:07:37 +0200 (CEST) Received: by mail-oa1-f98.google.com with SMTP id 586e51a60fabf-30cce8c3afaso1118346fac.1 for ; Thu, 02 Oct 2025 22:07:37 -0700 (PDT) DKIM-Signature: v=1; a=rsa-sha256; c=relaxed/relaxed; d=iol.unh.edu; s=unh-iol; t=1759468057; x=1760072857; darn=dpdk.org; h=cc:to:from:subject:message-id:date:from:to:cc:subject:date :message-id:reply-to; bh=YKj98PcJlVD3yO/Q9uNddb3cDG1vtnD4ip4jnJtGcjw=; b=E5UziEUIU4ZfQgrlIiW2MYmQB+c35OTP85zOYIj3KszPTrt8uck8mb8YYklOka3Ghb ujEIdXgSeKdG9GtSQUEtygOfHAXOvMuu+Xzg6iuP3/877QyTh+vNAZ287dag9C6srqnF 9a14i7/83a7gUfqtTZiaGd1Lo5/iwoVT4ozQk= X-Google-DKIM-Signature: v=1; a=rsa-sha256; c=relaxed/relaxed; d=1e100.net; s=20230601; t=1759468057; x=1760072857; h=cc:to:from:subject:message-id:date:x-gm-message-state:from:to:cc :subject:date:message-id:reply-to; bh=YKj98PcJlVD3yO/Q9uNddb3cDG1vtnD4ip4jnJtGcjw=; b=GTfE7aYjNhM/BwQVHN4NvCyH4kr7XIW3j3m9q/5iN3kmLwdTF6/WXgtvoMxKGcDIdW KJIWakskFn+EB6gCCHqDplDeGxwKcg08OIg2q3SiWmnw9SUWRW2V0fF2TCRoiC7vVcmX odYBywbcLBqfELCJ3y2Fuu3lOdefTFWFIMSB5ZNQfZvgA8Ikq2PZS8mXXlry+4s2RnWX +0AybgCAD1PWP40uDM8Mze7hcpGHxG8dz0NcrVsNfG0kKCPYsQ/A+GPC9TP5/oaE8o8t AgmcfYl325u5+QzNdbF4q39tKfF95d4bMbVYDlb2mwiN6WEw+7+50hEa4cv+py3y8Lnw Wg7Q== X-Gm-Message-State: AOJu0Yx80GfGictRB4qVHDvfmohmA/NrG4n92iVjerc3Anfi5NLqC5oV KphUNIeli/ZGtbxQmi0kvteFjNHm3gDwuWR0h6ynHOgldp6z8Wrh4WcG/u8pDoPQbT8GQJd6/7E lq2B2PcRtrR9FgfY9VryxCnGSvyEU75zQ1nPZ X-Gm-Gg: ASbGnctugPbHAEEbmoIpunikMOWoinaFfmgfc/wr7Pe5/Ot6mNy/paIoAgCQJkDfluJ s9bwfyy41L87D6TfFXdB4j3pSYCKBOWzxdyPDSpPATzCBE9MdXHc0L4pqOrNcPC1ioBcFHvaBk+ QvKXfpA7XRAUcTnrqSbMZ1HJM9PcQzH01+YD5OovTdXLDrRV+dxrSkrK5L2u7NsAB7PGGsdYBhq qVY9ZkeZjwmvcEOsKqtns+yglc7XL0l2fDueBe9/DANgD02Mx7wL/pTJfNc8DXQOhqCJ7Y6hGao ybiZ3CklD/GpnxKRpHecVC0uETtzT1XT5oPmR69EPYVwC5IwNnCpXITHZcqvnpBLkW9gK9gKl/8 azw== X-Google-Smtp-Source: AGHT+IGMrs9kde4ihbSOuBxUvhxBkAyyHQQDpeR4aZch4Q5H4yUoKHB+UGb8QbipHXqBOz6+nwBuxVNWcNXq X-Received: by 2002:a05:6870:918c:b0:346:9a15:6d69 with SMTP id 586e51a60fabf-3b0fc534c69mr1118132fac.6.1759468056770; Thu, 02 Oct 2025 22:07:36 -0700 (PDT) Received: from postal.iol.unh.edu (postal.iol.unh.edu. [132.177.123.84]) by smtp-relay.gmail.com with ESMTPS id 586e51a60fabf-3ab918a9e16sm334117fac.15.2025.10.02.22.07.36 (version=TLS1_2 cipher=ECDHE-ECDSA-AES128-GCM-SHA256 bits=128/128); Thu, 02 Oct 2025 22:07:36 -0700 (PDT) X-Relaying-Domain: iol.unh.edu Date: Thu, 02 Oct 2025 22:07:36 -0700 (PDT) Message-ID: <68df5a18.050a0220.132b09.476fSMTPIN_ADDED_MISSING@mx.google.com> Received: from [172.21.0.2] (unknown [172.18.0.240]) by postal.iol.unh.edu (Postfix) with ESMTP id 4A5746051830; Fri, 3 Oct 2025 01:07:36 -0400 (EDT) Subject: |FAILURE| [GIT MASTER] 62f583c49bf67dd4d6733ece14e55fe6839e66d1 From: dpdklab@iol.unh.edu To: Test Report Cc: dpdk-test-reports@iol.unh.edu, Xueming Li , Christian Ehrhardt , Kevin Traynor , Luca Boccassi Content-Type: text/plain X-BeenThere: test-report@dpdk.org X-Mailman-Version: 2.1.29 Precedence: list List-Id: automatic DPDK test reports List-Unsubscribe: , List-Archive: List-Post: List-Help: List-Subscribe: , Errors-To: test-report-bounces@dpdk.org _Testing issues_ Branch: tags/v23.11 62f583c49bf67dd4d6733ece14e55fe6839e66d1 --> testing issues Upstream job id: Generic-Unit-Test-DPDK#378019 Test environment and result as below: +-------------------------------+----------------+ | Environment | dpdk_unit_test | +===============================+================+ | CentOS Stream 9 | PASS | +-------------------------------+----------------+ | CentOS Stream 10 | PASS | +-------------------------------+----------------+ | Debian GNU/Linux 12 | PASS | +-------------------------------+----------------+ | Fedora Linux 40 | PASS | +-------------------------------+----------------+ | Fedora Linux 41 | PASS | +-------------------------------+----------------+ | Fedora Linux 42 | PASS | +-------------------------------+----------------+ | Red Hat Enterprise Linux 8.10 | PASS | +-------------------------------+----------------+ | Ubuntu 22.04 | PASS | +-------------------------------+----------------+ | Ubuntu 20.04 | PASS | +-------------------------------+----------------+ | Red Hat Enterprise Linux 9.5 | PASS | +-------------------------------+----------------+ | Ubuntu 24.04 | PASS | +-------------------------------+----------------+ | Windows Server 2022 | FAIL | +-------------------------------+----------------+ ==== Unit test summary for Windows Server 2022 (dpdk_unit_test): ==== Failed to get the unit test results. Displaying the unit test results is not supported for some environments, such as our aarch32 testing, where meson is not used to run the tests. Download the logs available on our CI site. ==== End log output ==== CentOS Stream 9 Kernel: 5.15 Compiler: gcc gcc (GCC) 11.5.0 20240719 (Red Hat 11.5.0-11) CentOS Stream 10 Kernel: 5.15 Compiler: gcc gcc (GCC) 14.2.1 20250110 (Red Hat 14.2.1-8) Debian GNU/Linux 12 Kernel: 5.15 Compiler: gcc gcc (Debian 12.2.0-14+deb12u1) 12.2.0 Fedora Linux 40 Kernel: 5.15 Compiler: clang gcc (GCC) 14.2.1 20240912 (Red Hat 14.2.1-3) Fedora Linux 41 Kernel: 5.15 Compiler: clang gcc (GCC) 14.3.1 20250523 (Red Hat 14.3.1-1) Fedora Linux 42 Kernel: 5.15 Compiler: gcc gcc (GCC) 15.2.1 20250808 (Red Hat 15.2.1-1) Red Hat Enterprise Linux 8.10 Kernel: 5.15 Compiler: gcc gcc (GCC) 8.5.0 20210514 (Red Hat 8.5.0-22) Ubuntu 22.04 Kernel: 5.15 Compiler: gcc gcc (Ubuntu 11.4.0-1ubuntu1~22.04) 11.4.0 Ubuntu 20.04 Kernel: 5.15 Compiler: gcc gcc (Ubuntu 9.4.0-1ubuntu1~20.04.2) 9.4.0 Red Hat Enterprise Linux 9.5 Kernel: 5.15 Compiler: gcc gcc (GCC) 11.5.0 20240719 (Red Hat 11.5.0-2) Ubuntu 24.04 Kernel: 5.15 Compiler: gcc gcc (Ubuntu 13.3.0-6ubuntu2~24.04) 13.3.0 Windows Server 2022 Kernel: 10.0.20348.2031 Compiler: clang 15.0.7, gcc 14.1.0 (MinGW), and MSVC VS 19.39.33521 To view detailed results, visit: https://lab.dpdk.org/results/dashboard/tarballs/35090/ UNH-IOL DPDK Community Lab To manage your email subscriptions, visit: https://lab.dpdk.org/results/dashboard/preferences/subscriptions/