From mboxrd@z Thu Jan 1 00:00:00 1970 Return-Path: Received: from mails.dpdk.org (mails.dpdk.org [217.70.189.124]) by inbox.dpdk.org (Postfix) with ESMTP id 7A50548898 for ; Fri, 3 Oct 2025 07:16:35 +0200 (CEST) Received: from mails.dpdk.org (localhost [127.0.0.1]) by mails.dpdk.org (Postfix) with ESMTP id 4F8A6402A7; Fri, 3 Oct 2025 07:16:35 +0200 (CEST) Received: from mail-oo1-f99.google.com (mail-oo1-f99.google.com [209.85.161.99]) by mails.dpdk.org (Postfix) with ESMTP id 46651402A7 for ; Fri, 3 Oct 2025 07:16:34 +0200 (CEST) Received: by mail-oo1-f99.google.com with SMTP id 006d021491bc7-64e3e259f93so773154eaf.3 for ; Thu, 02 Oct 2025 22:16:34 -0700 (PDT) DKIM-Signature: v=1; a=rsa-sha256; c=relaxed/relaxed; d=iol.unh.edu; s=unh-iol; t=1759468593; x=1760073393; darn=dpdk.org; h=references:in-reply-to:cc:to:from:subject:message-id:date:from:to :cc:subject:date:message-id:reply-to; bh=nZ3XXErbBQJ1YnS7L6YBGjILrl8K6Fl1rUOQB4tZRX0=; b=SpIf2o/sbNCBBNe4QJaldgahSLsn53ndSp/6sWj6lEgbCz83l94aB73WLUb7/JSxh5 rgY/VeL5aKffpX2P0OAkTBzDpV0H/wDVGXFdDkFevrlzCda9yt1UHmt1Gw9Tem3PMGA8 KwtiyMO2oC1q9EKl8rfOBIXE0yR1FMz0uJync= X-Google-DKIM-Signature: v=1; a=rsa-sha256; c=relaxed/relaxed; d=1e100.net; s=20230601; t=1759468593; x=1760073393; h=references:in-reply-to:cc:to:from:subject:message-id:date :x-gm-message-state:from:to:cc:subject:date:message-id:reply-to; bh=nZ3XXErbBQJ1YnS7L6YBGjILrl8K6Fl1rUOQB4tZRX0=; b=mIKUlnLiHBkt9DgidKQv4VzWB4zFYClh6eMkkYFHsgnA+Hy3HRIJVA9KunrHqP2ljh f8FMdXWoJEbKI7BY5/AWhlulREdjnfGGql/2LLp4omzFRDRDD6aJl5kWDBZF1o1osDGH OrPWvGoAwB4vAxYYOXaCAotd20N3adh+T8LLy3WOmcWg6Fm0mdhW7LyDpKdN/EOcu6hh LkWYvW4y4LpP8Mu7isQrMqJsd0MWPYTeV53VxAbTcUfyvJbEl2HeFp5vSwFKkumrtkgV 5liQ5n20QCOM69TfOV7VVzsazd/+v531ZFFUO6CJHMfl3BR4OcaoBaIRxdaHrVvU1qs6 22Mw== X-Gm-Message-State: AOJu0Yw0ze/+vtqLE5cJX8cvHmRTKhzgJnWOg9oTYKRbqJtNRHJfBcGn 48U9c2bd8QPVXJ6x6UKNNUWbWu9B18fQIONXjpduMexlerVCpM4xfpP7SG6H8AyWcLJSTCNYdBU CEvfnMwW9fS5AK+gmh7DhHmi6Qqkl80ealLwf1AeKL7vp X-Gm-Gg: ASbGncv1SPorwZbipvT0/HTS1bAb/3zIEBI2ObLJpzwkdR7q5utiPeR83SS3RhD8AjU u+oEprIW5gbFSRkzlXnQDc0FCKLVOsinIpvH8YZ0FTIcyDton0ZTVEJMmg/bNu8RgufXcWOiQyr ifvCFcYb/s2fJZq7VypzUtA2t0LId466tXU2xPG9e1YN7NPu66a/AIYMLCTti49LDMKufD8AVk0 U6NPiQNCZf5ZNQp0Sp5gbsT8IsS+XfC5loBIJRc24+H2cqPTuyaLwLuDTQthhZzPTPhyM4qqiV2 OhCZXwyHZulnf0Ne2rknmWhmmQ2oiwizUe5O7cS7nOdf4Z79uBshen/igQEmnJref0dhv9/SM2e 22A== X-Google-Smtp-Source: AGHT+IEPOCTursd7NkRhY3Wx7UL6dOZwDC7QaGoE042xTObZ/0NHUlfSbmKJXs/PBx/LAqcb8TF9pwmf4HPR X-Received: by 2002:a05:6871:413:b0:368:f36e:6124 with SMTP id 586e51a60fabf-3b0fd1ce8f1mr1187831fac.11.1759468593368; Thu, 02 Oct 2025 22:16:33 -0700 (PDT) Received: from postal.iol.unh.edu (postal.iol.unh.edu. [132.177.123.84]) by smtp-relay.gmail.com with ESMTPS id 586e51a60fabf-3ab7dad1276sm334706fac.6.2025.10.02.22.16.33 (version=TLS1_2 cipher=ECDHE-ECDSA-AES128-GCM-SHA256 bits=128/128); Thu, 02 Oct 2025 22:16:33 -0700 (PDT) X-Relaying-Domain: iol.unh.edu Date: Thu, 02 Oct 2025 22:16:33 -0700 (PDT) Message-ID: <68df5c31.050a0220.c6f53.4820SMTPIN_ADDED_MISSING@mx.google.com> Received: from [172.21.0.2] (unknown [172.18.0.240]) by postal.iol.unh.edu (Postfix) with ESMTP id D05F56051830; Fri, 3 Oct 2025 01:16:32 -0400 (EDT) Subject: |FAILURE| pw157229 [PATCH] app/crypto-perf: add ECDSA P192/P224/P521 From: dpdklab@iol.unh.edu To: Test Report Cc: dpdk-test-reports@iol.unh.edu, Akhil Goyal , Rupesh Chiluka In-Reply-To: <20251003034233.2964182-1-rchiluka@marvell.com> References: <20251003034233.2964182-1-rchiluka@marvell.com> Content-Type: text/plain X-BeenThere: test-report@dpdk.org X-Mailman-Version: 2.1.29 Precedence: list List-Id: automatic DPDK test reports List-Unsubscribe: , List-Archive: List-Post: List-Help: List-Subscribe: , Errors-To: test-report-bounces@dpdk.org Test-Label: iol-compile-amd64-testing Test-Status: FAILURE http://dpdk.org/patch/157229 _Testing issues_ Submitter: Rupesh Chiluka Date: Friday, October 03 2025 03:42:33 DPDK git baseline: Repo:dpdk-next-crypto Branch: master CommitID:caa17cb4b057a31ee04067459fe543f7d7ae1079 157229 --> testing issues Upstream job id: Windows-Compile-DPDK-Native#31389 Test environment and result as below: +---------------------+--------------------+-------------------+-------------------------+ | Environment | dpdk_meson_compile | dpdk_msvc_compile | dpdk_llvm_clang_compile | +=====================+====================+===================+=========================+ | Ubuntu 20.04 | FAIL | SKIPPED | SKIPPED | +---------------------+--------------------+-------------------+-------------------------+ | FreeBSD 14.2 | FAIL | SKIPPED | SKIPPED | +---------------------+--------------------+-------------------+-------------------------+ | Windows Server 2022 | SKIPPED | PASS | PASS | +---------------------+--------------------+-------------------+-------------------------+ ==== 20 line log output for FreeBSD 14.2 (dpdk_meson_compile): ==== [1849/2137] Compiling C object app/dpdk-test-crypto-perf.p/test-crypto-perf_cperf_ops.c.o [1850/2137] Compiling C object app/dpdk-test-crypto-perf.p/test-crypto-perf_cperf_test_latency.c.o [1851/2137] Compiling C object app/dpdk-test-crypto-perf.p/test-crypto-perf_cperf_test_pmd_cyclecount.c.o [1852/2137] Compiling C object app/dpdk-test-crypto-perf.p/test-crypto-perf_cperf_test_vectors.c.o [1853/2137] Compiling C object app/dpdk-test-crypto-perf.p/test-crypto-perf_cperf_test_vector_parsing.c.o [1854/2137] Compiling C object app/dpdk-test-crypto-perf.p/test-crypto-perf_cperf_test_throughput.c.o [1855/2137] Compiling C object app/dpdk-test-dma-perf.p/test-dma-perf_main.c.o [1856/2137] Compiling C object app/dpdk-test-crypto-perf.p/test-crypto-perf_main.c.o FAILED: app/dpdk-test-crypto-perf.p/test-crypto-perf_main.c.o cc -Iapp/dpdk-test-crypto-perf.p -Iapp -I../app -Ilib/cryptodev -I../lib/cryptodev -Ilib/eal/common -I../lib/eal/common -I. -I.. -Iconfig -I../config -Ilib/eal/include -I../lib/eal/include -Ilib/eal/freebsd/include -I../lib/eal/freebsd/include -Ilib/eal/x86/include -I../lib/eal/x86/include -Ilib/eal -I../lib/eal -Ilib/kvargs -I../lib/kvargs -Ilib/log -I../lib/log -Ilib/metrics -I../lib/metrics -Ilib/telemetry -I../lib/telemetry -Ilib/mbuf -I../lib/mbuf -Ilib/mempool -I../lib/mempool -Ilib/ring -I../lib/ring -Ilib/rcu -I../lib/rcu -Ilib/net -I../lib/net -Ilib/security -I../lib/security -Idrivers/crypto/scheduler -I../drivers/crypto/scheduler -Idrivers/bus/vdev -I../drivers/bus/vdev -Ilib/reorder -I../lib/reorder -Xclang -fcolor-diagnostics -pipe -D_FILE_OFFSET_BITS=64 -Wall -Winvalid-pch -Wextra -Werror -std=c11 -O3 -include rte_config.h -Wvla -Wcast-qual -Wdeprecated -Wformat -Wformat-nonliteral -Wformat-security -Wmissing-declarations -Wmissing-prototypes -Wnested-externs -Wold-styl e-definition -Wpointer-arith -Wsign-compare -Wstrict-prototypes -Wundef -Wwrite-strings -Wno-missing-field-initializers -D_GNU_SOURCE -D__BSD_VISIBLE -march=native -mrtm -DALLOW_EXPERIMENTAL_API -Wno-vla -MD -MQ app/dpdk-test-crypto-perf.p/test-crypto-perf_main.c.o -MF app/dpdk-test-crypto-perf.p/test-crypto-perf_main.c.o.d -o app/dpdk-test-crypto-perf.p/test-crypto-perf_main.c.o -c ../app/test-crypto-perf/main.c ../app/test-crypto-perf/main.c:426:13: error: 13 enumeration values not handled in switch: 'CPERF_CIPHER_ONLY', 'CPERF_AUTH_ONLY', 'CPERF_CIPHER_THEN_AUTH'... [-Werror,-Wswitch] 426 | switch (opts->op_type) { | ^~~~~~~~~~~~~ 1 error generated. [1857/2137] Compiling C object app/dpdk-test-eventdev.p/test-eventdev_evt_main.c.o [1858/2137] Compiling C object app/dpdk-test-crypto-perf.p/test-crypto-perf_cperf_test_verify.c.o [1859/2137] Compiling C object app/dpdk-test-dma-perf.p/test-dma-perf_benchmark.c.o [1860/2137] Compiling C object app/dpdk-test-bbdev.p/test-bbdev_test_bbdev_perf.c.o [1861/2137] Compiling C object app/dpdk-test-eventdev.p/test-eventdev_evt_options.c.o ninja: build stopped: subcommand failed. ==== End log output ==== Ubuntu 20.04 Kernel: 4.19 Compiler: gcc gcc (Ubuntu 9.4.0-1ubuntu1~20.04.2) 9.4.0 FreeBSD 14.2 Kernel: 14.2-RELEASE Compiler: clang 18.1.6 Windows Server 2022 Kernel: 10.0.20348.2031 Compiler: clang 15.0.7, gcc 14.1.0 (MinGW), and MSVC VS 19.39.33521 To view detailed results, visit: https://lab.dpdk.org/results/dashboard/patchsets/34203/ UNH-IOL DPDK Community Lab To manage your email subscriptions, visit: https://lab.dpdk.org/results/dashboard/preferences/subscriptions/