From mboxrd@z Thu Jan 1 00:00:00 1970 Return-Path: Received: from mails.dpdk.org (mails.dpdk.org [217.70.189.124]) by inbox.dpdk.org (Postfix) with ESMTP id F3AF248898 for ; Fri, 3 Oct 2025 07:50:55 +0200 (CEST) Received: from mails.dpdk.org (localhost [127.0.0.1]) by mails.dpdk.org (Postfix) with ESMTP id DB7AD4025D; Fri, 3 Oct 2025 07:50:55 +0200 (CEST) Received: from mail-pl1-f225.google.com (mail-pl1-f225.google.com [209.85.214.225]) by mails.dpdk.org (Postfix) with ESMTP id 7E5754025D for ; Fri, 3 Oct 2025 07:50:54 +0200 (CEST) Received: by mail-pl1-f225.google.com with SMTP id d9443c01a7336-27edcbbe7bfso24814475ad.0 for ; Thu, 02 Oct 2025 22:50:54 -0700 (PDT) DKIM-Signature: v=1; a=rsa-sha256; c=relaxed/relaxed; d=iol.unh.edu; s=unh-iol; t=1759470653; x=1760075453; darn=dpdk.org; h=references:in-reply-to:cc:to:from:subject:message-id:date:from:to :cc:subject:date:message-id:reply-to; bh=aO5WMxp1+VY9C7LfyWV63EST/LvN38u0XpoE2/yQQKQ=; b=e0blhar8lvk9iNERaTKvkL+cjKZqJOJ53LdTF1wGkuWV0KOVkoEeHmdl5hfuko8+yt EiRypiwH+SJNKdpKDwciNJsl2vpjB/hMDzWxn0gGTTadUdHI935aE48DuQq4xY3Z09v4 76KwWRX8qOn2cofvQoKiSj5yjvHsmB6saM/IU= X-Google-DKIM-Signature: v=1; a=rsa-sha256; c=relaxed/relaxed; d=1e100.net; s=20230601; t=1759470653; x=1760075453; h=references:in-reply-to:cc:to:from:subject:message-id:date :x-gm-message-state:from:to:cc:subject:date:message-id:reply-to; bh=aO5WMxp1+VY9C7LfyWV63EST/LvN38u0XpoE2/yQQKQ=; b=VFLwydScQn51x1xEV1ZNY+Yn68hPBdJYtZgc3NpWijI6Ilr/janEbrGrtbYlguhKTz wFq0ndabKg7fD30J85sLHy1zFKY9Oo+pQtGHBeLvcbJK/9hwVyCNiYO1D36lyGUbg0j8 nai8xAoF4R/U5k3mhEPehn0N4BMVlwRR5FPSq+a6LaLe2T9ryMguxp4hV6bWnuSTedWM Iu3O9u+XmWdtti1/zHSPFAsOqM2eYPWHxPR2WzwW5kqZjSDJzwkWts3oTuboj3jUMVZ1 uhNJBB+J5/5No167Az4DXFWSCSMU/SUIhafjw7xiMGTW86/KtginezD5sjWPHFd0pnVd 2i6w== X-Gm-Message-State: AOJu0YyVLEYPLKIsUPITK9YDKEzMgasDD4bSyV84tMRBnrqPBr9prsFI CJmg7j3V6M6qakMvutoNKtTMHfOP26CAAQTR843vRcxU7Cgx6o6bdDFYOq5HL0Z8rRD6ejQy8XG JY6GvQEkvf/8kf6ORhukEspmE8ZvsvjM1U4sRLpXtsLo5 X-Gm-Gg: ASbGnctB814gKUCU0EFmBPrL26mFKZZ7CjpWDOJozUTwAzg4m9wXWmPkf5OpXBFxbeP qrE9MZDOZjcIKAihQNGjAocGCuiwCJlxJNyY0fIFh58A6cYlsfuYxdOI7G4+KrzoNxFCGT3OQ5p KrikYouLD0wd8xjYiYxT1kL4ydlV6c0uFbuHaoLQY0JYkn/IMnapN8jA4qdXOje4W64J34BIyVG uOGwfPfLFQ5rD/yDOwzheGcPfzykf3yeVoM+APqtAW8FEtOEKsaH4cdojscux1/jSXrAoLT5lK5 hMErWmdSMUftIPcSf2L5O8JPJLCgcbt87iiRzcQ5Zh8ZcwiMVagRX1Xxdo6P7qbQTjuQjlGNlxk BTg== X-Google-Smtp-Source: AGHT+IGLxZPJtryZAVsk0bG1vz+PRnblo5KLUaTn1CuaRGH+ISNKr5j82Kmk10dK5jji1C8EgMh7uUorDcPv X-Received: by 2002:a17:903:8cc:b0:269:b6c8:4a4b with SMTP id d9443c01a7336-28e9a56172amr23131545ad.6.1759470653573; Thu, 02 Oct 2025 22:50:53 -0700 (PDT) Received: from postal.iol.unh.edu (postal.iol.unh.edu. [132.177.123.84]) by smtp-relay.gmail.com with ESMTPS id d9443c01a7336-28e8d18127esm3096445ad.47.2025.10.02.22.50.53 (version=TLS1_2 cipher=ECDHE-ECDSA-AES128-GCM-SHA256 bits=128/128); Thu, 02 Oct 2025 22:50:53 -0700 (PDT) X-Relaying-Domain: iol.unh.edu Date: Thu, 02 Oct 2025 22:50:53 -0700 (PDT) Message-ID: <68df643d.170a0220.3d391d.40b2SMTPIN_ADDED_MISSING@mx.google.com> Received: from [172.21.0.2] (unknown [172.18.0.240]) by postal.iol.unh.edu (Postfix) with ESMTP id C68326051830; Fri, 3 Oct 2025 01:50:52 -0400 (EDT) Subject: |FAILURE| pw157229 [PATCH] app/crypto-perf: add ECDSA P192/P224/P521 From: dpdklab@iol.unh.edu To: Test Report Cc: dpdk-test-reports@iol.unh.edu, Akhil Goyal , Rupesh Chiluka In-Reply-To: <20251003034233.2964182-1-rchiluka@marvell.com> References: <20251003034233.2964182-1-rchiluka@marvell.com> Content-Type: text/plain X-BeenThere: test-report@dpdk.org X-Mailman-Version: 2.1.29 Precedence: list List-Id: automatic DPDK test reports List-Unsubscribe: , List-Archive: List-Post: List-Help: List-Subscribe: , Errors-To: test-report-bounces@dpdk.org Test-Label: iol-unit-amd64-testing Test-Status: FAILURE http://dpdk.org/patch/157229 _Testing issues_ Submitter: Rupesh Chiluka Date: Friday, October 03 2025 03:42:33 DPDK git baseline: Repo:dpdk-next-crypto Branch: master CommitID:caa17cb4b057a31ee04067459fe543f7d7ae1079 157229 --> testing issues Upstream job id: Generic-Unit-Test-DPDK#378078 Test environment and result as below: +-------------------------------+----------------+ | Environment | dpdk_unit_test | +===============================+================+ | CentOS Stream 9 | WARN | +-------------------------------+----------------+ | CentOS Stream 10 | WARN | +-------------------------------+----------------+ | Debian GNU/Linux 12 | WARN | +-------------------------------+----------------+ | Fedora Linux 40 | WARN | +-------------------------------+----------------+ | Fedora Linux 41 | PEND | +-------------------------------+----------------+ | Fedora Linux 42 | PEND | +-------------------------------+----------------+ | Red Hat Enterprise Linux 8.10 | WARN | +-------------------------------+----------------+ | Ubuntu 22.04 | PEND | +-------------------------------+----------------+ | Ubuntu 20.04 | FAIL | +-------------------------------+----------------+ | Red Hat Enterprise Linux 9.5 | PEND | +-------------------------------+----------------+ | Ubuntu 24.04 | PEND | +-------------------------------+----------------+ | Windows Server 2022 | PASS | +-------------------------------+----------------+ ==== Unit test summary for Ubuntu 20.04 (dpdk_unit_test): ==== Failed to get the unit test results. Displaying the unit test results is not supported for some environments, such as our aarch32 testing, where meson is not used to run the tests. Download the logs available on our CI site. ==== End log output ==== CentOS Stream 9 Kernel: 5.15 Compiler: gcc gcc (GCC) 11.5.0 20240719 (Red Hat 11.5.0-11) CentOS Stream 10 Kernel: 5.15 Compiler: gcc gcc (GCC) 14.2.1 20250110 (Red Hat 14.2.1-8) Debian GNU/Linux 12 Kernel: 5.15 Compiler: gcc gcc (Debian 12.2.0-14+deb12u1) 12.2.0 Fedora Linux 40 Kernel: 5.15 Compiler: clang gcc (GCC) 14.2.1 20240912 (Red Hat 14.2.1-3) Fedora Linux 41 Kernel: 5.15 Compiler: gcc gcc (GCC) 14.3.1 20250523 (Red Hat 14.3.1-1) Fedora Linux 42 Kernel: 5.15 Compiler: gcc gcc (GCC) 15.2.1 20250808 (Red Hat 15.2.1-1) Red Hat Enterprise Linux 8.10 Kernel: 5.15 Compiler: gcc gcc (GCC) 8.5.0 20210514 (Red Hat 8.5.0-22) Ubuntu 22.04 Kernel: 5.15 Compiler: gcc gcc (Ubuntu 11.4.0-1ubuntu1~22.04) 11.4.0 Ubuntu 20.04 Kernel: 5.15 Compiler: gcc gcc (Ubuntu 9.4.0-1ubuntu1~20.04.2) 9.4.0 Red Hat Enterprise Linux 9.5 Kernel: 5.15 Compiler: gcc gcc (GCC) 11.5.0 20240719 (Red Hat 11.5.0-2) Ubuntu 24.04 Kernel: 5.15 Compiler: gcc gcc (Ubuntu 13.3.0-6ubuntu2~24.04) 13.3.0 Windows Server 2022 Kernel: 10.0.20348.2031 Compiler: clang 15.0.7, gcc 14.1.0 (MinGW), and MSVC VS 19.39.33521 To view detailed results, visit: https://lab.dpdk.org/results/dashboard/patchsets/34203/ UNH-IOL DPDK Community Lab To manage your email subscriptions, visit: https://lab.dpdk.org/results/dashboard/preferences/subscriptions/