From mboxrd@z Thu Jan 1 00:00:00 1970 Return-Path: Received: from mails.dpdk.org (mails.dpdk.org [217.70.189.124]) by inbox.dpdk.org (Postfix) with ESMTP id 635AE48898 for ; Fri, 3 Oct 2025 07:53:35 +0200 (CEST) Received: from mails.dpdk.org (localhost [127.0.0.1]) by mails.dpdk.org (Postfix) with ESMTP id 5E3004025D; Fri, 3 Oct 2025 07:53:35 +0200 (CEST) Received: from mail-qv1-f98.google.com (mail-qv1-f98.google.com [209.85.219.98]) by mails.dpdk.org (Postfix) with ESMTP id B53974025D for ; Fri, 3 Oct 2025 07:53:33 +0200 (CEST) Received: by mail-qv1-f98.google.com with SMTP id 6a1803df08f44-79a7d439efbso17099626d6.0 for ; Thu, 02 Oct 2025 22:53:33 -0700 (PDT) DKIM-Signature: v=1; a=rsa-sha256; c=relaxed/relaxed; d=iol.unh.edu; s=unh-iol; t=1759470813; x=1760075613; darn=dpdk.org; h=references:in-reply-to:cc:to:from:subject:message-id:date:from:to :cc:subject:date:message-id:reply-to; bh=0IbvLT50CfJW802TnkhV9AQedQm+4UXOFVcxGr1wi2k=; b=M7grh8wtAVqZNyiWQ6ezsCNr8YER5VY3ccAva3/jQVWjz9pNjIv8vte6qwMq4zFMV0 Go9F1Kp6WrTb34yeY3UdyDfoZNzkvNh75X0Ucq7vjYqgIvbrksgbmXbWOTZea77MroVt j+/daYnfRLRL9JczpZFPJ439rPxdrETkIrrQ0= X-Google-DKIM-Signature: v=1; a=rsa-sha256; c=relaxed/relaxed; d=1e100.net; s=20230601; t=1759470813; x=1760075613; h=references:in-reply-to:cc:to:from:subject:message-id:date :x-gm-message-state:from:to:cc:subject:date:message-id:reply-to; bh=0IbvLT50CfJW802TnkhV9AQedQm+4UXOFVcxGr1wi2k=; b=Gl+yWOL0v3/s1dUUgKjeZfniHETJv6zrE+G1K8MKqOtxu3+oySgLdQ4TZRWwNSCULD rIQXZzh9Weder5b60NWN8N6tToDunwN02JK6OHEJDkoCJV9z19TLkyHAPWExpEI0bj5b q9tWUawGsboMKyogBS6VuGy4t+rabv7SCdcBwvNNOEHZetcYwklzXdsiT36OuC8OalMp r7OGsTmC1t1xstR394PZYOunQHjkGvYBkushU70uL9gVMAM56/iRppnrdjejJS6Sqdb3 1uATy63j5nVSavNhF0uc/zqHJ0xpdJgOJqZGBwbaC8SjQoGT980iWGEX09D0iDvZzO9m Ckzg== X-Gm-Message-State: AOJu0YybXaRmnMfaqgXewQOUU3ekqFmNXsd0Z72Acwz1/B3UFSh05ceW WP6jlLpL1Oct1KVziMVU3gcMQ83fI5FIjRsSbHyqnuRk/Mhd3PUVkJrd3IWhM3QE3vKirhwI4ww DlGfBusJtN5OCyHpYq0C1He+t8ViryF6eIxauEEHdqT0+ieIBA+SJ5g/NkJRM X-Gm-Gg: ASbGncuwDRQaCv+KsmuFn4G0iYtbx/w3q+IUH8/zY6xE3B0cy+6Y97f1/SNPl8RqrF1 1jBvAVSCIkMxLumqp0Cf04vdEdfiKIoahLUh4E+Wh14Gr22ipKASmoGzY7dKuspvB7wZR5My6sc JzdxfBRzWfqxV4iki8ID8b1pVgjgR4flj/Zo5+FHGITIF4a0eZuljPpRmscZ7cFIfnHhEVdlUjC ZSHhCeksLCynjaB01BBMl+kMlCGrI5XVX/jkbobxvO817NHpph+7uXl7wj8Tae+9Nikz/s1m5ff QqTrj4DHtHrG/62VkhsEfMo1DVe9b7OIIgOZNykZdVpZXtJ86Qcp5Kk= X-Google-Smtp-Source: AGHT+IGtX3kjdMgQthGUYrdeQPVzna38VY3n+e9ZOrykrYJKHUUin94sxkW3mciTrB602K0WdIUg6N7eYp3H X-Received: by 2002:a05:6214:1251:b0:7fa:3202:5261 with SMTP id 6a1803df08f44-879dc7755e4mr27316286d6.12.1759470813039; Thu, 02 Oct 2025 22:53:33 -0700 (PDT) Received: from postal.iol.unh.edu (postal.iol.unh.edu. [2606:4100:3880:1234::84]) by smtp-relay.gmail.com with ESMTPS id 6a1803df08f44-878bac6bb31sm3042106d6.7.2025.10.02.22.53.32 (version=TLS1_2 cipher=ECDHE-ECDSA-AES128-GCM-SHA256 bits=128/128); Thu, 02 Oct 2025 22:53:33 -0700 (PDT) X-Relaying-Domain: iol.unh.edu Date: Thu, 02 Oct 2025 22:53:33 -0700 (PDT) Message-ID: <68df64dd.050a0220.165df8.2c7fSMTPIN_ADDED_MISSING@mx.google.com> Received: from [172.21.0.3] (unknown [172.18.0.240]) by postal.iol.unh.edu (Postfix) with ESMTP id B76386051830; Fri, 3 Oct 2025 01:53:32 -0400 (EDT) Subject: |FAILURE| pw157229 [PATCH] app/crypto-perf: add ECDSA P192/P224/P521 From: dpdklab@iol.unh.edu To: Test Report Cc: dpdk-test-reports@iol.unh.edu, Akhil Goyal , Rupesh Chiluka In-Reply-To: <20251003034233.2964182-1-rchiluka@marvell.com> References: <20251003034233.2964182-1-rchiluka@marvell.com> Content-Type: text/plain X-BeenThere: test-report@dpdk.org X-Mailman-Version: 2.1.29 Precedence: list List-Id: automatic DPDK test reports List-Unsubscribe: , List-Archive: List-Post: List-Help: List-Subscribe: , Errors-To: test-report-bounces@dpdk.org Test-Label: iol-unit-amd64-testing Test-Status: FAILURE http://dpdk.org/patch/157229 _Testing issues_ Submitter: Rupesh Chiluka Date: Friday, October 03 2025 03:42:33 DPDK git baseline: Repo:dpdk-next-crypto Branch: master CommitID:caa17cb4b057a31ee04067459fe543f7d7ae1079 157229 --> testing issues Upstream job id: Generic-Unit-Test-DPDK#378085 Test environment and result as below: +-------------------------------+----------------+ | Environment | dpdk_unit_test | +===============================+================+ | CentOS Stream 9 | WARN | +-------------------------------+----------------+ | CentOS Stream 10 | WARN | +-------------------------------+----------------+ | Debian GNU/Linux 12 | WARN | +-------------------------------+----------------+ | Fedora Linux 40 | WARN | +-------------------------------+----------------+ | Fedora Linux 41 | PEND | +-------------------------------+----------------+ | Fedora Linux 42 | PEND | +-------------------------------+----------------+ | Red Hat Enterprise Linux 8.10 | WARN | +-------------------------------+----------------+ | Ubuntu 22.04 | WARN | +-------------------------------+----------------+ | Ubuntu 20.04 | FAIL | +-------------------------------+----------------+ | Red Hat Enterprise Linux 9.5 | PEND | +-------------------------------+----------------+ | Ubuntu 24.04 | WARN | +-------------------------------+----------------+ | Windows Server 2022 | PASS | +-------------------------------+----------------+ ==== 20 line log output for Ubuntu 24.04 (dpdk_unit_test): ==== ../app/test-crypto-perf/main.c:426:33: error: enumeration value 'CPERF_CIPHER_ONLY' not handled in switch [-Werror=switch] 426 | switch (opts->op_type) { | ^~~~~~ ../app/test-crypto-perf/main.c:426:33: error: enumeration value 'CPERF_AUTH_ONLY' not handled in switch [-Werror=switch] ../app/test-crypto-perf/main.c:426:33: error: enumeration value 'CPERF_CIPHER_THEN_AUTH' not handled in switch [-Werror=switch] ../app/test-crypto-perf/main.c:426:33: error: enumeration value 'CPERF_AUTH_THEN_CIPHER' not handled in switch [-Werror=switch] ../app/test-crypto-perf/main.c:426:33: error: enumeration value 'CPERF_AEAD' not handled in switch [-Werror=switch] ../app/test-crypto-perf/main.c:426:33: error: enumeration value 'CPERF_PDCP' not handled in switch [-Werror=switch] ../app/test-crypto-perf/main.c:426:33: error: enumeration value 'CPERF_DOCSIS' not handled in switch [-Werror=switch] ../app/test-crypto-perf/main.c:426:33: error: enumeration value 'CPERF_IPSEC' not handled in switch [-Werror=switch] ../app/test-crypto-perf/main.c:426:33: error: enumeration value 'CPERF_ASYM_MODEX' not handled in switch [-Werror=switch] ../app/test-crypto-perf/main.c:426:33: error: enumeration value 'CPERF_ASYM_RSA' not handled in switch [-Werror=switch] ../app/test-crypto-perf/main.c:426:33: error: enumeration value 'CPERF_ASYM_ED25519' not handled in switch [-Werror=switch] ../app/test-crypto-perf/main.c:426:33: error: enumeration value 'CPERF_ASYM_SM2' not handled in switch [-Werror=switch] ../app/test-crypto-perf/main.c:426:33: error: enumeration value 'CPERF_TLS' not handled in switch [-Werror=switch] cc1: all warnings being treated as errors [3274/3540] Compiling C object app/dpdk-test-crypto-perf.p/test-crypto-perf_cperf_test_verify.c.o [3275/3540] Linking target app/dpdk-test-dma-perf [3276/3540] Linking target app/dpdk-test-eventdev ninja: build stopped: subcommand failed. ==== End log output ==== CentOS Stream 9 Kernel: 5.15 Compiler: gcc gcc (GCC) 11.5.0 20240719 (Red Hat 11.5.0-11) CentOS Stream 10 Kernel: 5.15 Compiler: gcc gcc (GCC) 14.2.1 20250110 (Red Hat 14.2.1-8) Debian GNU/Linux 12 Kernel: 5.15 Compiler: gcc gcc (Debian 12.2.0-14+deb12u1) 12.2.0 Fedora Linux 40 Kernel: 5.15 Compiler: clang gcc (GCC) 14.2.1 20240912 (Red Hat 14.2.1-3) Fedora Linux 41 Kernel: 5.15 Compiler: gcc gcc (GCC) 14.3.1 20250523 (Red Hat 14.3.1-1) Fedora Linux 42 Kernel: 5.15 Compiler: gcc gcc (GCC) 15.2.1 20250808 (Red Hat 15.2.1-1) Red Hat Enterprise Linux 8.10 Kernel: 5.15 Compiler: gcc gcc (GCC) 8.5.0 20210514 (Red Hat 8.5.0-22) Ubuntu 22.04 Kernel: 5.15 Compiler: gcc gcc (Ubuntu 11.4.0-1ubuntu1~22.04) 11.4.0 Ubuntu 20.04 Kernel: 5.15 Compiler: gcc gcc (Ubuntu 9.4.0-1ubuntu1~20.04.2) 9.4.0 Red Hat Enterprise Linux 9.5 Kernel: 5.15 Compiler: gcc gcc (GCC) 11.5.0 20240719 (Red Hat 11.5.0-2) Ubuntu 24.04 Kernel: 5.15 Compiler: gcc gcc (Ubuntu 13.3.0-6ubuntu2~24.04) 13.3.0 Windows Server 2022 Kernel: 10.0.20348.2031 Compiler: clang 15.0.7, gcc 14.1.0 (MinGW), and MSVC VS 19.39.33521 To view detailed results, visit: https://lab.dpdk.org/results/dashboard/patchsets/34203/ UNH-IOL DPDK Community Lab To manage your email subscriptions, visit: https://lab.dpdk.org/results/dashboard/preferences/subscriptions/