From mboxrd@z Thu Jan 1 00:00:00 1970 Return-Path: Received: from mails.dpdk.org (mails.dpdk.org [217.70.189.124]) by inbox.dpdk.org (Postfix) with ESMTP id 15FAF48898 for ; Fri, 3 Oct 2025 07:56:05 +0200 (CEST) Received: from mails.dpdk.org (localhost [127.0.0.1]) by mails.dpdk.org (Postfix) with ESMTP id 10D774025D; Fri, 3 Oct 2025 07:56:05 +0200 (CEST) Received: from mail-il1-f225.google.com (mail-il1-f225.google.com [209.85.166.225]) by mails.dpdk.org (Postfix) with ESMTP id 9760D4025D for ; Fri, 3 Oct 2025 07:56:03 +0200 (CEST) Received: by mail-il1-f225.google.com with SMTP id e9e14a558f8ab-4248746aabfso6996735ab.2 for ; Thu, 02 Oct 2025 22:56:03 -0700 (PDT) DKIM-Signature: v=1; a=rsa-sha256; c=relaxed/relaxed; d=iol.unh.edu; s=unh-iol; t=1759470963; x=1760075763; darn=dpdk.org; h=references:in-reply-to:cc:to:from:subject:message-id:date:from:to :cc:subject:date:message-id:reply-to; bh=Dqsq9rLrGUQ+HMtfUiAsbO8opDNeKace+Ug0cjXzQrs=; b=hfdTR7wUnImG1SowwtSqVGwmcCxn1x/0zLftK6BXejbdDh0LptKGevxVZno5xGbuko oF4DPSip+toiaYQ5mT+v3qvn/axYJDgbLes4DwcsT8mrMmRIZWZ9MhgS4v3RPEWth9BX dbj/4BMtHYnb4F33WCGmDiJwHDEt0VGMCG0yU= X-Google-DKIM-Signature: v=1; a=rsa-sha256; c=relaxed/relaxed; d=1e100.net; s=20230601; t=1759470963; x=1760075763; h=references:in-reply-to:cc:to:from:subject:message-id:date :x-gm-message-state:from:to:cc:subject:date:message-id:reply-to; bh=Dqsq9rLrGUQ+HMtfUiAsbO8opDNeKace+Ug0cjXzQrs=; b=jQ+LqNwuCnukxW7nxncuoQbdNO+25E7+jlFIPLByPh7acni6Gj2smhQfBFa4J5AAXy PFW5mJGHG0rbJADxW09sOCAUtVwlUfVREbJqcSQEc/27TS6WF9xlrqzKOqFia1aWsdec 7WsQB+3IfF1sIjIYWQ8VTot7vwDTqQ54UK99/lR79Irgi5VvSZzNNI5Nei/OACoofSnO /KPpQqHFZcxwy2F2l50Y8zMzFlh0j31eUh2MtGTiN5LYOW3GDIlLZgrDwvyPLA6R0Xs3 ng2MoI1BUHIkXbEpProY32ebr2mMrnZ6mx2zfO43Fqtwas6kJdUeUCSmvdYkUuwxxp0u Wgvg== X-Gm-Message-State: AOJu0YwgqbYcqjhJvvNCElQh70biVbtR4i7T1lWV4VOiNNSsP3a2qC6n yyF5QPGi8M6MQCunXrR5r5ykm/SdIcVxU4wmARSvi11H3xQDJ6TVfGXJs2xb3vxBjL43jCfwrw4 +HaGhdo0q8e87NPdTtq1nrkUDnePlNJBwAxeM53Kj5LyO X-Gm-Gg: ASbGncvHtA5pq48b9O6VQuuKFky5+qhi0ZwwNKN4hm7rJLbQ02B+1gMqs/n4AlxgrWY rP2kjo/Vswckbf/z5OXPc0hfsjoxzBkoxsm19tbcsSGwswwWMtc+gVpogH2Vk3N/MLO9dy3xwGf mJ5y5g4O1BeW0WwVSrcYhopu0qRh7yoUbRez5zsYmRHy8f96WHhCpc/ev1bwyRYl6yHy6RABLu+ 5FrssMqzn5doFWpDz6ike+A2IXhAFVgQnSN7Z+2GLW2/LaZtoAKpE3PciN+Ya8ReLiIlIkviclY ipvB7NOq3eCpxoAQieTHNeNGn0VGmkDDfY7BlMG0SQ3RszN0iEnCm4Nx0kxyCtbem1KlCeTsyuk 08w== X-Google-Smtp-Source: AGHT+IHRUbG5xIv+Zrb4HQuzgJB3OZ2GCKtU3BME57i3mZrynIotpKFkOJ/mXWVaZaq2Y17e85XXRZuRlQso X-Received: by 2002:a05:6e02:2190:b0:425:7974:fe38 with SMTP id e9e14a558f8ab-42e7ad86466mr19680765ab.20.1759470962896; Thu, 02 Oct 2025 22:56:02 -0700 (PDT) Received: from postal.iol.unh.edu (postal.iol.unh.edu. [132.177.123.84]) by smtp-relay.gmail.com with ESMTPS id 8926c6da1cb9f-57b5eded7aasm303487173.45.2025.10.02.22.56.02 (version=TLS1_2 cipher=ECDHE-ECDSA-AES128-GCM-SHA256 bits=128/128); Thu, 02 Oct 2025 22:56:02 -0700 (PDT) X-Relaying-Domain: iol.unh.edu Date: Thu, 02 Oct 2025 22:56:02 -0700 (PDT) Message-ID: <68df6572.050a0220.3b50ea.2a3bSMTPIN_ADDED_MISSING@mx.google.com> Received: from [172.21.0.2] (unknown [172.18.0.240]) by postal.iol.unh.edu (Postfix) with ESMTP id 8A3A46051830; Fri, 3 Oct 2025 01:56:02 -0400 (EDT) Subject: |FAILURE| pw157229 [PATCH] app/crypto-perf: add ECDSA P192/P224/P521 From: dpdklab@iol.unh.edu To: Test Report Cc: dpdk-test-reports@iol.unh.edu, Akhil Goyal , Rupesh Chiluka In-Reply-To: <20251003034233.2964182-1-rchiluka@marvell.com> References: <20251003034233.2964182-1-rchiluka@marvell.com> Content-Type: text/plain X-BeenThere: test-report@dpdk.org X-Mailman-Version: 2.1.29 Precedence: list List-Id: automatic DPDK test reports List-Unsubscribe: , List-Archive: List-Post: List-Help: List-Subscribe: , Errors-To: test-report-bounces@dpdk.org Test-Label: iol-unit-amd64-testing Test-Status: FAILURE http://dpdk.org/patch/157229 _Testing issues_ Submitter: Rupesh Chiluka Date: Friday, October 03 2025 03:42:33 DPDK git baseline: Repo:dpdk-next-crypto Branch: master CommitID:caa17cb4b057a31ee04067459fe543f7d7ae1079 157229 --> testing issues Upstream job id: Generic-Unit-Test-DPDK#378079 Test environment and result as below: +-------------------------------+----------------+ | Environment | dpdk_unit_test | +===============================+================+ | CentOS Stream 9 | WARN | +-------------------------------+----------------+ | CentOS Stream 10 | WARN | +-------------------------------+----------------+ | Debian GNU/Linux 12 | WARN | +-------------------------------+----------------+ | Fedora Linux 40 | WARN | +-------------------------------+----------------+ | Fedora Linux 41 | PEND | +-------------------------------+----------------+ | Fedora Linux 42 | PEND | +-------------------------------+----------------+ | Red Hat Enterprise Linux 8.10 | WARN | +-------------------------------+----------------+ | Ubuntu 22.04 | WARN | +-------------------------------+----------------+ | Ubuntu 20.04 | FAIL | +-------------------------------+----------------+ | Red Hat Enterprise Linux 9.5 | WARN | +-------------------------------+----------------+ | Ubuntu 24.04 | WARN | +-------------------------------+----------------+ | Windows Server 2022 | PASS | +-------------------------------+----------------+ ==== 20 line log output for Ubuntu 24.04 (dpdk_unit_test): ==== ../app/test-crypto-perf/main.c:426:33: error: enumeration value 'CPERF_CIPHER_ONLY' not handled in switch [-Werror=switch] 426 | switch (opts->op_type) { | ^~~~~~ ../app/test-crypto-perf/main.c:426:33: error: enumeration value 'CPERF_AUTH_ONLY' not handled in switch [-Werror=switch] ../app/test-crypto-perf/main.c:426:33: error: enumeration value 'CPERF_CIPHER_THEN_AUTH' not handled in switch [-Werror=switch] ../app/test-crypto-perf/main.c:426:33: error: enumeration value 'CPERF_AUTH_THEN_CIPHER' not handled in switch [-Werror=switch] ../app/test-crypto-perf/main.c:426:33: error: enumeration value 'CPERF_AEAD' not handled in switch [-Werror=switch] ../app/test-crypto-perf/main.c:426:33: error: enumeration value 'CPERF_PDCP' not handled in switch [-Werror=switch] ../app/test-crypto-perf/main.c:426:33: error: enumeration value 'CPERF_DOCSIS' not handled in switch [-Werror=switch] ../app/test-crypto-perf/main.c:426:33: error: enumeration value 'CPERF_IPSEC' not handled in switch [-Werror=switch] ../app/test-crypto-perf/main.c:426:33: error: enumeration value 'CPERF_ASYM_MODEX' not handled in switch [-Werror=switch] ../app/test-crypto-perf/main.c:426:33: error: enumeration value 'CPERF_ASYM_RSA' not handled in switch [-Werror=switch] ../app/test-crypto-perf/main.c:426:33: error: enumeration value 'CPERF_ASYM_ED25519' not handled in switch [-Werror=switch] ../app/test-crypto-perf/main.c:426:33: error: enumeration value 'CPERF_ASYM_SM2' not handled in switch [-Werror=switch] ../app/test-crypto-perf/main.c:426:33: error: enumeration value 'CPERF_TLS' not handled in switch [-Werror=switch] cc1: all warnings being treated as errors [3274/3540] Compiling C object app/dpdk-test-crypto-perf.p/test-crypto-perf_cperf_test_verify.c.o [3275/3540] Linking target app/dpdk-test-dma-perf [3276/3540] Linking target app/dpdk-test-eventdev ninja: build stopped: subcommand failed. ==== End log output ==== CentOS Stream 9 Kernel: 5.15 Compiler: gcc gcc (GCC) 11.5.0 20240719 (Red Hat 11.5.0-11) CentOS Stream 10 Kernel: 5.15 Compiler: gcc gcc (GCC) 14.2.1 20250110 (Red Hat 14.2.1-8) Debian GNU/Linux 12 Kernel: 5.15 Compiler: gcc gcc (Debian 12.2.0-14+deb12u1) 12.2.0 Fedora Linux 40 Kernel: 5.15 Compiler: clang gcc (GCC) 14.2.1 20240912 (Red Hat 14.2.1-3) Fedora Linux 41 Kernel: 5.15 Compiler: gcc gcc (GCC) 14.3.1 20250523 (Red Hat 14.3.1-1) Fedora Linux 42 Kernel: 5.15 Compiler: gcc gcc (GCC) 15.2.1 20250808 (Red Hat 15.2.1-1) Red Hat Enterprise Linux 8.10 Kernel: 5.15 Compiler: gcc gcc (GCC) 8.5.0 20210514 (Red Hat 8.5.0-22) Ubuntu 22.04 Kernel: 5.15 Compiler: gcc gcc (Ubuntu 11.4.0-1ubuntu1~22.04) 11.4.0 Ubuntu 20.04 Kernel: 5.15 Compiler: gcc gcc (Ubuntu 9.4.0-1ubuntu1~20.04.2) 9.4.0 Red Hat Enterprise Linux 9.5 Kernel: 5.15 Compiler: gcc gcc (GCC) 11.5.0 20240719 (Red Hat 11.5.0-2) Ubuntu 24.04 Kernel: 5.15 Compiler: gcc gcc (Ubuntu 13.3.0-6ubuntu2~24.04) 13.3.0 Windows Server 2022 Kernel: 10.0.20348.2031 Compiler: clang 15.0.7, gcc 14.1.0 (MinGW), and MSVC VS 19.39.33521 To view detailed results, visit: https://lab.dpdk.org/results/dashboard/patchsets/34203/ UNH-IOL DPDK Community Lab To manage your email subscriptions, visit: https://lab.dpdk.org/results/dashboard/preferences/subscriptions/