From mboxrd@z Thu Jan 1 00:00:00 1970 Return-Path: Received: from mails.dpdk.org (mails.dpdk.org [217.70.189.124]) by inbox.dpdk.org (Postfix) with ESMTP id 3FD6148898 for ; Fri, 3 Oct 2025 07:57:37 +0200 (CEST) Received: from mails.dpdk.org (localhost [127.0.0.1]) by mails.dpdk.org (Postfix) with ESMTP id 394BB4025D; Fri, 3 Oct 2025 07:57:37 +0200 (CEST) Received: from mail-io1-f98.google.com (mail-io1-f98.google.com [209.85.166.98]) by mails.dpdk.org (Postfix) with ESMTP id 259D44025D for ; Fri, 3 Oct 2025 07:57:36 +0200 (CEST) Received: by mail-io1-f98.google.com with SMTP id ca18e2360f4ac-88703c873d5so66799939f.3 for ; Thu, 02 Oct 2025 22:57:36 -0700 (PDT) DKIM-Signature: v=1; a=rsa-sha256; c=relaxed/relaxed; d=iol.unh.edu; s=unh-iol; t=1759471055; x=1760075855; darn=dpdk.org; h=references:in-reply-to:cc:to:from:subject:message-id:date:from:to :cc:subject:date:message-id:reply-to; bh=uiEibJcZALpfjHGgtY43WWOu3SBOjoaEJ6qimYM5HLE=; b=OclzL2RG7cfJyTjdYI+24chcAbFD74epW/X3JwVD6YtnNJISPG94/pY+Zuh/xLQ+mt Uf7Sul2Pg4N+CXWfsu1e3pCwADEYq04C6dMt5T+JnWDuyDK/cFLwXO0BEhQEhbvIgp1u IQQZkTEVBgFqZl+7N46lgvXORtOUfSNZC2+Q0= X-Google-DKIM-Signature: v=1; a=rsa-sha256; c=relaxed/relaxed; d=1e100.net; s=20230601; t=1759471055; x=1760075855; h=references:in-reply-to:cc:to:from:subject:message-id:date :x-gm-message-state:from:to:cc:subject:date:message-id:reply-to; bh=uiEibJcZALpfjHGgtY43WWOu3SBOjoaEJ6qimYM5HLE=; b=w2ozK6W5/GGoaVIZlPHqI5kypmdfby+gTUwBsmLkk660U8oqgA1xJ5P9lao83E1Ng6 iF8TO/5N24MFCaEnAERDG+epa+/9Jm/mLc4+sPnEzikPC1jp5MTZnIxFDD2deFXx3FlR eMaf6/dhV7SEDnqXsL8TTgrvwg5lFylK0x1VpZqtyioiDxsUiob8rHgOFrVCOTYNfocr M+YUmZv+ri7dOjfRckn7DvYHzmuTOMACrrrlp8+1kHa1Mldi0RMoZ1WbquypRDh9FMYX uurkNBgBRw/JNi3Nnzmv3ycZkqGzlrNxFtGX5vhUNQGPxiGJVKGMy/54VykB5eNO/DCf okkA== X-Gm-Message-State: AOJu0Yz4hgitJN9NSuhex0VbYmk2Rt29OYQ9hgCSMcKvtTCQ8P71fX8U IU96xX20fk/hHlfmxsj3nEnTrgJjn/RYd3FoxLWoxxXe5GrP269OAOgBvi+gz6ke/T526z5pssD uy4jk6zo72RRyLqV1pYmatg+C3DtX05cNPut9QbcgdUqy X-Gm-Gg: ASbGncuveU0zhqwXOgEgm9YWMqpcYTazLf+lmHSRRMkT4u3dL9XK7I59+pRZc8orJhd 0YrR6LRyCSuOKuW+HVMadnUGAuroI0/Z7SKO8+YkAxwuaxCYcXMCh2hQNkjaPey5QIGIbeeT9zP y/vQ9J6ZzZQfnXnqXgGYR7RYxj5sngopkBB84/RkCIledx9Y0R8ebsIZW2fsO0mj/tOs2Fj6xnD RBnu9tLkf7zx7tkomytNAZ+BX3ML+QApjvy0eEpvZvq7MPXTTjO9I0QAsP4Vvug5wJpm3Wfw04T l//PMq5jneUEQ6DTepqiSukUuCzWUdF4snUhJ6+Y1wWSF0iHLcgabJ/bJgab6j1CQ7QkSzi5MRA Kog== X-Google-Smtp-Source: AGHT+IGH7rGhmUkdE2jvoBl+zPKtigc50tmZ1pU7GAszeHWnZa+dzIEzydLYi2IRG6JPBJB8s7uq5uXgMUaK X-Received: by 2002:a05:6e02:2190:b0:425:7974:fe38 with SMTP id e9e14a558f8ab-42e7ad86466mr19708845ab.20.1759471055430; Thu, 02 Oct 2025 22:57:35 -0700 (PDT) Received: from postal.iol.unh.edu (postal.iol.unh.edu. [132.177.123.84]) by smtp-relay.gmail.com with ESMTPS id e9e14a558f8ab-42d8b20f492sm3287835ab.10.2025.10.02.22.57.35 (version=TLS1_2 cipher=ECDHE-ECDSA-AES128-GCM-SHA256 bits=128/128); Thu, 02 Oct 2025 22:57:35 -0700 (PDT) X-Relaying-Domain: iol.unh.edu Date: Thu, 02 Oct 2025 22:57:35 -0700 (PDT) Message-ID: <68df65cf.050a0220.11a8b2.3effSMTPIN_ADDED_MISSING@mx.google.com> Received: from [172.21.0.2] (unknown [172.18.0.240]) by postal.iol.unh.edu (Postfix) with ESMTP id 135A76051830; Fri, 3 Oct 2025 01:57:35 -0400 (EDT) Subject: |FAILURE| pw157229 [PATCH] app/crypto-perf: add ECDSA P192/P224/P521 From: dpdklab@iol.unh.edu To: Test Report Cc: dpdk-test-reports@iol.unh.edu, Akhil Goyal , Rupesh Chiluka In-Reply-To: <20251003034233.2964182-1-rchiluka@marvell.com> References: <20251003034233.2964182-1-rchiluka@marvell.com> Content-Type: text/plain X-BeenThere: test-report@dpdk.org X-Mailman-Version: 2.1.29 Precedence: list List-Id: automatic DPDK test reports List-Unsubscribe: , List-Archive: List-Post: List-Help: List-Subscribe: , Errors-To: test-report-bounces@dpdk.org Test-Label: iol-unit-amd64-testing Test-Status: FAILURE http://dpdk.org/patch/157229 _Testing issues_ Submitter: Rupesh Chiluka Date: Friday, October 03 2025 03:42:33 DPDK git baseline: Repo:dpdk-next-crypto Branch: master CommitID:caa17cb4b057a31ee04067459fe543f7d7ae1079 157229 --> testing issues Upstream job id: Generic-Unit-Test-DPDK#378072 Test environment and result as below: +-------------------------------+----------------+ | Environment | dpdk_unit_test | +===============================+================+ | CentOS Stream 9 | WARN | +-------------------------------+----------------+ | CentOS Stream 10 | WARN | +-------------------------------+----------------+ | Debian GNU/Linux 12 | WARN | +-------------------------------+----------------+ | Fedora Linux 40 | WARN | +-------------------------------+----------------+ | Fedora Linux 41 | WARN | +-------------------------------+----------------+ | Fedora Linux 42 | PEND | +-------------------------------+----------------+ | Red Hat Enterprise Linux 8.10 | WARN | +-------------------------------+----------------+ | Ubuntu 22.04 | WARN | +-------------------------------+----------------+ | Ubuntu 20.04 | FAIL | +-------------------------------+----------------+ | Red Hat Enterprise Linux 9.5 | WARN | +-------------------------------+----------------+ | Ubuntu 24.04 | WARN | +-------------------------------+----------------+ | Windows Server 2022 | PASS | +-------------------------------+----------------+ ==== 20 line log output for Ubuntu 24.04 (dpdk_unit_test): ==== ../app/test-crypto-perf/main.c:426:33: error: enumeration value 'CPERF_CIPHER_ONLY' not handled in switch [-Werror=switch] 426 | switch (opts->op_type) { | ^~~~~~ ../app/test-crypto-perf/main.c:426:33: error: enumeration value 'CPERF_AUTH_ONLY' not handled in switch [-Werror=switch] ../app/test-crypto-perf/main.c:426:33: error: enumeration value 'CPERF_CIPHER_THEN_AUTH' not handled in switch [-Werror=switch] ../app/test-crypto-perf/main.c:426:33: error: enumeration value 'CPERF_AUTH_THEN_CIPHER' not handled in switch [-Werror=switch] ../app/test-crypto-perf/main.c:426:33: error: enumeration value 'CPERF_AEAD' not handled in switch [-Werror=switch] ../app/test-crypto-perf/main.c:426:33: error: enumeration value 'CPERF_PDCP' not handled in switch [-Werror=switch] ../app/test-crypto-perf/main.c:426:33: error: enumeration value 'CPERF_DOCSIS' not handled in switch [-Werror=switch] ../app/test-crypto-perf/main.c:426:33: error: enumeration value 'CPERF_IPSEC' not handled in switch [-Werror=switch] ../app/test-crypto-perf/main.c:426:33: error: enumeration value 'CPERF_ASYM_MODEX' not handled in switch [-Werror=switch] ../app/test-crypto-perf/main.c:426:33: error: enumeration value 'CPERF_ASYM_RSA' not handled in switch [-Werror=switch] ../app/test-crypto-perf/main.c:426:33: error: enumeration value 'CPERF_ASYM_ED25519' not handled in switch [-Werror=switch] ../app/test-crypto-perf/main.c:426:33: error: enumeration value 'CPERF_ASYM_SM2' not handled in switch [-Werror=switch] ../app/test-crypto-perf/main.c:426:33: error: enumeration value 'CPERF_TLS' not handled in switch [-Werror=switch] cc1: all warnings being treated as errors [3274/3540] Compiling C object app/dpdk-test-crypto-perf.p/test-crypto-perf_cperf_test_verify.c.o [3275/3540] Linking target app/dpdk-test-dma-perf [3276/3540] Linking target app/dpdk-test-eventdev ninja: build stopped: subcommand failed. ==== End log output ==== CentOS Stream 9 Kernel: 5.15 Compiler: gcc gcc (GCC) 11.5.0 20240719 (Red Hat 11.5.0-11) CentOS Stream 10 Kernel: 5.15 Compiler: gcc gcc (GCC) 14.2.1 20250110 (Red Hat 14.2.1-8) Debian GNU/Linux 12 Kernel: 5.15 Compiler: gcc gcc (Debian 12.2.0-14+deb12u1) 12.2.0 Fedora Linux 40 Kernel: 5.15 Compiler: clang gcc (GCC) 14.2.1 20240912 (Red Hat 14.2.1-3) Fedora Linux 41 Kernel: 5.15 Compiler: gcc gcc (GCC) 14.3.1 20250523 (Red Hat 14.3.1-1) Fedora Linux 42 Kernel: 5.15 Compiler: gcc gcc (GCC) 15.2.1 20250808 (Red Hat 15.2.1-1) Red Hat Enterprise Linux 8.10 Kernel: 5.15 Compiler: gcc gcc (GCC) 8.5.0 20210514 (Red Hat 8.5.0-22) Ubuntu 22.04 Kernel: 5.15 Compiler: gcc gcc (Ubuntu 11.4.0-1ubuntu1~22.04) 11.4.0 Ubuntu 20.04 Kernel: 5.15 Compiler: gcc gcc (Ubuntu 9.4.0-1ubuntu1~20.04.2) 9.4.0 Red Hat Enterprise Linux 9.5 Kernel: 5.15 Compiler: gcc gcc (GCC) 11.5.0 20240719 (Red Hat 11.5.0-2) Ubuntu 24.04 Kernel: 5.15 Compiler: gcc gcc (Ubuntu 13.3.0-6ubuntu2~24.04) 13.3.0 Windows Server 2022 Kernel: 10.0.20348.2031 Compiler: clang 15.0.7, gcc 14.1.0 (MinGW), and MSVC VS 19.39.33521 To view detailed results, visit: https://lab.dpdk.org/results/dashboard/patchsets/34203/ UNH-IOL DPDK Community Lab To manage your email subscriptions, visit: https://lab.dpdk.org/results/dashboard/preferences/subscriptions/