From mboxrd@z Thu Jan 1 00:00:00 1970 Return-Path: Received: from mails.dpdk.org (mails.dpdk.org [217.70.189.124]) by inbox.dpdk.org (Postfix) with ESMTP id 937764889D for ; Fri, 3 Oct 2025 10:09:42 +0200 (CEST) Received: from mails.dpdk.org (localhost [127.0.0.1]) by mails.dpdk.org (Postfix) with ESMTP id 6BF0F40262; Fri, 3 Oct 2025 10:09:42 +0200 (CEST) Received: from mail-pg1-f225.google.com (mail-pg1-f225.google.com [209.85.215.225]) by mails.dpdk.org (Postfix) with ESMTP id 74DB340262 for ; Fri, 3 Oct 2025 10:09:41 +0200 (CEST) Received: by mail-pg1-f225.google.com with SMTP id 41be03b00d2f7-b550eff972eso1317560a12.3 for ; Fri, 03 Oct 2025 01:09:41 -0700 (PDT) DKIM-Signature: v=1; a=rsa-sha256; c=relaxed/relaxed; d=iol.unh.edu; s=unh-iol; t=1759478980; x=1760083780; darn=dpdk.org; h=references:in-reply-to:cc:to:from:subject:message-id:date:from:to :cc:subject:date:message-id:reply-to; bh=GFZq2P0drDX5c+KpMuqy9jOZbPxMcNSBrdUyfQ9imuU=; b=TNnWuFtY5tncRGXRrS7rcEkKJw79q1E1B1AlSJ1jEL084gs77Z+diQ+4Aw9BxE/si1 D8P0KcsLAVUM3lLxQT39lijfAK/YElye3kotvJEP7xZk4xrupgI3hfGrQ/xcopwz71rh UaiLDZ1WUzB61r8yBwfH6v1WI/37jMDANhznE= X-Google-DKIM-Signature: v=1; a=rsa-sha256; c=relaxed/relaxed; d=1e100.net; s=20230601; t=1759478980; x=1760083780; h=references:in-reply-to:cc:to:from:subject:message-id:date :x-gm-message-state:from:to:cc:subject:date:message-id:reply-to; bh=GFZq2P0drDX5c+KpMuqy9jOZbPxMcNSBrdUyfQ9imuU=; b=ow7xFeTP5CfcjnLg6nW1vXW/hll3h3TtI9eJvRH/zqwKVUK7WrKHCZvFyns22LEaqb xFKkZ056X0skxTy8DiEdTmTUUyBuSZowmcrUWqQL67JgBH50uI6lc5t6bIsPEuFqmY1q kI0jYw/vMEhdD1NlkrBjLPfGqWsCs3aF+jyJNxfVOvleR2oPRdhKHt6meFg0gWTavLtx VSDj1JwwXYEIBDwxHGKy2Q8j6a7p5aOUOBI4Y5p2YxObFjSd+LZBaNSyZTY3+LWgEhAb Yt3Gpc9R0D1gwK+E11uRecNXFqRiBQ9b2mAdTm9ecs+4uRcoeU/QQ1lpYGUA0l14Z8Dw KRXw== X-Gm-Message-State: AOJu0YxL3kY9AZqevJKNzrk5fD/z9A9U/1KE7N3DLVuOAcTTZ4hYhCee FZrv4HPplB3uJ5jd3Hm/S+Drnzk4kdfSalUPAKe6wfMTdLl7AljN9Rkv4x9lb5Vdu8+mwovi3OZ 2M6C8+0RR/9FgovruuIy4HGBUXGZmPAqhnh4vRBDRxquU5Nd+ghEyTGUbaFsJ X-Gm-Gg: ASbGncuDrUEE+D8LGpUxfZhDUHKeWjxR+gmqOxSouBd1XwUdyoRS+pjkGYF6alMrwFO T5fbk4N99DqD0vPEeAigVq1YXHnldf8tdj0riWVtRaFNUnAv6IoxvpI+tjpAQmUXO98B7sxqtdT PqmfLOLBH+UmLEuOCovzub2Vz672wmXWJ9deVt0N5rSQbklL3/TDJgS1cW8WBp5tFQS1J5jG4Ky Od1Jtz8KAbPVELHHP42EO+F/821UOIiLMQllc9sfzZnbEc+FUrESXejCvm3U213Q0l1+Lfb0vk6 vO5fC0PbYBAT8bJXuXNBEnqkKzL2XxxN+5OiYRJdQBH1PmE/OEAh55s= X-Google-Smtp-Source: AGHT+IEFwE+JSG0ybt8L85oX7pGby/jLN4qRLGW5NQUq8KB7oiW+wVqgAc/RIs12C9/OnwUtwLdgEn3srB0J X-Received: by 2002:a17:903:4b46:b0:269:8072:5bda with SMTP id d9443c01a7336-28e9a66500dmr26952315ad.54.1759478980554; Fri, 03 Oct 2025 01:09:40 -0700 (PDT) Received: from postal.iol.unh.edu (postal.iol.unh.edu. [2606:4100:3880:1234::84]) by smtp-relay.gmail.com with ESMTPS id d9443c01a7336-28e8d19c893sm3011545ad.58.2025.10.03.01.09.40 (version=TLS1_2 cipher=ECDHE-ECDSA-AES128-GCM-SHA256 bits=128/128); Fri, 03 Oct 2025 01:09:40 -0700 (PDT) X-Relaying-Domain: iol.unh.edu Date: Fri, 03 Oct 2025 01:09:40 -0700 (PDT) Message-ID: <68df84c4.170a0220.1531bc.374dSMTPIN_ADDED_MISSING@mx.google.com> Received: from [172.21.0.2] (unknown [172.18.0.240]) by postal.iol.unh.edu (Postfix) with ESMTP id 0A1A16051835; Fri, 3 Oct 2025 04:09:40 -0400 (EDT) Subject: |FAILURE| pw157229 [PATCH] app/crypto-perf: add ECDSA P192/P224/P521 From: dpdklab@iol.unh.edu To: Test Report Cc: dpdk-test-reports@iol.unh.edu, Akhil Goyal , Rupesh Chiluka In-Reply-To: <20251003034233.2964182-1-rchiluka@marvell.com> References: <20251003034233.2964182-1-rchiluka@marvell.com> Content-Type: text/plain X-BeenThere: test-report@dpdk.org X-Mailman-Version: 2.1.29 Precedence: list List-Id: automatic DPDK test reports List-Unsubscribe: , List-Archive: List-Post: List-Help: List-Subscribe: , Errors-To: test-report-bounces@dpdk.org Test-Label: iol-compile-amd64-testing Test-Status: FAILURE http://dpdk.org/patch/157229 _Testing issues_ Submitter: Rupesh Chiluka Date: Friday, October 03 2025 03:42:33 DPDK git baseline: Repo:dpdk-next-crypto Branch: master CommitID:caa17cb4b057a31ee04067459fe543f7d7ae1079 157229 --> testing issues Upstream job id: Generic-DPDK-Compile-Meson#430557 Test environment and result as below: +---------------------+--------------------+-------------------+-------------------------+----------------------+ | Environment | dpdk_meson_compile | dpdk_msvc_compile | dpdk_llvm_clang_compile | dpdk_mingw64_compile | +=====================+====================+===================+=========================+======================+ | Ubuntu 20.04 | FAIL | SKIPPED | SKIPPED | SKIPPED | +---------------------+--------------------+-------------------+-------------------------+----------------------+ | FreeBSD 14.2 | FAIL | SKIPPED | SKIPPED | SKIPPED | +---------------------+--------------------+-------------------+-------------------------+----------------------+ | Windows Server 2022 | SKIPPED | PASS | PASS | PASS | +---------------------+--------------------+-------------------+-------------------------+----------------------+ ==== 20 line log output for FreeBSD 14.2 (dpdk_meson_compile): ==== [1849/2137] Compiling C object app/dpdk-test-crypto-perf.p/test-crypto-perf_cperf_ops.c.o [1850/2137] Compiling C object app/dpdk-test-crypto-perf.p/test-crypto-perf_cperf_test_latency.c.o [1851/2137] Compiling C object app/dpdk-test-crypto-perf.p/test-crypto-perf_cperf_test_pmd_cyclecount.c.o [1852/2137] Compiling C object app/dpdk-test-crypto-perf.p/test-crypto-perf_cperf_test_vectors.c.o [1853/2137] Compiling C object app/dpdk-test-crypto-perf.p/test-crypto-perf_cperf_test_vector_parsing.c.o [1854/2137] Compiling C object app/dpdk-test-crypto-perf.p/test-crypto-perf_cperf_test_throughput.c.o [1855/2137] Compiling C object app/dpdk-test-dma-perf.p/test-dma-perf_main.c.o [1856/2137] Compiling C object app/dpdk-test-crypto-perf.p/test-crypto-perf_main.c.o FAILED: app/dpdk-test-crypto-perf.p/test-crypto-perf_main.c.o cc -Iapp/dpdk-test-crypto-perf.p -Iapp -I../app -Ilib/cryptodev -I../lib/cryptodev -Ilib/eal/common -I../lib/eal/common -I. -I.. -Iconfig -I../config -Ilib/eal/include -I../lib/eal/include -Ilib/eal/freebsd/include -I../lib/eal/freebsd/include -Ilib/eal/x86/include -I../lib/eal/x86/include -Ilib/eal -I../lib/eal -Ilib/kvargs -I../lib/kvargs -Ilib/log -I../lib/log -Ilib/metrics -I../lib/metrics -Ilib/telemetry -I../lib/telemetry -Ilib/mbuf -I../lib/mbuf -Ilib/mempool -I../lib/mempool -Ilib/ring -I../lib/ring -Ilib/rcu -I../lib/rcu -Ilib/net -I../lib/net -Ilib/security -I../lib/security -Idrivers/crypto/scheduler -I../drivers/crypto/scheduler -Idrivers/bus/vdev -I../drivers/bus/vdev -Ilib/reorder -I../lib/reorder -Xclang -fcolor-diagnostics -pipe -D_FILE_OFFSET_BITS=64 -Wall -Winvalid-pch -Wextra -Werror -std=c11 -O3 -include rte_config.h -Wvla -Wcast-qual -Wdeprecated -Wformat -Wformat-nonliteral -Wformat-security -Wmissing-declarations -Wmissing-prototypes -Wnested-externs -Wold-styl e-definition -Wpointer-arith -Wsign-compare -Wstrict-prototypes -Wundef -Wwrite-strings -Wno-missing-field-initializers -D_GNU_SOURCE -D__BSD_VISIBLE -march=native -mrtm -DALLOW_EXPERIMENTAL_API -Wno-vla -MD -MQ app/dpdk-test-crypto-perf.p/test-crypto-perf_main.c.o -MF app/dpdk-test-crypto-perf.p/test-crypto-perf_main.c.o.d -o app/dpdk-test-crypto-perf.p/test-crypto-perf_main.c.o -c ../app/test-crypto-perf/main.c ../app/test-crypto-perf/main.c:426:13: error: 13 enumeration values not handled in switch: 'CPERF_CIPHER_ONLY', 'CPERF_AUTH_ONLY', 'CPERF_CIPHER_THEN_AUTH'... [-Werror,-Wswitch] 426 | switch (opts->op_type) { | ^~~~~~~~~~~~~ 1 error generated. [1857/2137] Compiling C object app/dpdk-test-eventdev.p/test-eventdev_evt_main.c.o [1858/2137] Compiling C object app/dpdk-test-crypto-perf.p/test-crypto-perf_cperf_test_verify.c.o [1859/2137] Compiling C object app/dpdk-test-dma-perf.p/test-dma-perf_benchmark.c.o [1860/2137] Compiling C object app/dpdk-test-bbdev.p/test-bbdev_test_bbdev_perf.c.o [1861/2137] Compiling C object app/dpdk-test-eventdev.p/test-eventdev_evt_options.c.o ninja: build stopped: subcommand failed. ==== End log output ==== Ubuntu 20.04 Kernel: 4.19 Compiler: gcc gcc (Ubuntu 9.4.0-1ubuntu1~20.04.2) 9.4.0 FreeBSD 14.2 Kernel: 14.2-RELEASE Compiler: clang 18.1.6 Windows Server 2022 Kernel: 10.0.20348.2031 Compiler: clang 15.0.7, gcc 14.1.0 (MinGW), and MSVC VS 19.39.33521 To view detailed results, visit: https://lab.dpdk.org/results/dashboard/patchsets/34203/ UNH-IOL DPDK Community Lab To manage your email subscriptions, visit: https://lab.dpdk.org/results/dashboard/preferences/subscriptions/