From: dpdklab@iol.unh.edu
To: Test Report <test-report@dpdk.org>
Cc: dpdk-test-reports@iol.unh.edu,
David Marchand <david.marchand@redhat.com>
Subject: |FAILURE| pw157209 [PATCH] test/debug: fix crash with mlx5 devices
Date: Fri, 03 Oct 2025 08:42:55 -0700 (PDT) [thread overview]
Message-ID: <68dfeeff.170a0220.5b1fe.7802SMTPIN_ADDED_MISSING@mx.google.com> (raw)
In-Reply-To: <20251002165546.523435-1-david.marchand@redhat.com>
Test-Label: iol-unit-arm64-testing
Test-Status: FAILURE
http://dpdk.org/patch/157209
_Testing issues_
Submitter: David Marchand <david.marchand@redhat.com>
Date: Thursday, October 02 2025 16:55:45
DPDK git baseline: Repo:dpdk
Branch: master
CommitID:76393b98bf67f94dc6aa23cf5016c32571899261
157209 --> testing issues
Upstream job id: Generic-Unit-Test-DPDK#377940
Test environment and result as below:
+------------------------------+------------------------------+---------------------------+----------------+--------------+
| Environment | cryptodev_sw_snow3g_autotest | cryptodev_sw_zuc_autotest | dpdk_unit_test | lpm_autotest |
+==============================+==============================+===========================+================+==============+
| Debian 12 (arm) | PASS | PASS | SKIPPED | SKIPPED |
+------------------------------+------------------------------+---------------------------+----------------+--------------+
| CentOS Stream 10 | SKIPPED | SKIPPED | FAIL | SKIPPED |
+------------------------------+------------------------------+---------------------------+----------------+--------------+
| CentOS Stream 9 | SKIPPED | SKIPPED | FAIL | SKIPPED |
+------------------------------+------------------------------+---------------------------+----------------+--------------+
| Fedora Linux 40 | SKIPPED | SKIPPED | FAIL | SKIPPED |
+------------------------------+------------------------------+---------------------------+----------------+--------------+
| Debian GNU/Linux 12 | SKIPPED | SKIPPED | FAIL | SKIPPED |
+------------------------------+------------------------------+---------------------------+----------------+--------------+
| Ubuntu 22.04 | SKIPPED | SKIPPED | FAIL | SKIPPED |
+------------------------------+------------------------------+---------------------------+----------------+--------------+
| Fedora Linux 41 | SKIPPED | SKIPPED | FAIL | SKIPPED |
+------------------------------+------------------------------+---------------------------+----------------+--------------+
| Red Hat Enterprise Linux 9.5 | SKIPPED | SKIPPED | FAIL | SKIPPED |
+------------------------------+------------------------------+---------------------------+----------------+--------------+
| Fedora Linux 42 | SKIPPED | SKIPPED | FAIL | SKIPPED |
+------------------------------+------------------------------+---------------------------+----------------+--------------+
| Ubuntu 20.04 | SKIPPED | SKIPPED | FAIL | PASS |
+------------------------------+------------------------------+---------------------------+----------------+--------------+
| Ubuntu 24.04 | SKIPPED | SKIPPED | FAIL | SKIPPED |
+------------------------------+------------------------------+---------------------------+----------------+--------------+
==== Unit test summary for Ubuntu 24.04 (dpdk_unit_test): ====
ninja: Entering directory `/home-local/jenkins-local/jenkins-agent/workspace/Generic-Unit-Test-DPDK@10/dpdk/build'
ninja: no work to do.
1/120 DPDK:fast-tests / acl_autotest OK 10.82s
2/120 DPDK:fast-tests / alarm_autotest OK 1.35s
3/120 DPDK:fast-tests / argparse_autotest OK 0.34s
4/120 DPDK:fast-tests / atomic_autotest OK 10.65s
5/120 DPDK:fast-tests / bitcount_autotest OK 0.39s
6/120 DPDK:fast-tests / bitmap_autotest OK 0.36s
7/120 DPDK:fast-tests / bitops_autotest OK 1.85s
8/120 DPDK:fast-tests / bitratestats_autotest OK 0.36s
9/120 DPDK:fast-tests / bitset_autotest OK 7.63s
10/120 DPDK:fast-tests / bpf_autotest OK 0.32s
11/120 DPDK:fast-tests / bpf_convert_autotest OK 0.34s
12/120 DPDK:fast-tests / byteorder_autotest OK 0.33s
13/120 DPDK:fast-tests / cfgfile_autotest OK 0.36s
14/120 DPDK:fast-tests / cksum_autotest OK 0.34s
15/120 DPDK:fast-tests / cmdline_autotest OK 0.40s
16/120 DPDK:fast-tests / common_autotest OK 2.24s
17/120 DPDK:fast-tests / compressdev_autotest SKIP 0.25s exit status 77
18/120 DPDK:fast-tests / cpuflags_autotest OK 0.38s
19/120 DPDK:fast-tests / crc_autotest OK 0.33s
20/120 DPDK:fast-tests / user_delay_us OK 0.33s
21/120 DPDK:fast-tests / debug_autotest FAIL 1.82s (exit status 255 or signal 127 SIGinvalid)
>>> DPDK_TEST=debug_autotest MALLOC_PERTURB_=197 /home-local/jenkins-local/jenkins-agent/workspace/Generic-Unit-Test-DPDK@10/dpdk/build/app/dpdk-test --no-huge -m 2048
22/120 DPDK:fast-tests / devargs_autotest OK 0.34s
23/120 DPDK:fast-tests / dispatcher_autotest OK 6.23s
24/120 DPDK:fast-tests / distributor_autotest OK 1.24s
25/120 DPDK:fast-tests / eal_flags_c_opt_autotest OK 3.60s
26/120 DPDK:fast-tests / eal_flags_main_opt_autotest OK 0.97s
27/120 DPDK:fast-tests / eal_flags_n_opt_autotest OK 0.87s
28/120 DPDK:fast-tests / eal_flags_hpet_autotest OK 0.46s
29/120 DPDK:fast-tests / eal_flags_no_huge_autotest OK 0.93s
30/120 DPDK:fast-tests / eal_flags_a_opt_autotest OK 1.78s
31/120 DPDK:fast-tests / eal_flags_b_opt_autotest OK 1.34s
32/120 DPDK:fast-tests / eal_flags_vdev_opt_autotest OK 1.00s
33/120 DPDK:fast-tests / eal_flags_r_opt_autotest OK 1.09s
34/120 DPDK:fast-tests / eal_flags_mem_autotest OK 1.55s
35/120 DPDK:fast-tests / eal_flags_file_prefix_autotest OK 3.71s
36/120 DPDK:fast-tests / eal_flags_misc_autotest OK 4.25s
37/120 DPDK:fast-tests / eal_fs_autotest OK 0.45s
38/120 DPDK:fast-tests / errno_autotest OK 0.34s
39/120 DPDK:fast-tests / ethdev_link_status OK 0.39s
40/120 DPDK:fast-tests / event_eth_tx_adapter_autotest OK 2.23s
41/120 DPDK:fast-tests / event_ring_autotest OK 0.46s
42/120 DPDK:fast-tests / eventdev_common_autotest OK 0.40s
43/120 DPDK:fast-tests / eventdev_selftest_sw OK 21.83s
44/120 DPDK:fast-tests / fbarray_autotest OK 0.33s
45/120 DPDK:fast-tests / fib_autotest OK 1.88s
46/120 DPDK:fast-tests / fib6_autotest OK 1.66s
47/120 DPDK:fast-tests / func_reentrancy_autotest OK 1.55s
48/120 DPDK:fast-tests / graph_autotest OK 0.39s
49/120 DPDK:fast-tests / node_list_dump OK 0.40s
50/120 DPDK:fast-tests / graph_feature_arc_autotest OK 0.33s
51/120 DPDK:fast-tests / hash_autotest OK 1.19s
52/120 DPDK:fast-tests / hash_readwrite_func_autotest OK 16.73s
53/120 DPDK:fast-tests / interrupt_autotest OK 1.42s
54/120 DPDK:fast-tests / ipfrag_autotest OK 0.25s
55/120 DPDK:fast-tests / ipsec_autotest SKIP 0.45s exit status 77
56/120 DPDK:fast-tests / kvargs_autotest OK 0.38s
57/120 DPDK:fast-tests / latencystats_autotest OK 0.36s
58/120 DPDK:fast-tests / lcore_var_autotest OK 1.33s
59/120 DPDK:fast-tests / lcores_autotest OK 6.22s
60/120 DPDK:fast-tests / logs_autotest OK 0.34s
61/120 DPDK:fast-tests / lpm_autotest OK 3.94s
62/120 DPDK:fast-tests / lpm6_autotest OK 11.40s
63/120 DPDK:fast-tests / malloc_autotest OK 0.92s
64/120 DPDK:fast-tests / mbuf_autotest OK 1.66s
65/120 DPDK:fast-tests / mcslock_autotest OK 1.80s
66/120 DPDK:fast-tests / member_autotest OK 3.10s
67/120 DPDK:fast-tests / memcpy_autotest OK 15.08s
68/120 DPDK:fast-tests / memory_autotest OK 0.21s
69/120 DPDK:fast-tests / mempool_autotest OK 0.81s
70/120 DPDK:fast-tests / memzone_autotest OK 0.26s
71/120 DPDK:fast-tests / meter_autotest OK 0.39s
72/120 DPDK:fast-tests / metrics_autotest OK 0.36s
73/120 DPDK:fast-tests / multiprocess_autotest OK 0.97s
74/120 DPDK:fast-tests / net_ether_autotest OK 2.85s
75/120 DPDK:fast-tests / net_ipv6_autotest OK 0.35s
76/120 DPDK:fast-tests / pcapng_autotest OK 6.70s
77/120 DPDK:fast-tests / pdcp_autotest SKIP 0.21s exit status 77
78/120 DPDK:fast-tests / pdump_autotest OK 1.12s
79/120 DPDK:fast-tests / per_lcore_autotest OK 0.44s
80/120 DPDK:fast-tests / pflock_autotest OK 0.69s
81/120 DPDK:fast-tests / pie_autotest OK 0.34s
82/120 DPDK:fast-tests / ring_pmd_autotest OK 0.37s
83/120 DPDK:fast-tests / power_autotest OK 0.36s
84/120 DPDK:fast-tests / power_cpufreq_autotest SKIP 0.21s exit status 77
85/120 DPDK:fast-tests / power_intel_uncore_autotest SKIP 0.37s exit status 77
86/120 DPDK:fast-tests / power_kvm_vm_autotest SKIP 0.19s exit status 77
87/120 DPDK:fast-tests / prefetch_autotest OK 0.38s
88/120 DPDK:fast-tests / ptr_compress_autotest OK 0.36s
89/120 DPDK:fast-tests / rawdev_autotest OK 0.36s
90/120 DPDK:fast-tests / rcu_qsbr_autotest OK 1.33s
91/120 DPDK:fast-tests / reorder_autotest OK 1.03s
92/120 DPDK:fast-tests / rib_autotest OK 9.09s
93/120 DPDK:fast-tests / rib6_autotest OK 9.00s
94/120 DPDK:fast-tests / ring_autotest OK 0.38s
95/120 DPDK:fast-tests / rwlock_test1_autotest OK 0.67s
96/120 DPDK:fast-tests / rwlock_rda_autotest OK 5.32s
97/120 DPDK:fast-tests / rwlock_rds_wrm_autotest OK 5.32s
98/120 DPDK:fast-tests / rwlock_rde_wro_autotest OK 5.32s
99/120 DPDK:fast-tests / sched_autotest OK 0.35s
100/120 DPDK:fast-tests / security_autotest OK 0.20s
101/120 DPDK:fast-tests / seqlock_autotest OK 2.36s
102/120 DPDK:fast-tests / service_autotest OK 3.16s
103/120 DPDK:fast-tests / soring_autotest OK 0.34s
104/120 DPDK:fast-tests / spinlock_autotest OK 0.36s
105/120 DPDK:fast-tests / stack_autotest OK 0.73s
106/120 DPDK:fast-tests / stack_lf_autotest OK 0.66s
107/120 DPDK:fast-tests / string_autotest OK 0.37s
108/120 DPDK:fast-tests / table_autotest OK 14.45s
109/120 DPDK:fast-tests / tailq_autotest OK 0.34s
110/120 DPDK:fast-tests / telemetry_data_autotest OK 0.33s
111/120 DPDK:fast-tests / telemetry_json_autotest OK 0.34s
112/120 DPDK:fast-tests / thash_autotest OK 0.40s
113/120 DPDK:fast-tests / threads_autotest OK 0.52s
114/120 DPDK:fast-tests / ticketlock_autotest OK 0.44s
115/120 DPDK:fast-tests / timer_autotest OK 3.56s
116/120 DPDK:fast-tests / trace_autotest OK 0.43s
117/120 DPDK:fast-tests / trace_autotest_with_traces OK 0.35s
118/120 DPDK:fast-tests / vdev_autotest OK 0.32s
119/120 DPDK:fast-tests / version_autotest OK 0.32s
120/120 DPDK:fast-tests / telemetry_all OK 55.04s
Ok: 113
Expected Fail: 0
Fail: 1
Unexpected Pass: 0
Skipped: 6
Timeout: 0
Full log written to /home-local/jenkins-local/jenkins-agent/workspace/Generic-Unit-Test-DPDK@10/dpdk/build/meson-logs/testlog.txt
Test log output from the failed test debug_autotest:
Sorry, we were not able to find the logs for this test.
Download the log output from the CI site for this test run.
==== End log output ====
Debian 12 (arm)
Kernel: Depends on container host
Compiler: gcc (Debian 12.2.0-14) 12.2.0
CentOS Stream 10
Kernel: 5.4
Compiler: gcc gcc (GCC) 14.2.1 20250110 (Red Hat 14.2.1-8)
CentOS Stream 9
Kernel: 5.4
Compiler: gcc gcc (GCC) 11.5.0 20240719 (Red Hat 11.5.0-11)
Fedora Linux 40
Kernel: 5.4
Compiler: gcc gcc (GCC) 14.2.1 20240912 (Red Hat 14.2.1-3)
Debian GNU/Linux 12
Kernel: 5.4
Compiler: gcc gcc (Debian 12.2.0-14+deb12u1) 12.2.0
Ubuntu 22.04
Kernel: 5.15
Compiler: gcc gcc (Ubuntu 11.4.0-1ubuntu1~22.04.2) 11.4.0
Fedora Linux 41
Kernel: 5.4
Compiler: clang gcc (GCC) 14.3.1 20250523 (Red Hat 14.3.1-1)
Red Hat Enterprise Linux 9.5
Kernel: 5.4
Compiler: gcc gcc (GCC) 11.5.0 20240719 (Red Hat 11.5.0-2)
Fedora Linux 42
Kernel: 5.4
Compiler: gcc gcc (GCC) 15.2.1 20250808 (Red Hat 15.2.1-1)
Ubuntu 20.04
Kernel: 5.4
Compiler: gcc gcc (Ubuntu 9.4.0-1ubuntu1~20.04.2) 9.4.0
Ubuntu 24.04
Kernel: 5.4
Compiler: gcc gcc (Ubuntu 13.3.0-6ubuntu2~24.04) 13.3.0
To view detailed results, visit:
https://lab.dpdk.org/results/dashboard/patchsets/34200/
UNH-IOL DPDK Community Lab
To manage your email subscriptions, visit:
https://lab.dpdk.org/results/dashboard/preferences/subscriptions/
prev parent reply other threads:[~2025-10-03 15:42 UTC|newest]
Thread overview: 22+ messages / expand[flat|nested] mbox.gz Atom feed top
[not found] <20251002165546.523435-1-david.marchand@redhat.com>
2025-10-02 16:21 ` |SUCCESS| " qemudev
2025-10-02 16:26 ` |FAILURE| " qemudev
2025-10-02 16:57 ` |WARNING| " checkpatch
2025-10-02 17:21 ` |PENDING| " dpdklab
2025-10-02 17:24 ` |FAILURE| " dpdklab
2025-10-02 17:25 ` |SUCCESS| " dpdklab
2025-10-02 17:26 ` |PENDING| " dpdklab
2025-10-02 17:29 ` |SUCCESS| " dpdklab
2025-10-02 17:34 ` dpdklab
2025-10-02 17:42 ` dpdklab
2025-10-02 17:46 ` dpdklab
2025-10-02 17:53 ` dpdklab
2025-10-02 17:57 ` dpdklab
2025-10-02 18:06 ` |FAILURE| " dpdklab
2025-10-02 18:09 ` |SUCCESS| " dpdklab
2025-10-02 18:13 ` dpdklab
2025-10-02 18:14 ` dpdklab
2025-10-02 18:20 ` |FAILURE| " 0-day Robot
2025-10-02 18:23 ` dpdklab
2025-10-02 19:27 ` |SUCCESS| " dpdklab
2025-10-03 12:58 ` |FAILURE| " dpdklab
2025-10-03 15:42 ` dpdklab [this message]
Reply instructions:
You may reply publicly to this message via plain-text email
using any one of the following methods:
* Save the following mbox file, import it into your mail client,
and reply-to-all from there: mbox
Avoid top-posting and favor interleaved quoting:
https://en.wikipedia.org/wiki/Posting_style#Interleaved_style
* Reply using the --to, --cc, and --in-reply-to
switches of git-send-email(1):
git send-email \
--in-reply-to=68dfeeff.170a0220.5b1fe.7802SMTPIN_ADDED_MISSING@mx.google.com \
--to=dpdklab@iol.unh.edu \
--cc=david.marchand@redhat.com \
--cc=dpdk-test-reports@iol.unh.edu \
--cc=test-report@dpdk.org \
/path/to/YOUR_REPLY
https://kernel.org/pub/software/scm/git/docs/git-send-email.html
* If your mail client supports setting the In-Reply-To header
via mailto: links, try the mailto: link
Be sure your reply has a Subject: header at the top and a blank line
before the message body.
This is a public inbox, see mirroring instructions
for how to clone and mirror all data and code used for this inbox;
as well as URLs for NNTP newsgroup(s).