From mboxrd@z Thu Jan 1 00:00:00 1970 Return-Path: Received: from mails.dpdk.org (mails.dpdk.org [217.70.189.124]) by inbox.dpdk.org (Postfix) with ESMTP id 53987488A2 for ; Fri, 3 Oct 2025 20:39:59 +0200 (CEST) Received: from mails.dpdk.org (localhost [127.0.0.1]) by mails.dpdk.org (Postfix) with ESMTP id 2EAED402B5; Fri, 3 Oct 2025 20:39:59 +0200 (CEST) Received: from mail-io1-f97.google.com (mail-io1-f97.google.com [209.85.166.97]) by mails.dpdk.org (Postfix) with ESMTP id 758B8402B5 for ; Fri, 3 Oct 2025 20:39:58 +0200 (CEST) Received: by mail-io1-f97.google.com with SMTP id ca18e2360f4ac-91524f5e6a8so221116939f.0 for ; Fri, 03 Oct 2025 11:39:58 -0700 (PDT) DKIM-Signature: v=1; a=rsa-sha256; c=relaxed/relaxed; d=iol.unh.edu; s=unh-iol; t=1759516797; x=1760121597; darn=dpdk.org; h=cc:to:from:subject:message-id:date:from:to:cc:subject:date :message-id:reply-to; bh=D5UkyITdnftj8SHN7nWFpe36bvlHqtN8iGXPvI5XXLU=; b=ID1kG86gUeA02U3k/Dm7hROvN7HsSdkkHtGlDP7hkd3z+q4aIq9yqF1Fo2dDLD2LNZ WBpGFMJwjtbRve9V7ib7QqIH9VOK6fTEawiYXS6zc+hDKIE2YnpMg2eSwk+/YLj75NHA xm7B3tTipUrcLmTGvFHYUk8h6Cyz1cuQngBcY= X-Google-DKIM-Signature: v=1; a=rsa-sha256; c=relaxed/relaxed; d=1e100.net; s=20230601; t=1759516797; x=1760121597; h=cc:to:from:subject:message-id:date:x-gm-message-state:from:to:cc :subject:date:message-id:reply-to; bh=D5UkyITdnftj8SHN7nWFpe36bvlHqtN8iGXPvI5XXLU=; b=ZYnjvlEjTVBkKmFGqR2IjKJ5T1g/a/+kysEXkWWkbsJlPx1pFLO3Z6hiJyNLJp4NQP M9wGLXDUnlXh/hldlacdxpnz4ipo7o7rwyBxeEqhkxH0miSRr82SbaagNPM4UIPAbwKi EbtVk9if1/2uuKTbCIv7LTgaxHbDEIcLRrnHMOZT1iRx1bTIk+uzvcYmcvEDYjIsJ3SE nJE8Wi2gAJXiX6IlVrXzLp3Iv9uZjT/U85QCc0kIvXszVHENkWjQbVd4od+DXLEd1cRf t3qHpn3OFDIIfESc49CQ1ncyPOE7v1UHdB4RICSEx7MrQpEiqbrKaAvU+A9qPfinSbem ZZcQ== X-Gm-Message-State: AOJu0YwSLRYJpDQPeuVizr/QHNMhJ8dYgxg989yPm2KYbNL+5i+l0nJN tzHcIhwrlWXFfFJ7vSnIOa5pA9PdhKSzYWjBfZU8AJ9cUCypKDsevBSY4f2AwY/8JkThbF5nknY lsrRZNRCOfN+GFuoUmabclptwGJMhR4/WSO4s262nIoatgYsRom4b X-Gm-Gg: ASbGncuEU9ha2Bqf7LppXBZan5acfdOTVGxa0ePzys+7OGZ9/8vvrTaEDZZy/CxdVnq n3/yEhTopcfUjTYK8LK7T8sv2fIl5sHJRNPqm2ZaMdYE4cRUPv0Nbq0pSxmPDGNuii15UkdcSxU 3hOtTE33Q/FW1ycC6X6+DxJAnGQQwRnUHnhaGUnXb4ATkX+o2NubqsLIhJ18++ONLnBazxtzbzl qyuxF8CNopJ0LSkZgl7HOinWhBtkcXC050Ff09BFn9arVT7rKDecRpeKNnqaLqr8yZWcUplG/jp hrLBZwhlZGtyVXH3pdxstxISuRAYAbqBCZQ/T2pNFzAVAElq6z+IcHE= X-Google-Smtp-Source: AGHT+IFiS1sEFfUCBAM9NJDzS5GvD1/coa70TamSy+QjVuEFQePfQ3oxIYAaz8ARczMG/TIXqvTfRgW5fsZk X-Received: by 2002:a05:6602:608b:b0:92c:c80:dc61 with SMTP id ca18e2360f4ac-93b96915c3bmr540049339f.1.1759516797585; Fri, 03 Oct 2025 11:39:57 -0700 (PDT) Received: from postal.iol.unh.edu (postal.iol.unh.edu. [2606:4100:3880:1234::84]) by smtp-relay.gmail.com with ESMTPS id 8926c6da1cb9f-57b5eb026easm418808173.19.2025.10.03.11.39.57 (version=TLS1_2 cipher=ECDHE-ECDSA-AES128-GCM-SHA256 bits=128/128); Fri, 03 Oct 2025 11:39:57 -0700 (PDT) X-Relaying-Domain: iol.unh.edu Date: Fri, 03 Oct 2025 11:39:57 -0700 (PDT) Message-ID: <68e0187d.050a0220.5e02f.94a8SMTPIN_ADDED_MISSING@mx.google.com> Received: from [172.21.0.2] (unknown [172.18.0.240]) by postal.iol.unh.edu (Postfix) with ESMTP id 1140D6050A61; Fri, 3 Oct 2025 14:39:57 -0400 (EDT) Subject: |FAILURE| [GIT MASTER] 62f583c49bf67dd4d6733ece14e55fe6839e66d1 From: dpdklab@iol.unh.edu To: Test Report Cc: dpdk-test-reports@iol.unh.edu, Xueming Li , Christian Ehrhardt , Kevin Traynor , Luca Boccassi Content-Type: text/plain X-BeenThere: test-report@dpdk.org X-Mailman-Version: 2.1.29 Precedence: list List-Id: automatic DPDK test reports List-Unsubscribe: , List-Archive: List-Post: List-Help: List-Subscribe: , Errors-To: test-report-bounces@dpdk.org _Testing issues_ Branch: tags/v23.11 62f583c49bf67dd4d6733ece14e55fe6839e66d1 --> testing issues Upstream job id: Generic-Unit-Test-DPDK#378015 Test environment and result as below: +------------------------------+----------------+--------------+---------------------------+------------------------------+ | Environment | dpdk_unit_test | lpm_autotest | cryptodev_sw_zuc_autotest | cryptodev_sw_snow3g_autotest | +==============================+================+==============+===========================+==============================+ | CentOS Stream 9 | PASS | SKIPPED | SKIPPED | SKIPPED | +------------------------------+----------------+--------------+---------------------------+------------------------------+ | CentOS Stream 10 | PEND | SKIPPED | SKIPPED | SKIPPED | +------------------------------+----------------+--------------+---------------------------+------------------------------+ | Debian GNU/Linux 12 | PASS | SKIPPED | SKIPPED | SKIPPED | +------------------------------+----------------+--------------+---------------------------+------------------------------+ | Fedora Linux 42 | PEND | SKIPPED | SKIPPED | SKIPPED | +------------------------------+----------------+--------------+---------------------------+------------------------------+ | Fedora Linux 40 | PEND | SKIPPED | SKIPPED | SKIPPED | +------------------------------+----------------+--------------+---------------------------+------------------------------+ | Fedora Linux 41 | PEND | SKIPPED | SKIPPED | SKIPPED | +------------------------------+----------------+--------------+---------------------------+------------------------------+ | Ubuntu 22.04 | PEND | SKIPPED | SKIPPED | SKIPPED | +------------------------------+----------------+--------------+---------------------------+------------------------------+ | Red Hat Enterprise Linux 9.5 | PEND | SKIPPED | SKIPPED | SKIPPED | +------------------------------+----------------+--------------+---------------------------+------------------------------+ | Ubuntu 20.04 | PEND | PASS | SKIPPED | SKIPPED | +------------------------------+----------------+--------------+---------------------------+------------------------------+ | Ubuntu 24.04 | PEND | SKIPPED | SKIPPED | SKIPPED | +------------------------------+----------------+--------------+---------------------------+------------------------------+ | Debian 12 (arm) | SKIPPED | SKIPPED | PEND | PEND | +------------------------------+----------------+--------------+---------------------------+------------------------------+ CentOS Stream 9 Kernel: 5.4 Compiler: gcc gcc (GCC) 11.5.0 20240719 (Red Hat 11.5.0-11) CentOS Stream 10 Kernel: 5.4 Compiler: gcc gcc (GCC) 14.2.1 20250110 (Red Hat 14.2.1-8) Debian GNU/Linux 12 Kernel: 5.4 Compiler: gcc gcc (Debian 12.2.0-14+deb12u1) 12.2.0 Fedora Linux 42 Kernel: 5.4 Compiler: gcc gcc (GCC) 15.2.1 20250808 (Red Hat 15.2.1-1) Fedora Linux 40 Kernel: 5.4 Compiler: gcc gcc (GCC) 14.2.1 20240912 (Red Hat 14.2.1-3) Fedora Linux 41 Kernel: 5.4 Compiler: gcc gcc (GCC) 14.3.1 20250523 (Red Hat 14.3.1-1) Ubuntu 22.04 Kernel: 5.15 Compiler: gcc gcc (Ubuntu 11.4.0-1ubuntu1~22.04.2) 11.4.0 Red Hat Enterprise Linux 9.5 Kernel: 5.4 Compiler: gcc gcc (GCC) 11.5.0 20240719 (Red Hat 11.5.0-2) Ubuntu 20.04 Kernel: 5.4 Compiler: gcc gcc (Ubuntu 9.4.0-1ubuntu1~20.04.2) 9.4.0 Ubuntu 24.04 Kernel: 5.4 Compiler: gcc gcc (Ubuntu 13.3.0-6ubuntu2~24.04) 13.3.0 Debian 12 (arm) Kernel: Depends on container host Compiler: gcc (Debian 12.2.0-14) 12.2.0 To view detailed results, visit: https://lab.dpdk.org/results/dashboard/tarballs/35090/ UNH-IOL DPDK Community Lab To manage your email subscriptions, visit: https://lab.dpdk.org/results/dashboard/preferences/subscriptions/