automatic DPDK test reports
 help / color / mirror / Atom feed
* |SUCCESS| pw157269 [PATCH v2 2/2] dts: add virtio forwarding test suite
       [not found] <20251003192717.444490-2-dmarx@iol.unh.edu>
@ 2025-10-03 19:29 ` checkpatch
  2025-10-03 19:47 ` |FAILURE| pw157268-157269 [PATCH] [v2,2/2] dts: add virtio forwardin dpdklab
                   ` (14 subsequent siblings)
  15 siblings, 0 replies; 16+ messages in thread
From: checkpatch @ 2025-10-03 19:29 UTC (permalink / raw)
  To: test-report

Test-Label: checkpatch
Test-Status: SUCCESS
http://dpdk.org/patch/157269

_coding style OK_



^ permalink raw reply	[flat|nested] 16+ messages in thread

* |FAILURE| pw157268-157269 [PATCH] [v2,2/2] dts: add virtio forwardin
       [not found] <20251003192717.444490-2-dmarx@iol.unh.edu>
  2025-10-03 19:29 ` |SUCCESS| pw157269 [PATCH v2 2/2] dts: add virtio forwarding test suite checkpatch
@ 2025-10-03 19:47 ` dpdklab
  2025-10-03 19:50 ` |PENDING| " dpdklab
                   ` (13 subsequent siblings)
  15 siblings, 0 replies; 16+ messages in thread
From: dpdklab @ 2025-10-03 19:47 UTC (permalink / raw)
  To: Test Report; +Cc: dpdk-test-reports, Dean Marx

Test-Label: iol-dts-check-format-testing
Test-Status: FAILURE
http://dpdk.org/patch/157269

_Testing issues_

Submitter: Dean Marx <dmarx@iol.unh.edu>
Date: Friday, October 03 2025 19:27:16 
DPDK git baseline: Repo:dpdk-next-dts
  Branch: master
  CommitID:b71d7bdf2b663f9fedc1d344b81a8cf65518026c

157268-157269 --> testing issues

Upstream job id: DTS-Check-Format-Pipeline#107

Test environment and result as below:

+--------------+------------------+
| Environment  | dts-check-format |
+==============+==================+
| Ubuntu 24.04 | FAIL             |
+--------------+------------------+

==== 20 line log output for Ubuntu 24.04 (dts-check-format): ====
Formatting in ./
----------------
Formatting code with ruff:
70 files left unchanged

Linting in ./
-------------
All checks passed!

Checking types in ./
--------------------
api/testpmd/__init__.py:215: error: f-string: expecting '}'  [syntax]
Found 1 error in 1 file (errors prevented further checking)

Summary for ./
--------------
Found 2 errors
==== End log output ====

Ubuntu 24.04
	Kernel: 5.15
	Compiler: gcc gcc (Ubuntu 13.3.0-6ubuntu2~24.04) 13.3.0

To view detailed results, visit:
https://lab.dpdk.org/results/dashboard/patchsets/34213/

UNH-IOL DPDK Community Lab

To manage your email subscriptions, visit: 
https://lab.dpdk.org/results/dashboard/preferences/subscriptions/

^ permalink raw reply	[flat|nested] 16+ messages in thread

* |PENDING| pw157268-157269 [PATCH] [v2,2/2] dts: add virtio forwardin
       [not found] <20251003192717.444490-2-dmarx@iol.unh.edu>
  2025-10-03 19:29 ` |SUCCESS| pw157269 [PATCH v2 2/2] dts: add virtio forwarding test suite checkpatch
  2025-10-03 19:47 ` |FAILURE| pw157268-157269 [PATCH] [v2,2/2] dts: add virtio forwardin dpdklab
@ 2025-10-03 19:50 ` dpdklab
  2025-10-03 19:53 ` |SUCCESS| " dpdklab
                   ` (12 subsequent siblings)
  15 siblings, 0 replies; 16+ messages in thread
From: dpdklab @ 2025-10-03 19:50 UTC (permalink / raw)
  To: Test Report; +Cc: dpdk-test-reports

Test-Label: iol-compile-amd64-testing
Test-Status: PENDING
http://dpdk.org/patch/157269

_Testing pending_

Submitter: Dean Marx <dmarx@iol.unh.edu>
Date: Friday, October 03 2025 19:27:16 
DPDK git baseline: Repo:dpdk-next-dts
  Branch: master
  CommitID:b71d7bdf2b663f9fedc1d344b81a8cf65518026c

157268-157269 --> testing pending

Upstream job id: Generic-VM-DPDK-Compile-Meson#38772

Test environment and result as below:

+---------------------+--------------------+-------------------------+-------------------+
|     Environment     | dpdk_meson_compile | dpdk_llvm_clang_compile | dpdk_msvc_compile |
+=====================+====================+=========================+===================+
| Ubuntu 20.04        | PASS               | SKIPPED                 | SKIPPED           |
+---------------------+--------------------+-------------------------+-------------------+
| FreeBSD 14.2        | PEND               | SKIPPED                 | SKIPPED           |
+---------------------+--------------------+-------------------------+-------------------+
| Windows Server 2022 | SKIPPED            | PEND                    | PEND              |
+---------------------+--------------------+-------------------------+-------------------+


Ubuntu 20.04
	Kernel: 4.19
	Compiler: gcc gcc (Ubuntu 9.4.0-1ubuntu1~20.04.2) 9.4.0

FreeBSD 14.2
	Kernel: 14.2-RELEASE
	Compiler: clang 18.1.6

Windows Server 2022
	Kernel: 10.0.20348.2031
	Compiler: clang 15.0.7, gcc 14.1.0 (MinGW), and MSVC VS 19.39.33521

To view detailed results, visit:
https://lab.dpdk.org/results/dashboard/patchsets/34213/

UNH-IOL DPDK Community Lab

To manage your email subscriptions, visit: 
https://lab.dpdk.org/results/dashboard/preferences/subscriptions/

^ permalink raw reply	[flat|nested] 16+ messages in thread

* |SUCCESS| pw157268-157269 [PATCH] [v2,2/2] dts: add virtio forwardin
       [not found] <20251003192717.444490-2-dmarx@iol.unh.edu>
                   ` (2 preceding siblings ...)
  2025-10-03 19:50 ` |PENDING| " dpdklab
@ 2025-10-03 19:53 ` dpdklab
  2025-10-03 19:57 ` |PENDING| " dpdklab
                   ` (11 subsequent siblings)
  15 siblings, 0 replies; 16+ messages in thread
From: dpdklab @ 2025-10-03 19:53 UTC (permalink / raw)
  To: Test Report; +Cc: dpdk-test-reports

Test-Label: iol-mellanox-Functional
Test-Status: SUCCESS
http://dpdk.org/patch/157269

_Functional Testing PASS_

Submitter: Dean Marx <dmarx@iol.unh.edu>
Date: Friday, October 03 2025 19:27:16 
DPDK git baseline: Repo:dpdk-next-dts
  Branch: master
  CommitID:b71d7bdf2b663f9fedc1d344b81a8cf65518026c

157268-157269 --> functional testing pass

Upstream job id: Template-DPDK-DTS-Pipeline#2308

Test environment and result as below:

Ubuntu 24.04
Kernel: 6.8.0-55-generic
Compiler: gcc 13.3.0
NIC: Mellanox ConnectX-5 100000 Mbps

Aggregate Results by Test Suite
+---------------------------------+--------+
|           Test Suite            | Result |
+=================================+========+
| blocklist                       |  PASS  |
+---------------------------------+--------+
| promisc_support                 |  PASS  |
+---------------------------------+--------+
| uni_pkt                         |  PASS  |
+---------------------------------+--------+
| dynamic_config                  |  PASS  |
+---------------------------------+--------+
| hello_world                     |  PASS  |
+---------------------------------+--------+
| l2fwd                           |  PASS  |
+---------------------------------+--------+
| port_restart_config_persistency |  PASS  |
+---------------------------------+--------+
| softnic                         |  PASS  |
+---------------------------------+--------+
| vlan                            |  PASS  |
+---------------------------------+--------+


To view detailed results, visit:
https://lab.dpdk.org/results/dashboard/patchsets/34213/

UNH-IOL DPDK Community Lab

To manage your email subscriptions, visit: 
https://lab.dpdk.org/results/dashboard/preferences/subscriptions/

^ permalink raw reply	[flat|nested] 16+ messages in thread

* |PENDING| pw157268-157269 [PATCH] [v2,2/2] dts: add virtio forwardin
       [not found] <20251003192717.444490-2-dmarx@iol.unh.edu>
                   ` (3 preceding siblings ...)
  2025-10-03 19:53 ` |SUCCESS| " dpdklab
@ 2025-10-03 19:57 ` dpdklab
  2025-10-03 19:58 ` |SUCCESS| " dpdklab
                   ` (10 subsequent siblings)
  15 siblings, 0 replies; 16+ messages in thread
From: dpdklab @ 2025-10-03 19:57 UTC (permalink / raw)
  To: Test Report; +Cc: dpdk-test-reports

Test-Label: iol-unit-arm64-testing
Test-Status: PENDING
http://dpdk.org/patch/157269

_Testing pending_

Submitter: Dean Marx <dmarx@iol.unh.edu>
Date: Friday, October 03 2025 19:27:16 
DPDK git baseline: Repo:dpdk-next-dts
  Branch: master
  CommitID:b71d7bdf2b663f9fedc1d344b81a8cf65518026c

157268-157269 --> testing pending

Upstream job id: Generic-Unit-Test-DPDK#378327

Test environment and result as below:

+------------------------------+--------------+------------------------------+---------------------------+----------------+
|         Environment          | lpm_autotest | cryptodev_sw_snow3g_autotest | cryptodev_sw_zuc_autotest | dpdk_unit_test |
+==============================+==============+==============================+===========================+================+
| Ubuntu 20.04                 | PASS         | SKIPPED                      | SKIPPED                   | PEND           |
+------------------------------+--------------+------------------------------+---------------------------+----------------+
| Debian 12 (arm)              | SKIPPED      | PEND                         | PEND                      | SKIPPED        |
+------------------------------+--------------+------------------------------+---------------------------+----------------+
| Ubuntu 22.04                 | SKIPPED      | SKIPPED                      | SKIPPED                   | PEND           |
+------------------------------+--------------+------------------------------+---------------------------+----------------+
| CentOS Stream 10             | SKIPPED      | SKIPPED                      | SKIPPED                   | PEND           |
+------------------------------+--------------+------------------------------+---------------------------+----------------+
| CentOS Stream 9              | SKIPPED      | SKIPPED                      | SKIPPED                   | PEND           |
+------------------------------+--------------+------------------------------+---------------------------+----------------+
| Debian GNU/Linux 12          | SKIPPED      | SKIPPED                      | SKIPPED                   | PEND           |
+------------------------------+--------------+------------------------------+---------------------------+----------------+
| Fedora Linux 40              | SKIPPED      | SKIPPED                      | SKIPPED                   | PEND           |
+------------------------------+--------------+------------------------------+---------------------------+----------------+
| Fedora Linux 41              | SKIPPED      | SKIPPED                      | SKIPPED                   | PEND           |
+------------------------------+--------------+------------------------------+---------------------------+----------------+
| Fedora Linux 42              | SKIPPED      | SKIPPED                      | SKIPPED                   | PEND           |
+------------------------------+--------------+------------------------------+---------------------------+----------------+
| Red Hat Enterprise Linux 9.5 | SKIPPED      | SKIPPED                      | SKIPPED                   | PEND           |
+------------------------------+--------------+------------------------------+---------------------------+----------------+
| Ubuntu 24.04                 | SKIPPED      | SKIPPED                      | SKIPPED                   | PEND           |
+------------------------------+--------------+------------------------------+---------------------------+----------------+


Ubuntu 20.04
	Kernel: 5.4
	Compiler: gcc gcc (Ubuntu 9.4.0-1ubuntu1~20.04.2) 9.4.0

Debian 12 (arm)
	Kernel: Depends on container host
	Compiler: gcc (Debian 12.2.0-14) 12.2.0

Ubuntu 22.04
	Kernel: 5.15
	Compiler: gcc gcc (Ubuntu 11.4.0-1ubuntu1~22.04.2) 11.4.0

CentOS Stream 10
	Kernel: 5.4
	Compiler: gcc gcc (GCC) 14.2.1 20250110 (Red Hat 14.2.1-8)

CentOS Stream 9
	Kernel: 5.4
	Compiler: gcc gcc (GCC) 11.5.0 20240719 (Red Hat 11.5.0-11)

Debian GNU/Linux 12
	Kernel: 5.4
	Compiler: gcc gcc (Debian 12.2.0-14+deb12u1) 12.2.0

Fedora Linux 40
	Kernel: 5.4
	Compiler: gcc gcc (GCC) 14.2.1 20240912 (Red Hat 14.2.1-3)

Fedora Linux 41
	Kernel: 5.4
	Compiler: gcc gcc (GCC) 14.3.1 20250523 (Red Hat 14.3.1-1)

Fedora Linux 42
	Kernel: 5.4
	Compiler: gcc gcc (GCC) 15.2.1 20250808 (Red Hat 15.2.1-1)

Red Hat Enterprise Linux 9.5
	Kernel: 5.4
	Compiler: gcc gcc (GCC) 11.5.0 20240719 (Red Hat 11.5.0-2)

Ubuntu 24.04
	Kernel: 5.4
	Compiler: gcc gcc (Ubuntu 13.3.0-6ubuntu2~24.04) 13.3.0

To view detailed results, visit:
https://lab.dpdk.org/results/dashboard/patchsets/34213/

UNH-IOL DPDK Community Lab

To manage your email subscriptions, visit: 
https://lab.dpdk.org/results/dashboard/preferences/subscriptions/

^ permalink raw reply	[flat|nested] 16+ messages in thread

* |SUCCESS| pw157268-157269 [PATCH] [v2,2/2] dts: add virtio forwardin
       [not found] <20251003192717.444490-2-dmarx@iol.unh.edu>
                   ` (4 preceding siblings ...)
  2025-10-03 19:57 ` |PENDING| " dpdklab
@ 2025-10-03 19:58 ` dpdklab
  2025-10-03 19:59 ` |PENDING| " dpdklab
                   ` (9 subsequent siblings)
  15 siblings, 0 replies; 16+ messages in thread
From: dpdklab @ 2025-10-03 19:58 UTC (permalink / raw)
  To: Test Report; +Cc: dpdk-test-reports

Test-Label: iol-marvell-Functional
Test-Status: SUCCESS
http://dpdk.org/patch/157269

_Functional Testing PASS_

Submitter: Dean Marx <dmarx@iol.unh.edu>
Date: Friday, October 03 2025 19:27:16 
DPDK git baseline: Repo:dpdk-next-dts
  Branch: master
  CommitID:b71d7bdf2b663f9fedc1d344b81a8cf65518026c

157268-157269 --> functional testing pass

Upstream job id: Template-DTS-Pipeline#247758

Test environment and result as below:

Ubuntu 20.04.6
Kernel: 5.4.105
Compiler: gcc 9.4
NIC: Marvell CN106XX 50000 Mbps
Target: arm64-native-linuxapp-gcc

Aggregate Results by Test Suite
+----------------+--------+
|   Test Suite   | Result |
+================+========+
| cmdline        |  PASS  |
+----------------+--------+
| rxtx_callbacks |  PASS  |
+----------------+--------+


To view detailed results, visit:
https://lab.dpdk.org/results/dashboard/patchsets/34213/

UNH-IOL DPDK Community Lab

To manage your email subscriptions, visit: 
https://lab.dpdk.org/results/dashboard/preferences/subscriptions/

^ permalink raw reply	[flat|nested] 16+ messages in thread

* |PENDING| pw157268-157269 [PATCH] [v2,2/2] dts: add virtio forwardin
       [not found] <20251003192717.444490-2-dmarx@iol.unh.edu>
                   ` (5 preceding siblings ...)
  2025-10-03 19:58 ` |SUCCESS| " dpdklab
@ 2025-10-03 19:59 ` dpdklab
  2025-10-03 20:02 ` dpdklab
                   ` (8 subsequent siblings)
  15 siblings, 0 replies; 16+ messages in thread
From: dpdklab @ 2025-10-03 19:59 UTC (permalink / raw)
  To: Test Report; +Cc: dpdk-test-reports

Test-Label: iol-unit-amd64-testing
Test-Status: PENDING
http://dpdk.org/patch/157269

_Testing pending_

Submitter: Dean Marx <dmarx@iol.unh.edu>
Date: Friday, October 03 2025 19:27:16 
DPDK git baseline: Repo:dpdk-next-dts
  Branch: master
  CommitID:b71d7bdf2b663f9fedc1d344b81a8cf65518026c

157268-157269 --> testing pending

Upstream job id: Generic-Unit-Test-DPDK#378334

Test environment and result as below:

+-------------------------------+----------------+
|          Environment          | dpdk_unit_test |
+===============================+================+
| CentOS Stream 9               | PEND           |
+-------------------------------+----------------+
| CentOS Stream 10              | PEND           |
+-------------------------------+----------------+
| Debian GNU/Linux 12           | PASS           |
+-------------------------------+----------------+
| Fedora Linux 40               | PEND           |
+-------------------------------+----------------+
| Fedora Linux 41               | PEND           |
+-------------------------------+----------------+
| Windows Server 2022           | PEND           |
+-------------------------------+----------------+
| Fedora Linux 42               | PEND           |
+-------------------------------+----------------+
| Red Hat Enterprise Linux 9.5  | PEND           |
+-------------------------------+----------------+
| Red Hat Enterprise Linux 8.10 | PEND           |
+-------------------------------+----------------+
| Ubuntu 20.04                  | PEND           |
+-------------------------------+----------------+
| Ubuntu 22.04                  | PEND           |
+-------------------------------+----------------+
| Ubuntu 24.04                  | PEND           |
+-------------------------------+----------------+


CentOS Stream 9
	Kernel: 5.15
	Compiler: gcc gcc (GCC) 11.5.0 20240719 (Red Hat 11.5.0-11)

CentOS Stream 10
	Kernel: 5.15
	Compiler: gcc gcc (GCC) 14.2.1 20250110 (Red Hat 14.2.1-8)

Debian GNU/Linux 12
	Kernel: 5.15
	Compiler: gcc gcc (Debian 12.2.0-14+deb12u1) 12.2.0

Fedora Linux 40
	Kernel: 5.15
	Compiler: gcc gcc (GCC) 14.2.1 20240912 (Red Hat 14.2.1-3)

Fedora Linux 41
	Kernel: 5.15
	Compiler: gcc gcc (GCC) 14.3.1 20250523 (Red Hat 14.3.1-1)

Windows Server 2022
	Kernel: 10.0.20348.2031
	Compiler: clang 15.0.7, gcc 14.1.0 (MinGW), and MSVC VS 19.39.33521

Fedora Linux 42
	Kernel: 5.15
	Compiler: gcc gcc (GCC) 15.2.1 20250808 (Red Hat 15.2.1-1)

Red Hat Enterprise Linux 9.5
	Kernel: 5.15
	Compiler: gcc gcc (GCC) 11.5.0 20240719 (Red Hat 11.5.0-2)

Red Hat Enterprise Linux 8.10
	Kernel: 5.15
	Compiler: gcc gcc (GCC) 8.5.0 20210514 (Red Hat 8.5.0-22)

Ubuntu 20.04
	Kernel: 5.15
	Compiler: gcc gcc (Ubuntu 9.4.0-1ubuntu1~20.04.2) 9.4.0

Ubuntu 22.04
	Kernel: 5.15
	Compiler: gcc gcc (Ubuntu 11.4.0-1ubuntu1~22.04) 11.4.0

Ubuntu 24.04
	Kernel: 5.15
	Compiler: gcc gcc (Ubuntu 13.3.0-6ubuntu2~24.04) 13.3.0

To view detailed results, visit:
https://lab.dpdk.org/results/dashboard/patchsets/34213/

UNH-IOL DPDK Community Lab

To manage your email subscriptions, visit: 
https://lab.dpdk.org/results/dashboard/preferences/subscriptions/

^ permalink raw reply	[flat|nested] 16+ messages in thread

* |PENDING| pw157268-157269 [PATCH] [v2,2/2] dts: add virtio forwardin
       [not found] <20251003192717.444490-2-dmarx@iol.unh.edu>
                   ` (6 preceding siblings ...)
  2025-10-03 19:59 ` |PENDING| " dpdklab
@ 2025-10-03 20:02 ` dpdklab
  2025-10-03 20:12 ` |SUCCESS| " dpdklab
                   ` (7 subsequent siblings)
  15 siblings, 0 replies; 16+ messages in thread
From: dpdklab @ 2025-10-03 20:02 UTC (permalink / raw)
  To: Test Report; +Cc: dpdk-test-reports

Test-Label: iol-sample-apps-testing
Test-Status: PENDING
http://dpdk.org/patch/157269

_Testing pending_

Submitter: Dean Marx <dmarx@iol.unh.edu>
Date: Friday, October 03 2025 19:27:16 
DPDK git baseline: Repo:dpdk-next-dts
  Branch: master
  CommitID:b71d7bdf2b663f9fedc1d344b81a8cf65518026c

157268-157269 --> testing pending

Upstream job id: Template-DTS-Pipeline#247760

Test environment and result as below:

+--------------+----------------------+----------------------+
| Environment  | dpdk_fips_validation | compressdev_zlib_pmd |
+==============+======================+======================+
| Ubuntu 20.04 | PEND                 | SKIPPED              |
+--------------+----------------------+----------------------+
| Ubuntu 22.04 | SKIPPED              | PASS                 |
+--------------+----------------------+----------------------+


Ubuntu 20.04
	Kernel: 5.15
	Compiler: gcc gcc (Ubuntu 9.4.0-1ubuntu1~20.04.2) 9.4.0

Ubuntu 22.04
	Kernel: 5.15
	Compiler: gcc gcc (Ubuntu 11.4.0-1ubuntu1~22.04.2) 11.4.0

To view detailed results, visit:
https://lab.dpdk.org/results/dashboard/patchsets/34213/

UNH-IOL DPDK Community Lab

To manage your email subscriptions, visit: 
https://lab.dpdk.org/results/dashboard/preferences/subscriptions/

^ permalink raw reply	[flat|nested] 16+ messages in thread

* |SUCCESS| pw157268-157269 [PATCH] [v2,2/2] dts: add virtio forwardin
       [not found] <20251003192717.444490-2-dmarx@iol.unh.edu>
                   ` (7 preceding siblings ...)
  2025-10-03 20:02 ` dpdklab
@ 2025-10-03 20:12 ` dpdklab
  2025-10-03 20:16 ` dpdklab
                   ` (6 subsequent siblings)
  15 siblings, 0 replies; 16+ messages in thread
From: dpdklab @ 2025-10-03 20:12 UTC (permalink / raw)
  To: Test Report; +Cc: dpdk-test-reports

Test-Label: iol-intel-Functional
Test-Status: SUCCESS
http://dpdk.org/patch/157269

_Functional Testing PASS_

Submitter: Dean Marx <dmarx@iol.unh.edu>
Date: Friday, October 03 2025 19:27:16 
DPDK git baseline: Repo:dpdk-next-dts
  Branch: master
  CommitID:b71d7bdf2b663f9fedc1d344b81a8cf65518026c

157268-157269 --> functional testing pass

Upstream job id: Template-DTS-Pipeline#247761

Test environment and result as below:

Ubuntu 24.04 LTS
Kernel: 6.8.0-44-generic
Compiler: gcc 13.2.0
NIC: Intel Corporation Ethernet Controller XL710 for 40GbE QSFP+ 40 Mbps

Aggregate Results by Test Suite
+--------------------+--------+
|     Test Suite     | Result |
+====================+========+
| blocklist          |  PASS  |
+--------------------+--------+
| promisc_support    |  PASS  |
+--------------------+--------+
| uni_pkt            |  PASS  |
+--------------------+--------+
| dynamic_config     |  PASS  |
+--------------------+--------+
| dynamic_queue_conf |  PASS  |
+--------------------+--------+
| hello_world        |  PASS  |
+--------------------+--------+
| l2fwd              |  PASS  |
+--------------------+--------+
| softnic            |  PASS  |
+--------------------+--------+
| vlan               |  PASS  |
+--------------------+--------+


Ubuntu 24.04
Kernel: 6.8
Compiler: gcc gcc (Ubuntu 13.3.0-6ubuntu2~24.04) 13.3.0
NIC: Intel Corporation 4xxx Series QAT 0 Mbps

Aggregate Results by Test Suite
+----------------------------+--------+
|         Test Suite         | Result |
+============================+========+
| crypto_perf_cryptodev_perf |  PASS  |
+----------------------------+--------+


To view detailed results, visit:
https://lab.dpdk.org/results/dashboard/patchsets/34213/

UNH-IOL DPDK Community Lab

To manage your email subscriptions, visit: 
https://lab.dpdk.org/results/dashboard/preferences/subscriptions/

^ permalink raw reply	[flat|nested] 16+ messages in thread

* |SUCCESS| pw157268-157269 [PATCH] [v2,2/2] dts: add virtio forwardin
       [not found] <20251003192717.444490-2-dmarx@iol.unh.edu>
                   ` (8 preceding siblings ...)
  2025-10-03 20:12 ` |SUCCESS| " dpdklab
@ 2025-10-03 20:16 ` dpdklab
  2025-10-03 20:16 ` dpdklab
                   ` (5 subsequent siblings)
  15 siblings, 0 replies; 16+ messages in thread
From: dpdklab @ 2025-10-03 20:16 UTC (permalink / raw)
  To: Test Report; +Cc: dpdk-test-reports

Test-Label: iol-broadcom-Performance
Test-Status: SUCCESS
http://dpdk.org/patch/157269

_Performance Testing PASS_

Submitter: Dean Marx <dmarx@iol.unh.edu>
Date: Friday, October 03 2025 19:27:16 
DPDK git baseline: Repo:dpdk-next-dts
  Branch: master
  CommitID:b71d7bdf2b663f9fedc1d344b81a8cf65518026c

157268-157269 --> performance testing pass

Upstream job id: Template-DTS-Pipeline#247753

Test environment and result as below:

Ubuntu 22.04
Kernel: 5.15
Compiler: gcc gcc (Ubuntu 11.4.0-1ubuntu1~22.04) 11.4.0
NIC: Broadcom Inc. and subsidiaries BCM57414 NetXtreme-E 10Gb/25Gb RDMA Ethernet Controller 16d7 25 Mbps
Fail/Total: 0/3

Detail performance results: 
+------------+---------+----------+-------------+------------------------------+
| frame_size | txd/rxd | num_cpus | num_threads |  throughput difference from  |
|            |         |          |             |           expected           |
+============+=========+==========+=============+==============================+
| 64         | 128     | 1        | 1           | 0.1%                         |
+------------+---------+----------+-------------+------------------------------+
| 64         | 512     | 1        | 1           | 0.3%                         |
+------------+---------+----------+-------------+------------------------------+
| 64         | 2048    | 1        | 1           | 1.2%                         |
+------------+---------+----------+-------------+------------------------------+

Ubuntu 22.04
Kernel: 5.15
Compiler: gcc gcc (Ubuntu 11.4.0-1ubuntu1~22.04.2) 11.4.0
NIC: Arm Broadcom Inc. brcm_57414 25000 Mbps
Fail/Total: 0/2

Detail performance results: 
+------------+---------+----------+-------------+------------------------------+
| frame_size | txd/rxd | num_cpus | num_threads |  throughput difference from  |
|            |         |          |             |           expected           |
+============+=========+==========+=============+==============================+
| 64         | 512     | 1        | 1           | -0.4%                        |
+------------+---------+----------+-------------+------------------------------+
| 64         | 2048    | 1        | 1           | -0.4%                        |
+------------+---------+----------+-------------+------------------------------+

To view detailed results, visit:
https://lab.dpdk.org/results/dashboard/patchsets/34213/

UNH-IOL DPDK Community Lab

To manage your email subscriptions, visit: 
https://lab.dpdk.org/results/dashboard/preferences/subscriptions/

^ permalink raw reply	[flat|nested] 16+ messages in thread

* |SUCCESS| pw157268-157269 [PATCH] [v2,2/2] dts: add virtio forwardin
       [not found] <20251003192717.444490-2-dmarx@iol.unh.edu>
                   ` (9 preceding siblings ...)
  2025-10-03 20:16 ` dpdklab
@ 2025-10-03 20:16 ` dpdklab
  2025-10-03 20:21 ` dpdklab
                   ` (4 subsequent siblings)
  15 siblings, 0 replies; 16+ messages in thread
From: dpdklab @ 2025-10-03 20:16 UTC (permalink / raw)
  To: Test Report; +Cc: dpdk-test-reports

Test-Label: iol-sample-apps-testing
Test-Status: SUCCESS
http://dpdk.org/patch/157269

_Testing PASS_

Submitter: Dean Marx <dmarx@iol.unh.edu>
Date: Friday, October 03 2025 19:27:16 
DPDK git baseline: Repo:dpdk-next-dts
  Branch: master
  CommitID:b71d7bdf2b663f9fedc1d344b81a8cf65518026c

157268-157269 --> testing pass

Upstream job id: ACVP-FIPS-testing#11317

Test environment and result as below:

+--------------+----------------------+----------------------+
| Environment  | dpdk_fips_validation | compressdev_zlib_pmd |
+==============+======================+======================+
| Ubuntu 20.04 | PASS                 | SKIPPED              |
+--------------+----------------------+----------------------+
| Ubuntu 22.04 | SKIPPED              | PASS                 |
+--------------+----------------------+----------------------+


Ubuntu 20.04
	Kernel: 5.15
	Compiler: gcc gcc (Ubuntu 9.4.0-1ubuntu1~20.04.2) 9.4.0

Ubuntu 22.04
	Kernel: 5.15
	Compiler: gcc gcc (Ubuntu 11.4.0-1ubuntu1~22.04.2) 11.4.0

To view detailed results, visit:
https://lab.dpdk.org/results/dashboard/patchsets/34213/

UNH-IOL DPDK Community Lab

To manage your email subscriptions, visit: 
https://lab.dpdk.org/results/dashboard/preferences/subscriptions/

^ permalink raw reply	[flat|nested] 16+ messages in thread

* |SUCCESS| pw157268-157269 [PATCH] [v2,2/2] dts: add virtio forwardin
       [not found] <20251003192717.444490-2-dmarx@iol.unh.edu>
                   ` (10 preceding siblings ...)
  2025-10-03 20:16 ` dpdklab
@ 2025-10-03 20:21 ` dpdklab
  2025-10-03 20:33 ` dpdklab
                   ` (3 subsequent siblings)
  15 siblings, 0 replies; 16+ messages in thread
From: dpdklab @ 2025-10-03 20:21 UTC (permalink / raw)
  To: Test Report; +Cc: dpdk-test-reports

Test-Label: iol-compile-amd64-testing
Test-Status: SUCCESS
http://dpdk.org/patch/157269

_Testing PASS_

Submitter: Dean Marx <dmarx@iol.unh.edu>
Date: Friday, October 03 2025 19:27:16 
DPDK git baseline: Repo:dpdk-next-dts
  Branch: master
  CommitID:b71d7bdf2b663f9fedc1d344b81a8cf65518026c

157268-157269 --> testing pass

Upstream job id: Windows-Compile-DPDK-Native#31408

Test environment and result as below:

+---------------------+--------------------+-------------------------+-------------------+----------------------+
|     Environment     | dpdk_meson_compile | dpdk_llvm_clang_compile | dpdk_msvc_compile | dpdk_mingw64_compile |
+=====================+====================+=========================+===================+======================+
| Ubuntu 20.04        | PASS               | SKIPPED                 | SKIPPED           | SKIPPED              |
+---------------------+--------------------+-------------------------+-------------------+----------------------+
| FreeBSD 14.2        | PASS               | SKIPPED                 | SKIPPED           | SKIPPED              |
+---------------------+--------------------+-------------------------+-------------------+----------------------+
| Windows Server 2022 | SKIPPED            | PASS                    | PASS              | PASS                 |
+---------------------+--------------------+-------------------------+-------------------+----------------------+


Ubuntu 20.04
	Kernel: 4.19
	Compiler: gcc gcc (Ubuntu 9.4.0-1ubuntu1~20.04.2) 9.4.0

FreeBSD 14.2
	Kernel: 14.2-RELEASE
	Compiler: clang 18.1.6

Windows Server 2022
	Kernel: 10.0.20348.2031
	Compiler: clang 15.0.7, gcc 14.1.0 (MinGW), and MSVC VS 19.39.33521

To view detailed results, visit:
https://lab.dpdk.org/results/dashboard/patchsets/34213/

UNH-IOL DPDK Community Lab

To manage your email subscriptions, visit: 
https://lab.dpdk.org/results/dashboard/preferences/subscriptions/

^ permalink raw reply	[flat|nested] 16+ messages in thread

* |SUCCESS| pw157268-157269 [PATCH] [v2,2/2] dts: add virtio forwardin
       [not found] <20251003192717.444490-2-dmarx@iol.unh.edu>
                   ` (11 preceding siblings ...)
  2025-10-03 20:21 ` dpdklab
@ 2025-10-03 20:33 ` dpdklab
  2025-10-03 20:34 ` dpdklab
                   ` (2 subsequent siblings)
  15 siblings, 0 replies; 16+ messages in thread
From: dpdklab @ 2025-10-03 20:33 UTC (permalink / raw)
  To: Test Report; +Cc: dpdk-test-reports

Test-Label: iol-sample-apps-testing
Test-Status: SUCCESS
http://dpdk.org/patch/157269

_Testing PASS_

Submitter: Dean Marx <dmarx@iol.unh.edu>
Date: Friday, October 03 2025 19:27:16 
DPDK git baseline: Repo:dpdk-next-dts
  Branch: master
  CommitID:b71d7bdf2b663f9fedc1d344b81a8cf65518026c

157268-157269 --> testing pass

Upstream job id: Template-DTS-Pipeline#247759

Test environment and result as below:

+--------------+----------------------+----------------------+
| Environment  | dpdk_fips_validation | compressdev_zlib_pmd |
+==============+======================+======================+
| Ubuntu 20.04 | PASS                 | SKIPPED              |
+--------------+----------------------+----------------------+
| Ubuntu 22.04 | SKIPPED              | PASS                 |
+--------------+----------------------+----------------------+


Ubuntu 20.04
	Kernel: 5.15
	Compiler: gcc gcc (Ubuntu 9.4.0-1ubuntu1~20.04.2) 9.4.0

Ubuntu 22.04
	Kernel: 5.15
	Compiler: gcc gcc (Ubuntu 11.4.0-1ubuntu1~22.04.2) 11.4.0

To view detailed results, visit:
https://lab.dpdk.org/results/dashboard/patchsets/34213/

UNH-IOL DPDK Community Lab

To manage your email subscriptions, visit: 
https://lab.dpdk.org/results/dashboard/preferences/subscriptions/

^ permalink raw reply	[flat|nested] 16+ messages in thread

* |SUCCESS| pw157268-157269 [PATCH] [v2,2/2] dts: add virtio forwardin
       [not found] <20251003192717.444490-2-dmarx@iol.unh.edu>
                   ` (12 preceding siblings ...)
  2025-10-03 20:33 ` dpdklab
@ 2025-10-03 20:34 ` dpdklab
  2025-10-03 20:44 ` dpdklab
  2025-10-03 20:59 ` dpdklab
  15 siblings, 0 replies; 16+ messages in thread
From: dpdklab @ 2025-10-03 20:34 UTC (permalink / raw)
  To: Test Report; +Cc: dpdk-test-reports

Test-Label: iol-unit-amd64-testing
Test-Status: SUCCESS
http://dpdk.org/patch/157269

_Testing PASS_

Submitter: Dean Marx <dmarx@iol.unh.edu>
Date: Friday, October 03 2025 19:27:16 
DPDK git baseline: Repo:dpdk-next-dts
  Branch: master
  CommitID:b71d7bdf2b663f9fedc1d344b81a8cf65518026c

157268-157269 --> testing pass

Upstream job id: Generic-Unit-Test-DPDK#378344

Test environment and result as below:

+-------------------------------+----------------+
|          Environment          | dpdk_unit_test |
+===============================+================+
| CentOS Stream 9               | PASS           |
+-------------------------------+----------------+
| CentOS Stream 10              | PASS           |
+-------------------------------+----------------+
| Debian GNU/Linux 12           | PASS           |
+-------------------------------+----------------+
| Fedora Linux 40               | PASS           |
+-------------------------------+----------------+
| Fedora Linux 41               | PASS           |
+-------------------------------+----------------+
| Windows Server 2022           | PASS           |
+-------------------------------+----------------+
| Fedora Linux 42               | PASS           |
+-------------------------------+----------------+
| Red Hat Enterprise Linux 9.5  | PASS           |
+-------------------------------+----------------+
| Red Hat Enterprise Linux 8.10 | PASS           |
+-------------------------------+----------------+
| Ubuntu 20.04                  | PASS           |
+-------------------------------+----------------+
| Ubuntu 22.04                  | PASS           |
+-------------------------------+----------------+
| Ubuntu 24.04                  | PASS           |
+-------------------------------+----------------+


CentOS Stream 9
	Kernel: 5.15
	Compiler: gcc gcc (GCC) 11.5.0 20240719 (Red Hat 11.5.0-11)

CentOS Stream 10
	Kernel: 5.15
	Compiler: gcc gcc (GCC) 14.2.1 20250110 (Red Hat 14.2.1-8)

Debian GNU/Linux 12
	Kernel: 5.15
	Compiler: gcc gcc (Debian 12.2.0-14+deb12u1) 12.2.0

Fedora Linux 40
	Kernel: 5.15
	Compiler: gcc gcc (GCC) 14.2.1 20240912 (Red Hat 14.2.1-3)

Fedora Linux 41
	Kernel: 5.15
	Compiler: gcc gcc (GCC) 14.3.1 20250523 (Red Hat 14.3.1-1)

Windows Server 2022
	Kernel: 10.0.20348.2031
	Compiler: clang 15.0.7, gcc 14.1.0 (MinGW), and MSVC VS 19.39.33521

Fedora Linux 42
	Kernel: 5.15
	Compiler: gcc gcc (GCC) 15.2.1 20250808 (Red Hat 15.2.1-1)

Red Hat Enterprise Linux 9.5
	Kernel: 5.15
	Compiler: gcc gcc (GCC) 11.5.0 20240719 (Red Hat 11.5.0-2)

Red Hat Enterprise Linux 8.10
	Kernel: 5.15
	Compiler: gcc gcc (GCC) 8.5.0 20210514 (Red Hat 8.5.0-22)

Ubuntu 20.04
	Kernel: 5.15
	Compiler: gcc gcc (Ubuntu 9.4.0-1ubuntu1~20.04.2) 9.4.0

Ubuntu 22.04
	Kernel: 5.15
	Compiler: gcc gcc (Ubuntu 11.4.0-1ubuntu1~22.04) 11.4.0

Ubuntu 24.04
	Kernel: 5.15
	Compiler: gcc gcc (Ubuntu 13.3.0-6ubuntu2~24.04) 13.3.0

To view detailed results, visit:
https://lab.dpdk.org/results/dashboard/patchsets/34213/

UNH-IOL DPDK Community Lab

To manage your email subscriptions, visit: 
https://lab.dpdk.org/results/dashboard/preferences/subscriptions/

^ permalink raw reply	[flat|nested] 16+ messages in thread

* |SUCCESS| pw157268-157269 [PATCH] [v2,2/2] dts: add virtio forwardin
       [not found] <20251003192717.444490-2-dmarx@iol.unh.edu>
                   ` (13 preceding siblings ...)
  2025-10-03 20:34 ` dpdklab
@ 2025-10-03 20:44 ` dpdklab
  2025-10-03 20:59 ` dpdklab
  15 siblings, 0 replies; 16+ messages in thread
From: dpdklab @ 2025-10-03 20:44 UTC (permalink / raw)
  To: Test Report; +Cc: dpdk-test-reports

Test-Label: iol-intel-Functional
Test-Status: SUCCESS
http://dpdk.org/patch/157269

_Functional Testing PASS_

Submitter: Dean Marx <dmarx@iol.unh.edu>
Date: Friday, October 03 2025 19:27:16 
DPDK git baseline: Repo:dpdk-next-dts
  Branch: master
  CommitID:b71d7bdf2b663f9fedc1d344b81a8cf65518026c

157268-157269 --> functional testing pass

Upstream job id: Template-DTS-Pipeline#247755

Test environment and result as below:

Ubuntu 24.04 LTS
Kernel: 6.8.0-44-generic
Compiler: gcc 13.2.0
NIC: Intel Corporation Ethernet Controller XL710 for 40GbE QSFP+ 40 Mbps

Aggregate Results by Test Suite
+--------------------+--------+
|     Test Suite     | Result |
+====================+========+
| blocklist          |  PASS  |
+--------------------+--------+
| promisc_support    |  PASS  |
+--------------------+--------+
| uni_pkt            |  PASS  |
+--------------------+--------+
| dynamic_config     |  PASS  |
+--------------------+--------+
| dynamic_queue_conf |  PASS  |
+--------------------+--------+
| hello_world        |  PASS  |
+--------------------+--------+
| l2fwd              |  PASS  |
+--------------------+--------+
| softnic            |  PASS  |
+--------------------+--------+
| vlan               |  PASS  |
+--------------------+--------+


Ubuntu 24.04
Kernel: 6.8
Compiler: gcc gcc (Ubuntu 13.3.0-6ubuntu2~24.04) 13.3.0
NIC: Intel Corporation 4xxx Series QAT 0 Mbps

Aggregate Results by Test Suite
+----------------------------+--------+
|         Test Suite         | Result |
+============================+========+
| crypto_perf_cryptodev_perf |  PASS  |
+----------------------------+--------+


Ubuntu 20.04
Kernel: 5.4
Compiler: gcc gcc (Ubuntu 9.4.0-1ubuntu1~20.04.1) 9.4.0
NIC: Intel Corporation Ethernet Converged Network Adapter XL710-QDA2 40000 Mbps

Aggregate Results by Test Suite
+-----------------------------+--------+
|         Test Suite          | Result |
+=============================+========+
| unit_tests_mbuf             |  PASS  |
+-----------------------------+--------+
| vhost_virtio_user_interrupt |  PASS  |
+-----------------------------+--------+
| virtio_smoke                |  PASS  |
+-----------------------------+--------+


To view detailed results, visit:
https://lab.dpdk.org/results/dashboard/patchsets/34213/

UNH-IOL DPDK Community Lab

To manage your email subscriptions, visit: 
https://lab.dpdk.org/results/dashboard/preferences/subscriptions/

^ permalink raw reply	[flat|nested] 16+ messages in thread

* |SUCCESS| pw157268-157269 [PATCH] [v2,2/2] dts: add virtio forwardin
       [not found] <20251003192717.444490-2-dmarx@iol.unh.edu>
                   ` (14 preceding siblings ...)
  2025-10-03 20:44 ` dpdklab
@ 2025-10-03 20:59 ` dpdklab
  15 siblings, 0 replies; 16+ messages in thread
From: dpdklab @ 2025-10-03 20:59 UTC (permalink / raw)
  To: Test Report; +Cc: dpdk-test-reports

Test-Label: iol-intel-Functional
Test-Status: SUCCESS
http://dpdk.org/patch/157269

_Functional Testing PASS_

Submitter: Dean Marx <dmarx@iol.unh.edu>
Date: Friday, October 03 2025 19:27:16 
DPDK git baseline: Repo:dpdk-next-dts
  Branch: master
  CommitID:b71d7bdf2b663f9fedc1d344b81a8cf65518026c

157268-157269 --> functional testing pass

Upstream job id: Template-DTS-Pipeline#247757

Test environment and result as below:

Ubuntu 24.04 LTS
Kernel: 6.8.0-44-generic
Compiler: gcc 13.2.0
NIC: Intel Corporation Ethernet Controller XL710 for 40GbE QSFP+ 40 Mbps

Aggregate Results by Test Suite
+--------------------+--------+
|     Test Suite     | Result |
+====================+========+
| blocklist          |  PASS  |
+--------------------+--------+
| promisc_support    |  PASS  |
+--------------------+--------+
| uni_pkt            |  PASS  |
+--------------------+--------+
| dynamic_config     |  PASS  |
+--------------------+--------+
| dynamic_queue_conf |  PASS  |
+--------------------+--------+
| hello_world        |  PASS  |
+--------------------+--------+
| l2fwd              |  PASS  |
+--------------------+--------+
| softnic            |  PASS  |
+--------------------+--------+
| vlan               |  PASS  |
+--------------------+--------+


Ubuntu 24.04
Kernel: 6.8
Compiler: gcc gcc (Ubuntu 13.3.0-6ubuntu2~24.04) 13.3.0
NIC: Intel Corporation 4xxx Series QAT 0 Mbps

Aggregate Results by Test Suite
+----------------------------+--------+
|         Test Suite         | Result |
+============================+========+
| crypto_perf_cryptodev_perf |  PASS  |
+----------------------------+--------+


Ubuntu 22.04
Kernel: 5.15
Compiler: gcc gcc (Ubuntu 11.4.0-1ubuntu1~22.04.2) 11.4.0
NIC: Intel Corporation QAT 8970 0 Mbps

Aggregate Results by Test Suite
+----------------------------+--------+
|         Test Suite         | Result |
+============================+========+
| crypto_perf_cryptodev_perf |  PASS  |
+----------------------------+--------+


Ubuntu 20.04
Kernel: 5.4
Compiler: gcc gcc (Ubuntu 9.4.0-1ubuntu1~20.04.1) 9.4.0
NIC: Intel Corporation Ethernet Converged Network Adapter XL710-QDA2 40000 Mbps

Aggregate Results by Test Suite
+-----------------------------+--------+
|         Test Suite          | Result |
+=============================+========+
| unit_tests_mbuf             |  PASS  |
+-----------------------------+--------+
| vhost_virtio_user_interrupt |  PASS  |
+-----------------------------+--------+
| virtio_smoke                |  PASS  |
+-----------------------------+--------+


To view detailed results, visit:
https://lab.dpdk.org/results/dashboard/patchsets/34213/

UNH-IOL DPDK Community Lab

To manage your email subscriptions, visit: 
https://lab.dpdk.org/results/dashboard/preferences/subscriptions/

^ permalink raw reply	[flat|nested] 16+ messages in thread

end of thread, other threads:[~2025-10-03 20:59 UTC | newest]

Thread overview: 16+ messages (download: mbox.gz / follow: Atom feed)
-- links below jump to the message on this page --
     [not found] <20251003192717.444490-2-dmarx@iol.unh.edu>
2025-10-03 19:29 ` |SUCCESS| pw157269 [PATCH v2 2/2] dts: add virtio forwarding test suite checkpatch
2025-10-03 19:47 ` |FAILURE| pw157268-157269 [PATCH] [v2,2/2] dts: add virtio forwardin dpdklab
2025-10-03 19:50 ` |PENDING| " dpdklab
2025-10-03 19:53 ` |SUCCESS| " dpdklab
2025-10-03 19:57 ` |PENDING| " dpdklab
2025-10-03 19:58 ` |SUCCESS| " dpdklab
2025-10-03 19:59 ` |PENDING| " dpdklab
2025-10-03 20:02 ` dpdklab
2025-10-03 20:12 ` |SUCCESS| " dpdklab
2025-10-03 20:16 ` dpdklab
2025-10-03 20:16 ` dpdklab
2025-10-03 20:21 ` dpdklab
2025-10-03 20:33 ` dpdklab
2025-10-03 20:34 ` dpdklab
2025-10-03 20:44 ` dpdklab
2025-10-03 20:59 ` dpdklab

This is a public inbox, see mirroring instructions
for how to clone and mirror all data and code used for this inbox;
as well as URLs for NNTP newsgroup(s).