From mboxrd@z Thu Jan 1 00:00:00 1970 Return-Path: Received: from mails.dpdk.org (mails.dpdk.org [217.70.189.124]) by inbox.dpdk.org (Postfix) with ESMTP id 44D1C488A3 for ; Sat, 4 Oct 2025 03:04:51 +0200 (CEST) Received: from mails.dpdk.org (localhost [127.0.0.1]) by mails.dpdk.org (Postfix) with ESMTP id 142F64014F; Sat, 4 Oct 2025 03:04:51 +0200 (CEST) Received: from mail-vk1-f227.google.com (mail-vk1-f227.google.com [209.85.221.227]) by mails.dpdk.org (Postfix) with ESMTP id 135924014F for ; Sat, 4 Oct 2025 03:04:50 +0200 (CEST) Received: by mail-vk1-f227.google.com with SMTP id 71dfb90a1353d-54bc6356624so2926154e0c.1 for ; Fri, 03 Oct 2025 18:04:49 -0700 (PDT) DKIM-Signature: v=1; a=rsa-sha256; c=relaxed/relaxed; d=iol.unh.edu; s=unh-iol; t=1759539889; x=1760144689; darn=dpdk.org; h=references:in-reply-to:cc:to:from:subject:message-id:date:from:to :cc:subject:date:message-id:reply-to; bh=nEoR2kbV+hFOmFjpLcjoPRDUap/ZqTtC7JlDmChxBb4=; b=LM52qBFY90qtM316ulEnOGqDf7YLnwr7clRY6qR7+v/PWsj8w3psg1+e4J8XgEzbkO gQGiUW61L+EZ51Yqfy0vbbBmQHN3CINb/MTn7wPmtaPaNwjQJWs1vLRSp1qiq6XfipxD niCHvxpf8VZJMN7vpoA2OGNUnGDg+XLPUf3uk= X-Google-DKIM-Signature: v=1; a=rsa-sha256; c=relaxed/relaxed; d=1e100.net; s=20230601; t=1759539889; x=1760144689; h=references:in-reply-to:cc:to:from:subject:message-id:date :x-gm-message-state:from:to:cc:subject:date:message-id:reply-to; bh=nEoR2kbV+hFOmFjpLcjoPRDUap/ZqTtC7JlDmChxBb4=; b=KpmPnF6gUS13ZMxzXND2WSYPhRudyjqBuj0AVuw7STvdE33J/VTCQrKYqBPWDs+Bvb 0iIQZCI5rx/JVQvoQ9AFP1u9yeCPJFsUU4iDBcFIxSPjVbo4KqMSiCCg0n0Jh/zfLWW9 W94Jd57S3/C+dICwegYHOAAxoxG4rCIs9oEKVCtPc3o7tdqGjk5IwcQyg2d1tLQA1bQn Ix6Y2Yi+Gq3ctclDQJd5SPdMOf8tvDWXJJLktfM+wBSvtmAOw1ZKMNV6qTeyJGyQBuXa /D+Z/9xUqiBp9o7L7RQphYCIi85T+DUf+Lpt9EsNFz4So4Q+tEg8tvvd+G9V8YS10hdK cFXQ== X-Gm-Message-State: AOJu0YwScLUQTkckxvSWS1ST7Jz/0nxnasXFaDOd5pFfjmYAWy0LbHDt qB4ibjX/6fASu4kAK6tdT6It4AdoVhfsRs+6mKOtDLO3+roiBLrpia2Sk0+NG180ygL0fg7GZiv Qmvml2UewkNkCcq2LgWKfXEMViVLj/HUY3I83mZSS3F991RAXxNfGOhFibao7 X-Gm-Gg: ASbGncuXBSmB35sBwHiFG4Zz30ufzMN3Qy2YFxReHHYcmNwMcmLWb7zSPlfPtzYs5EV FxJh7/KOAu/m81I3kKY/iK4sT5OJHpvTX3kpGdioVoZKTijReCTIPD7FQkg7rUSl+boSHSFU0HO 7IoT9EyQsJ/8A30eUlDe8J/MHSIHK+gbxC6fi4S4LVJR/3AhkNy78fyxBbOseYD+hAhsf2VY2dP H4v5PG3wMY2IsNZuX0xv0453228t8k2g5Yvb7qIqUqdiN1ndvLWwdO2MBXbgXilEjrlvmufOPsd 7wKqLZXzOs4bqMevyEE2R4/FpiJ7flxo+9TcpPg2XaULHrhHjr8Gevs= X-Google-Smtp-Source: AGHT+IGbCWWRWTlyhqBQvKMRp1PY7Shuprotx57mkIhCWEL0bQvLXMEwlt3KvAmCTmaA+wPrmc4tAogak+oU X-Received: by 2002:a05:6122:2018:b0:54a:a3b1:db63 with SMTP id 71dfb90a1353d-5524d8f7d40mr2471396e0c.6.1759539889354; Fri, 03 Oct 2025 18:04:49 -0700 (PDT) Received: from postal.iol.unh.edu (postal.iol.unh.edu. [2606:4100:3880:1234::84]) by smtp-relay.gmail.com with ESMTPS id 71dfb90a1353d-5523cffea47sm539043e0c.4.2025.10.03.18.04.49 (version=TLS1_2 cipher=ECDHE-ECDSA-AES128-GCM-SHA256 bits=128/128); Fri, 03 Oct 2025 18:04:49 -0700 (PDT) X-Relaying-Domain: iol.unh.edu Date: Fri, 03 Oct 2025 18:04:49 -0700 (PDT) Message-ID: <68e072b1.050a0220.2ac891.0e08SMTPIN_ADDED_MISSING@mx.google.com> Received: from [172.21.0.2] (unknown [172.18.0.240]) by postal.iol.unh.edu (Postfix) with ESMTP id F17FB6051830; Fri, 3 Oct 2025 21:04:48 -0400 (EDT) Subject: |FAILURE| pw157229 [PATCH] app/crypto-perf: add ECDSA P192/P224/P521 From: dpdklab@iol.unh.edu To: Test Report Cc: dpdk-test-reports@iol.unh.edu, Akhil Goyal , Rupesh Chiluka In-Reply-To: <20251003034233.2964182-1-rchiluka@marvell.com> References: <20251003034233.2964182-1-rchiluka@marvell.com> Content-Type: text/plain X-BeenThere: test-report@dpdk.org X-Mailman-Version: 2.1.29 Precedence: list List-Id: automatic DPDK test reports List-Unsubscribe: , List-Archive: List-Post: List-Help: List-Subscribe: , Errors-To: test-report-bounces@dpdk.org Test-Label: iol-unit-arm64-testing Test-Status: FAILURE http://dpdk.org/patch/157229 _Testing issues_ Submitter: Rupesh Chiluka Date: Friday, October 03 2025 03:42:33 DPDK git baseline: Repo:dpdk-next-crypto Branch: master CommitID:caa17cb4b057a31ee04067459fe543f7d7ae1079 157229 --> testing issues Upstream job id: Generic-Unit-Test-DPDK#378066 Test environment and result as below: +------------------------------+----------------+--------------+------------------------------+---------------------------+ | Environment | dpdk_unit_test | lpm_autotest | cryptodev_sw_snow3g_autotest | cryptodev_sw_zuc_autotest | +==============================+================+==============+==============================+===========================+ | CentOS Stream 10 | PEND | SKIPPED | SKIPPED | SKIPPED | +------------------------------+----------------+--------------+------------------------------+---------------------------+ | CentOS Stream 9 | PEND | SKIPPED | SKIPPED | SKIPPED | +------------------------------+----------------+--------------+------------------------------+---------------------------+ | Debian GNU/Linux 12 | PEND | SKIPPED | SKIPPED | SKIPPED | +------------------------------+----------------+--------------+------------------------------+---------------------------+ | Fedora Linux 40 | PEND | SKIPPED | SKIPPED | SKIPPED | +------------------------------+----------------+--------------+------------------------------+---------------------------+ | Fedora Linux 41 | PEND | SKIPPED | SKIPPED | SKIPPED | +------------------------------+----------------+--------------+------------------------------+---------------------------+ | Fedora Linux 42 | PEND | SKIPPED | SKIPPED | SKIPPED | +------------------------------+----------------+--------------+------------------------------+---------------------------+ | Ubuntu 20.04 | PEND | PASS | SKIPPED | SKIPPED | +------------------------------+----------------+--------------+------------------------------+---------------------------+ | Red Hat Enterprise Linux 9.5 | PEND | SKIPPED | SKIPPED | SKIPPED | +------------------------------+----------------+--------------+------------------------------+---------------------------+ | Ubuntu 22.04 | PASS | SKIPPED | SKIPPED | SKIPPED | +------------------------------+----------------+--------------+------------------------------+---------------------------+ | Ubuntu 24.04 | PEND | SKIPPED | SKIPPED | SKIPPED | +------------------------------+----------------+--------------+------------------------------+---------------------------+ | Debian 12 (arm) | SKIPPED | SKIPPED | WARN | PEND | +------------------------------+----------------+--------------+------------------------------+---------------------------+ ==== 20 line log output for Debian 12 (arm) (cryptodev_sw_snow3g_autotest): ==== ../app/test-crypto-perf/main.c:426:33: error: enumeration value 'CPERF_CIPHER_ONLY' not handled in switch [-Werror=switch] 426 | switch (opts->op_type) { | ^~~~~~ ../app/test-crypto-perf/main.c:426:33: error: enumeration value 'CPERF_AUTH_ONLY' not handled in switch [-Werror=switch] ../app/test-crypto-perf/main.c:426:33: error: enumeration value 'CPERF_CIPHER_THEN_AUTH' not handled in switch [-Werror=switch] ../app/test-crypto-perf/main.c:426:33: error: enumeration value 'CPERF_AUTH_THEN_CIPHER' not handled in switch [-Werror=switch] ../app/test-crypto-perf/main.c:426:33: error: enumeration value 'CPERF_AEAD' not handled in switch [-Werror=switch] ../app/test-crypto-perf/main.c:426:33: error: enumeration value 'CPERF_PDCP' not handled in switch [-Werror=switch] ../app/test-crypto-perf/main.c:426:33: error: enumeration value 'CPERF_DOCSIS' not handled in switch [-Werror=switch] ../app/test-crypto-perf/main.c:426:33: error: enumeration value 'CPERF_IPSEC' not handled in switch [-Werror=switch] ../app/test-crypto-perf/main.c:426:33: error: enumeration value 'CPERF_ASYM_MODEX' not handled in switch [-Werror=switch] ../app/test-crypto-perf/main.c:426:33: error: enumeration value 'CPERF_ASYM_RSA' not handled in switch [-Werror=switch] ../app/test-crypto-perf/main.c:426:33: error: enumeration value 'CPERF_ASYM_ED25519' not handled in switch [-Werror=switch] ../app/test-crypto-perf/main.c:426:33: error: enumeration value 'CPERF_ASYM_SM2' not handled in switch [-Werror=switch] ../app/test-crypto-perf/main.c:426:33: error: enumeration value 'CPERF_TLS' not handled in switch [-Werror=switch] cc1: all warnings being treated as errors [3500/3763] Linking target app/dpdk-test-dma-perf [3501/3763] Linking target app/dpdk-test-fib [3502/3763] Linking target app/dpdk-test-eventdev ninja: build stopped: subcommand failed. ==== End log output ==== CentOS Stream 10 Kernel: 5.4 Compiler: gcc gcc (GCC) 14.2.1 20250110 (Red Hat 14.2.1-8) CentOS Stream 9 Kernel: 5.4 Compiler: gcc gcc (GCC) 11.5.0 20240719 (Red Hat 11.5.0-11) Debian GNU/Linux 12 Kernel: 5.4 Compiler: gcc gcc (Debian 12.2.0-14+deb12u1) 12.2.0 Fedora Linux 40 Kernel: 5.4 Compiler: gcc gcc (GCC) 14.2.1 20240912 (Red Hat 14.2.1-3) Fedora Linux 41 Kernel: 5.4 Compiler: gcc gcc (GCC) 14.3.1 20250523 (Red Hat 14.3.1-1) Fedora Linux 42 Kernel: 5.4 Compiler: gcc gcc (GCC) 15.2.1 20250808 (Red Hat 15.2.1-1) Ubuntu 20.04 Kernel: 5.4 Compiler: gcc gcc (Ubuntu 9.4.0-1ubuntu1~20.04.2) 9.4.0 Red Hat Enterprise Linux 9.5 Kernel: 5.4 Compiler: gcc gcc (GCC) 11.5.0 20240719 (Red Hat 11.5.0-2) Ubuntu 22.04 Kernel: 5.4 Compiler: gcc gcc (Ubuntu 11.4.0-1ubuntu1~22.04) 11.4.0 Ubuntu 24.04 Kernel: 5.4 Compiler: gcc gcc (Ubuntu 13.3.0-6ubuntu2~24.04) 13.3.0 Debian 12 (arm) Kernel: Depends on container host Compiler: gcc (Debian 12.2.0-14) 12.2.0 To view detailed results, visit: https://lab.dpdk.org/results/dashboard/patchsets/34203/ UNH-IOL DPDK Community Lab To manage your email subscriptions, visit: https://lab.dpdk.org/results/dashboard/preferences/subscriptions/