From mboxrd@z Thu Jan 1 00:00:00 1970 Return-Path: Received: from mails.dpdk.org (mails.dpdk.org [217.70.189.124]) by inbox.dpdk.org (Postfix) with ESMTP id 89DA4488A6 for ; Sat, 4 Oct 2025 06:42:40 +0200 (CEST) Received: from mails.dpdk.org (localhost [127.0.0.1]) by mails.dpdk.org (Postfix) with ESMTP id 84A024014F; Sat, 4 Oct 2025 06:42:40 +0200 (CEST) Received: from mail-il1-f227.google.com (mail-il1-f227.google.com [209.85.166.227]) by mails.dpdk.org (Postfix) with ESMTP id 45CCF4014F for ; Sat, 4 Oct 2025 06:42:39 +0200 (CEST) Received: by mail-il1-f227.google.com with SMTP id e9e14a558f8ab-42571b8abbaso27657725ab.0 for ; Fri, 03 Oct 2025 21:42:39 -0700 (PDT) DKIM-Signature: v=1; a=rsa-sha256; c=relaxed/relaxed; d=iol.unh.edu; s=unh-iol; t=1759552958; x=1760157758; darn=dpdk.org; h=cc:to:from:subject:message-id:date:from:to:cc:subject:date :message-id:reply-to; bh=KFWxWcgmUFPryLa6agdGwuQ3v9h0dt6rdRBDEQf0meA=; b=PxiyCeUp1BjOJSTX6WO2rSq5XEdxNyepOtgXpKlM9Id+YyzzWIwhUR+EpoJFYth7E7 Tof7P7DdzJKmiMmpAsuLhGw3dLHP0ByeHV/1KGRY2PgisgBJpozqU22cJbTu94sbHH0J iqL4YOid0e1XQ0zJwlcYoy3HcfmdnNmKNcAn0= X-Google-DKIM-Signature: v=1; a=rsa-sha256; c=relaxed/relaxed; d=1e100.net; s=20230601; t=1759552958; x=1760157758; h=cc:to:from:subject:message-id:date:x-gm-message-state:from:to:cc :subject:date:message-id:reply-to; bh=KFWxWcgmUFPryLa6agdGwuQ3v9h0dt6rdRBDEQf0meA=; b=jf5PCbxB8bOe3EZbENi/zVNCM2oVNRZ5SxAHrTBM1uWKhLUMJoAouuAfolfx4tKtoZ P03BTMqib/vxS/vBXRSEFlRjn5xd9z9e6fBLhwNtGL22tG7SYCQaxMM4FVjWs6IMksl4 dmmkxvYBO8qzzBUn0BQntqqF3hrw9ep8NfjYgi4ZMW8hTpmGxD4hILizXv5nawDBOn5l h+h54WAfwcfIMm1Q9OwU92PCLVhYNbc1720DO9s79cmkqgfEH9HSXQOxlPq8M5gNhqgf URgP/wPTkdfyJrHzMNymm+QuGhEnP8MVmPma+Uwi8bRI5Jq0i8swF6NNsd0mRqByo9L7 HkOg== X-Gm-Message-State: AOJu0Yz/hfXGsEJSckbwHNyGjbdojFrQOzgldkfiJhGGYXc59TnAOyMk JSW/4H8Dm+VMP6Cj2DE/pULmgOqTnqXtkn02dTqIxEjj/FgeHMvziYCoZOhCkTpZdMSGaIdXf3A m/MNI22q1jeAMuNvepImFUtI44ehFztnbfyO2lj1tE0xJaBbT5cOz X-Gm-Gg: ASbGncudjkgeLiMWOAmpIqag7Azj4AzEtvVnruzjKkCWXkxSoE4QFVQXnZ5cJlKOtKt KAZwvcHYE35lgAx2S2F1cvOs2iJkdSCG5E0gqUMlT49JZvoXuomwgOaPV0Dlh+QHTnjAgkGoZOz R2wNYK5UB+lgeZNvWe9ySfNrg8lFCLZlmC6ymg+/p/V56zLYd2+D7jnzi1Er31fr35fV8htypUu b9WhUU0glfN3E+I5a+qOS2ELJAWguF+AGJJ++pk6MSodCc3AX9DnVD3Sjj7KoghN7/0oYL3V7c+ o2QHMuKxh5uUeds67HrzHR8LjxucfZGWPrYJJha6pFQCkeTeJPuM7ZI= X-Google-Smtp-Source: AGHT+IGRy2z4+uxfT8n/D/OUpPhWR4aYqdYM/VSPZObKswyF0NgK92monBw028YtD+ai/2Yo2b4mFN0iZvhM X-Received: by 2002:a05:6e02:3a05:b0:42e:6e47:53c8 with SMTP id e9e14a558f8ab-42e7ad83f65mr63647795ab.17.1759552958539; Fri, 03 Oct 2025 21:42:38 -0700 (PDT) Received: from postal.iol.unh.edu (postal.iol.unh.edu. [2606:4100:3880:1234::84]) by smtp-relay.gmail.com with ESMTPS id e9e14a558f8ab-42d8b279832sm4764285ab.21.2025.10.03.21.42.38 (version=TLS1_2 cipher=ECDHE-ECDSA-AES128-GCM-SHA256 bits=128/128); Fri, 03 Oct 2025 21:42:38 -0700 (PDT) X-Relaying-Domain: iol.unh.edu Date: Fri, 03 Oct 2025 21:42:38 -0700 (PDT) Message-ID: <68e0a5be.050a0220.33c1f0.d750SMTPIN_ADDED_MISSING@mx.google.com> Received: from [172.21.0.2] (unknown [172.18.0.240]) by postal.iol.unh.edu (Postfix) with ESMTP id 227B26051830; Sat, 4 Oct 2025 00:42:38 -0400 (EDT) Subject: |FAILURE| [GIT MASTER] 62f583c49bf67dd4d6733ece14e55fe6839e66d1 From: dpdklab@iol.unh.edu To: Test Report Cc: dpdk-test-reports@iol.unh.edu, Xueming Li , Christian Ehrhardt , Kevin Traynor , Luca Boccassi Content-Type: text/plain X-BeenThere: test-report@dpdk.org X-Mailman-Version: 2.1.29 Precedence: list List-Id: automatic DPDK test reports List-Unsubscribe: , List-Archive: List-Post: List-Help: List-Subscribe: , Errors-To: test-report-bounces@dpdk.org _Testing issues_ Branch: tags/v23.11 62f583c49bf67dd4d6733ece14e55fe6839e66d1 --> testing issues Upstream job id: Windows-Compile-DPDK-Native#31417 Test environment and result as below: +---------------------+--------------------+-------------------+-------------------------+ | Environment | dpdk_meson_compile | dpdk_msvc_compile | dpdk_llvm_clang_compile | +=====================+====================+===================+=========================+ | Ubuntu 20.04 | PASS | SKIPPED | SKIPPED | +---------------------+--------------------+-------------------+-------------------------+ | FreeBSD 14.2 | PASS | SKIPPED | SKIPPED | +---------------------+--------------------+-------------------+-------------------------+ | Windows Server 2022 | SKIPPED | PASS | FAIL | +---------------------+--------------------+-------------------+-------------------------+ ==== 20 line log output for Windows Server 2022 (dpdk_llvm_clang_compile): ==== Compiler for C supports arguments -mavx512f: YES (cached) Compiler for C supports arguments -mavx512bw: YES (cached) Compiler for C supports arguments -mavx512dq: YES (cached) Compiler for C supports arguments -march=skylake-avx512: YES Message: drivers/common/idpf: Defining dependency "common_idpf" Message: drivers/bus/auxiliary: Defining dependency "bus_auxiliary" Compiler for C supports arguments -Wno-cast-qual: YES (cached) Compiler for C supports arguments -Wno-pointer-arith: YES (cached) Message: drivers/bus/pci: Defining dependency "bus_pci" Message: drivers/bus/vdev: Defining dependency "bus_vdev" Compiler for C supports arguments -std=c11: YES Compiler for C supports arguments -Wno-strict-prototypes: YES Compiler for C supports arguments -D_BSD_SOURCE: YES Compiler for C supports arguments -D_DEFAULT_SOURCE: YES Compiler for C supports arguments -D_XOPEN_SOURCE=600: YES Has header "mlx5devx.h" : YES drivers\common\mlx5\windows\meson.build:10:13: ERROR: C shared or static library 'mlx5devx' not found A full log can be found at C:\Users\builder\jenkins\workspace\Windows-Compile-DPDK-Native\dpdk\build\meson-logs\meson-log.txt ==== End log output ==== Ubuntu 20.04 Kernel: 4.19 Compiler: gcc gcc (Ubuntu 9.4.0-1ubuntu1~20.04.2) 9.4.0 FreeBSD 14.2 Kernel: 14.2-RELEASE Compiler: clang 18.1.6 Windows Server 2022 Kernel: 10.0.20348.2031 Compiler: clang 15.0.7, gcc 14.1.0 (MinGW), and MSVC VS 19.39.33521 To view detailed results, visit: https://lab.dpdk.org/results/dashboard/tarballs/35106/ UNH-IOL DPDK Community Lab To manage your email subscriptions, visit: https://lab.dpdk.org/results/dashboard/preferences/subscriptions/