From mboxrd@z Thu Jan 1 00:00:00 1970 Return-Path: Received: from mails.dpdk.org (mails.dpdk.org [217.70.189.124]) by inbox.dpdk.org (Postfix) with ESMTP id 01033488A6 for ; Sat, 4 Oct 2025 06:46:40 +0200 (CEST) Received: from mails.dpdk.org (localhost [127.0.0.1]) by mails.dpdk.org (Postfix) with ESMTP id EF3A74014F; Sat, 4 Oct 2025 06:46:39 +0200 (CEST) Received: from mail-qv1-f100.google.com (mail-qv1-f100.google.com [209.85.219.100]) by mails.dpdk.org (Postfix) with ESMTP id 1290A4014F for ; Sat, 4 Oct 2025 06:46:39 +0200 (CEST) Received: by mail-qv1-f100.google.com with SMTP id 6a1803df08f44-791875a9071so28954076d6.1 for ; Fri, 03 Oct 2025 21:46:39 -0700 (PDT) DKIM-Signature: v=1; a=rsa-sha256; c=relaxed/relaxed; d=iol.unh.edu; s=unh-iol; t=1759553198; x=1760157998; darn=dpdk.org; h=cc:to:from:subject:message-id:date:from:to:cc:subject:date :message-id:reply-to; bh=WQo1Iu6VQtGvEEoJmcdI6IMAxdqJDFsE9sOOTJdV0h0=; b=D0wLrIcdkt9mNBdmCBTUSRCeDtJ/EGJEI1ZDwHgMypuyMF+vjpn1pXXqDuYG4XOPzo fTOICD8B+fPROULxYIOq3HbQ2LerLPFOyUAjrFw1GEza1NCZ+TDzfP5yO+88H5yLrNU7 3o4NmEQfDQFpZhABVuBYCNshNMIiQfD/y9T7w= X-Google-DKIM-Signature: v=1; a=rsa-sha256; c=relaxed/relaxed; d=1e100.net; s=20230601; t=1759553198; x=1760157998; h=cc:to:from:subject:message-id:date:x-gm-message-state:from:to:cc :subject:date:message-id:reply-to; bh=WQo1Iu6VQtGvEEoJmcdI6IMAxdqJDFsE9sOOTJdV0h0=; b=nAb34ZOGsy4b0A+9o+uhgcBmSdEx9QvPlXDguQAQWYk3Jvb3XLlUF2hYckKnGmmTHV ezyk/sjD4LkmhS4nc77SUAJIQsZnRQn7PN741two4gHQ+beEV+I2iiMbonVQviWB3WXG rlZ1aDlTNNPPzc+bksHorEZy46SveYZkf4iU/Ra+rmCX9vhPCKjni92//HQbM34JY5iW qHutbTT85WkbKniOnxhhVep/UvmYMNEoidFCBbefURIMOuLY6HX7yWhO02tIDawiu5pH KMfFMMXyHsLG1jmPd0R2R7+C3bQNfZ/dOip3mrOvJkNesEDFeREOkBOG3e1oW3EVW3uk Z3uw== X-Gm-Message-State: AOJu0YwAaA6C1ciKShTlDfWpB5m8jtJc0f/F35tCwt1ut3D5UX67BzSm EO0nT0mEQn9gkUMhXMZSCBGh8VJx705l3MA7nz4utGNt+o7zATu8AjgSCjbxKgS5ysbgwVyssLp ICHERuRnNrIEoHlZIIoUMDHnrjwh4tVduahRN X-Gm-Gg: ASbGncut2vICDOpgOj37XWAy5HKWpuCw9WmqeUINgCh3iigEAtFHo68wPaoJNHT3JzF 2PCdOzKn8Ah9AXurFHSbPEaS5TRezzoHgxQCLUL/hWzau3pYKXTABpwk6lFndXpwhAA5YKw0Wgw RMgr6+iyNFFeWTy8pmLGLSIcV2S+0wT9eu52y2t0pJsdQTB7L2i9BkqEfESXK7nBOaWMkRnidw5 p+MQ5+buegmg9YxsefDBsXaWvs6775GcudbG2WbFL6aFV8zWj0PL1QmRrs8P7//q5Jg7GHD7WRF Pe2hOufiTmeG18Z4AG1YMqyNvlL7kazcMzmUa2ykao0gNUk8VBVKY8+JBCeZZzeJQRi3/InZbww +7w== X-Google-Smtp-Source: AGHT+IHWPPFBfDXowyqfAEeDCH4TNZnSY10wtXpE54mhw4WW0E0+yELZzeWtGkz4vLZ8KpzQHLmFP9jLzwkI X-Received: by 2002:a05:6214:1245:b0:803:56a9:8e12 with SMTP id 6a1803df08f44-879dc87ef96mr62905236d6.59.1759553198420; Fri, 03 Oct 2025 21:46:38 -0700 (PDT) Received: from postal.iol.unh.edu (postal.iol.unh.edu. [132.177.123.84]) by smtp-relay.gmail.com with ESMTPS id 6a1803df08f44-878bda73666sm5171996d6.21.2025.10.03.21.46.38 (version=TLS1_2 cipher=ECDHE-ECDSA-AES128-GCM-SHA256 bits=128/128); Fri, 03 Oct 2025 21:46:38 -0700 (PDT) X-Relaying-Domain: iol.unh.edu Date: Fri, 03 Oct 2025 21:46:38 -0700 (PDT) Message-ID: <68e0a6ae.050a0220.26a28b.fdb0SMTPIN_ADDED_MISSING@mx.google.com> Received: from [172.21.0.2] (unknown [172.18.0.240]) by postal.iol.unh.edu (Postfix) with ESMTP id 28FB56051830; Sat, 4 Oct 2025 00:46:38 -0400 (EDT) Subject: |FAILURE| [GIT MASTER] 62f583c49bf67dd4d6733ece14e55fe6839e66d1 From: dpdklab@iol.unh.edu To: Test Report Cc: dpdk-test-reports@iol.unh.edu, Xueming Li , Christian Ehrhardt , Kevin Traynor , Luca Boccassi Content-Type: text/plain X-BeenThere: test-report@dpdk.org X-Mailman-Version: 2.1.29 Precedence: list List-Id: automatic DPDK test reports List-Unsubscribe: , List-Archive: List-Post: List-Help: List-Subscribe: , Errors-To: test-report-bounces@dpdk.org _Testing issues_ Branch: tags/v23.11 62f583c49bf67dd4d6733ece14e55fe6839e66d1 --> testing issues Upstream job id: Windows-Compile-DPDK-Native#31418 Test environment and result as below: +---------------------+--------------------+-------------------+-------------------------+----------------------+ | Environment | dpdk_meson_compile | dpdk_msvc_compile | dpdk_llvm_clang_compile | dpdk_mingw64_compile | +=====================+====================+===================+=========================+======================+ | Ubuntu 20.04 | PASS | SKIPPED | SKIPPED | SKIPPED | +---------------------+--------------------+-------------------+-------------------------+----------------------+ | FreeBSD 14.2 | PASS | SKIPPED | SKIPPED | SKIPPED | +---------------------+--------------------+-------------------+-------------------------+----------------------+ | Windows Server 2022 | SKIPPED | PASS | FAIL | PASS | +---------------------+--------------------+-------------------+-------------------------+----------------------+ ==== 20 line log output for Windows Server 2022 (dpdk_llvm_clang_compile): ==== Compiler for C supports arguments -mavx512f: YES (cached) Compiler for C supports arguments -mavx512bw: YES (cached) Compiler for C supports arguments -mavx512dq: YES (cached) Compiler for C supports arguments -march=skylake-avx512: YES Message: drivers/common/idpf: Defining dependency "common_idpf" Message: drivers/bus/auxiliary: Defining dependency "bus_auxiliary" Compiler for C supports arguments -Wno-cast-qual: YES (cached) Compiler for C supports arguments -Wno-pointer-arith: YES (cached) Message: drivers/bus/pci: Defining dependency "bus_pci" Message: drivers/bus/vdev: Defining dependency "bus_vdev" Compiler for C supports arguments -std=c11: YES Compiler for C supports arguments -Wno-strict-prototypes: YES Compiler for C supports arguments -D_BSD_SOURCE: YES Compiler for C supports arguments -D_DEFAULT_SOURCE: YES Compiler for C supports arguments -D_XOPEN_SOURCE=600: YES Has header "mlx5devx.h" : YES drivers\common\mlx5\windows\meson.build:10:13: ERROR: C shared or static library 'mlx5devx' not found A full log can be found at C:\Users\builder\jenkins\workspace\Windows-Compile-DPDK-Native\dpdk\build\meson-logs\meson-log.txt ==== End log output ==== Ubuntu 20.04 Kernel: 4.19 Compiler: gcc gcc (Ubuntu 9.4.0-1ubuntu1~20.04.2) 9.4.0 FreeBSD 14.2 Kernel: 14.2-RELEASE Compiler: clang 18.1.6 Windows Server 2022 Kernel: 10.0.20348.2031 Compiler: clang 15.0.7, gcc 14.1.0 (MinGW), and MSVC VS 19.39.33521 To view detailed results, visit: https://lab.dpdk.org/results/dashboard/tarballs/35106/ UNH-IOL DPDK Community Lab To manage your email subscriptions, visit: https://lab.dpdk.org/results/dashboard/preferences/subscriptions/