From mboxrd@z Thu Jan 1 00:00:00 1970 Return-Path: Received: from mails.dpdk.org (mails.dpdk.org [217.70.189.124]) by inbox.dpdk.org (Postfix) with ESMTP id 439CC488A6 for ; Sat, 4 Oct 2025 07:46:29 +0200 (CEST) Received: from mails.dpdk.org (localhost [127.0.0.1]) by mails.dpdk.org (Postfix) with ESMTP id 271D54014F; Sat, 4 Oct 2025 07:46:29 +0200 (CEST) Received: from mail-io1-f99.google.com (mail-io1-f99.google.com [209.85.166.99]) by mails.dpdk.org (Postfix) with ESMTP id 9B6EE4014F for ; Sat, 4 Oct 2025 07:46:28 +0200 (CEST) Received: by mail-io1-f99.google.com with SMTP id ca18e2360f4ac-9298eba27c2so127479539f.3 for ; Fri, 03 Oct 2025 22:46:28 -0700 (PDT) DKIM-Signature: v=1; a=rsa-sha256; c=relaxed/relaxed; d=iol.unh.edu; s=unh-iol; t=1759556788; x=1760161588; darn=dpdk.org; h=cc:to:from:subject:message-id:date:from:to:cc:subject:date :message-id:reply-to; bh=ZM8zhDiozXVnWt16qjeCSmoye8SHIfuUC+Rtf1wyksA=; b=WxI6hwE0ieqsU5eOHLSu4Eh8SU19iHG24zW/I5XRSjkqdyWYBr5I/k+G0qC6TUh6nY LXzG2Y+1fIP66Tfl13ndM/HDl+x0Ejg8VZYNu9gM99UaVJhBKTj7zj2gjsB4uv24jqUB fOqmxRwU6AhKg/t+5FDr8rjT/S9btCzyh7Xgo= X-Google-DKIM-Signature: v=1; a=rsa-sha256; c=relaxed/relaxed; d=1e100.net; s=20230601; t=1759556788; x=1760161588; h=cc:to:from:subject:message-id:date:x-gm-message-state:from:to:cc :subject:date:message-id:reply-to; bh=ZM8zhDiozXVnWt16qjeCSmoye8SHIfuUC+Rtf1wyksA=; b=eMq2EwNc0FVJA2kPrHbDpKE2CUZWghLcUrjHHvK99I5Mek9Z//HH7P4UWvCjgyOgi5 3pQ+4QY68iprX/i4sX1dn+5ea/H0t11e/qe76Gd/NojIoOr0gUv+gtSOrDHO9IWfv85Z HOBEbyrvlel/3NyI1Qsnpf7EYGM/h4+zFJFLmQniSvqlsOKxY9wK/BOMpYkl8gsR0NnR SZ8vno7gnPPs0jN3KvvwIyBNv9dGmU7Ja1y9IaG0fbSzsG+hoDIq9yLY1yowBdd9L4G8 Y/r/4S0JVRpMOF0CGCojYkUafB8cgGSz8oKC+VDkJAVYmT6shfhojKaZQ/NVz3B2zmU2 Ylcg== X-Gm-Message-State: AOJu0Yxr6EZ5ZbtCQPh3JujRLwUYutv6mVM2KzAWLPYpEGYpglwnxxvx kzT0ea1A0nDuM7iIO283cSaxS4s/qTVBlUnFVad2T4sL7Ra6wPGITIsueutBiHSFQhJ1pKzpvxd 7TbwjUgCn7DuqkSclKSfPKj7UHvkpo1e55K9P X-Gm-Gg: ASbGncvPdZsEntP+03hdbLR0zk6ACCrO80nlM3hGicYksM6nXngUb/2E9CSeU2LkKoO C52rRDsxy3bgUk6M0n8+krCzbrinr9czg6YyrO2+eQBUKMI84njLO1SSZ2FepN5HEGbluVzgS92 Dg9ujOoZwSOIz3KsHQZPc8KP1ibnIsvJQ56m7ltBAzxbhx4APVv03kt1qCosRdxUKZ7QmUxDS83 vvs0mVo1/mGLNLAME4q8GMCCFwKlyNL8UPlM/5farfspb5bpppfSlW/CNyJfiaiA+BGoELyzha9 mY2h78Rz3kW2rL/1b23HYOm1PrK77mmsYD4WVJCMffEPHlSPu681Ebx5khaAQlOEfxot/ayO40w x0g== X-Google-Smtp-Source: AGHT+IGrfY94uu5/tMMelEB/zDuDTuHyw8nxnrv6dJKzJcc7GYQTQO1l6k49zTMDHfAkMdRsd4Lh6dU4ixLE X-Received: by 2002:a05:6602:14d6:b0:91d:ccd0:7f04 with SMTP id ca18e2360f4ac-93b96a74a7emr700966839f.13.1759556787854; Fri, 03 Oct 2025 22:46:27 -0700 (PDT) Received: from postal.iol.unh.edu (postal.iol.unh.edu. [132.177.123.84]) by smtp-relay.gmail.com with ESMTPS id 8926c6da1cb9f-57b5eddf6ebsm517333173.46.2025.10.03.22.46.27 (version=TLS1_2 cipher=ECDHE-ECDSA-AES128-GCM-SHA256 bits=128/128); Fri, 03 Oct 2025 22:46:27 -0700 (PDT) X-Relaying-Domain: iol.unh.edu Date: Fri, 03 Oct 2025 22:46:27 -0700 (PDT) Message-ID: <68e0b4b3.050a0220.366dad.f76bSMTPIN_ADDED_MISSING@mx.google.com> Received: from [172.21.0.2] (unknown [172.18.0.240]) by postal.iol.unh.edu (Postfix) with ESMTP id 779876051830; Sat, 4 Oct 2025 01:46:27 -0400 (EDT) Subject: |FAILURE| [GIT MASTER] 62f583c49bf67dd4d6733ece14e55fe6839e66d1 From: dpdklab@iol.unh.edu To: Test Report Cc: dpdk-test-reports@iol.unh.edu, Xueming Li , Christian Ehrhardt , Kevin Traynor , Luca Boccassi Content-Type: text/plain X-BeenThere: test-report@dpdk.org X-Mailman-Version: 2.1.29 Precedence: list List-Id: automatic DPDK test reports List-Unsubscribe: , List-Archive: List-Post: List-Help: List-Subscribe: , Errors-To: test-report-bounces@dpdk.org _Testing issues_ Branch: tags/v23.11 62f583c49bf67dd4d6733ece14e55fe6839e66d1 --> testing issues Upstream job id: Generic-Unit-Test-DPDK#378508 Test environment and result as below: +-------------------------------+----------------+ | Environment | dpdk_unit_test | +===============================+================+ | CentOS Stream 9 | PASS | +-------------------------------+----------------+ | CentOS Stream 10 | PASS | +-------------------------------+----------------+ | Fedora Linux 40 | PASS | +-------------------------------+----------------+ | Debian GNU/Linux 12 | PASS | +-------------------------------+----------------+ | Fedora Linux 41 | PASS | +-------------------------------+----------------+ | Red Hat Enterprise Linux 9.5 | PASS | +-------------------------------+----------------+ | Fedora Linux 42 | PASS | +-------------------------------+----------------+ | Ubuntu 22.04 | PASS | +-------------------------------+----------------+ | Ubuntu 20.04 | PASS | +-------------------------------+----------------+ | Red Hat Enterprise Linux 8.10 | PASS | +-------------------------------+----------------+ | Ubuntu 24.04 | PASS | +-------------------------------+----------------+ | Windows Server 2022 | FAIL | +-------------------------------+----------------+ ==== Unit test summary for Windows Server 2022 (dpdk_unit_test): ==== Failed to get the unit test results. Displaying the unit test results is not supported for some environments, such as our aarch32 testing, where meson is not used to run the tests. Download the logs available on our CI site. ==== End log output ==== CentOS Stream 9 Kernel: 5.15 Compiler: gcc gcc (GCC) 11.5.0 20240719 (Red Hat 11.5.0-11) CentOS Stream 10 Kernel: 5.15 Compiler: gcc gcc (GCC) 14.2.1 20250110 (Red Hat 14.2.1-8) Fedora Linux 40 Kernel: 5.15 Compiler: gcc gcc (GCC) 14.2.1 20240912 (Red Hat 14.2.1-3) Debian GNU/Linux 12 Kernel: 5.15 Compiler: gcc gcc (Debian 12.2.0-14+deb12u1) 12.2.0 Fedora Linux 41 Kernel: 5.15 Compiler: gcc gcc (GCC) 14.3.1 20250523 (Red Hat 14.3.1-1) Red Hat Enterprise Linux 9.5 Kernel: 5.15 Compiler: gcc gcc (GCC) 11.5.0 20240719 (Red Hat 11.5.0-2) Fedora Linux 42 Kernel: 5.15 Compiler: gcc gcc (GCC) 15.2.1 20250808 (Red Hat 15.2.1-1) Ubuntu 22.04 Kernel: 5.15 Compiler: gcc gcc (Ubuntu 11.4.0-1ubuntu1~22.04) 11.4.0 Ubuntu 20.04 Kernel: 5.15 Compiler: gcc gcc (Ubuntu 9.4.0-1ubuntu1~20.04.2) 9.4.0 Red Hat Enterprise Linux 8.10 Kernel: 5.15 Compiler: gcc gcc (GCC) 8.5.0 20210514 (Red Hat 8.5.0-22) Ubuntu 24.04 Kernel: 5.15 Compiler: gcc gcc (Ubuntu 13.3.0-6ubuntu2~24.04) 13.3.0 Windows Server 2022 Kernel: 10.0.20348.2031 Compiler: clang 15.0.7, gcc 14.1.0 (MinGW), and MSVC VS 19.39.33521 To view detailed results, visit: https://lab.dpdk.org/results/dashboard/tarballs/35106/ UNH-IOL DPDK Community Lab To manage your email subscriptions, visit: https://lab.dpdk.org/results/dashboard/preferences/subscriptions/