From mboxrd@z Thu Jan 1 00:00:00 1970 Return-Path: Received: from mails.dpdk.org (mails.dpdk.org [217.70.189.124]) by inbox.dpdk.org (Postfix) with ESMTP id 3018B488A6 for ; Sat, 4 Oct 2025 07:56:14 +0200 (CEST) Received: from mails.dpdk.org (localhost [127.0.0.1]) by mails.dpdk.org (Postfix) with ESMTP id 110E34014F; Sat, 4 Oct 2025 07:56:14 +0200 (CEST) Received: from mail-oo1-f99.google.com (mail-oo1-f99.google.com [209.85.161.99]) by mails.dpdk.org (Postfix) with ESMTP id 60BD04014F for ; Sat, 4 Oct 2025 07:56:13 +0200 (CEST) Received: by mail-oo1-f99.google.com with SMTP id 006d021491bc7-64990f4dba2so1267738eaf.1 for ; Fri, 03 Oct 2025 22:56:13 -0700 (PDT) DKIM-Signature: v=1; a=rsa-sha256; c=relaxed/relaxed; d=iol.unh.edu; s=unh-iol; t=1759557372; x=1760162172; darn=dpdk.org; h=cc:to:from:subject:message-id:date:from:to:cc:subject:date :message-id:reply-to; bh=MqVUIwbkLjNNlXRvGFf/NsylzVONG8NeiHGfQpcLrsA=; b=IdFNV6SOTPIvrI5HbFYqO05GdN6z9DjYtBo6ZuIQXuC2HZKER7GL5V2pi1MZKC/rPe u6aOCa48wbipNyq0tfSRcVQdxPicLZeViEhIADJ0QcjHfq+5ZkVY/iF0YcPgMle/HaUN XAI3Cf/havWjSRrmQdfQH3EU3dwEszSjV3Vtk= X-Google-DKIM-Signature: v=1; a=rsa-sha256; c=relaxed/relaxed; d=1e100.net; s=20230601; t=1759557372; x=1760162172; h=cc:to:from:subject:message-id:date:x-gm-message-state:from:to:cc :subject:date:message-id:reply-to; bh=MqVUIwbkLjNNlXRvGFf/NsylzVONG8NeiHGfQpcLrsA=; b=dy1ooixVkfytsjUMaezedtQlw4uJ/8+fqQ9yGsQx5FUZnkYJ0uOCLmaoM1dOgoQ9kn KoiruP000L9bcOPjFGw6tHPmIuVg2aWvq1zxuN4jusVZTzrcjhP5gNrZ42DdOmwKKk1j Scu/uokRJa9H1g5W75FA62f7+RyALsnJZgogyaRmAdR2hMdWUoM2bGpnCI425gs9liLh yINIrgv6xKeVWVhnRhthn+0tKGKv6L34EA1YNVXa2QcHwbUK0twOvcJFv+kXLQBHcJ6/ w3xgUizavWFfJb2EWoKIg/LwjiHUqgZ40Nk6x5i2imk4E0lhvo3tyfqXwIZPe/wGcleI QV+A== X-Gm-Message-State: AOJu0YxJ7T+EEGCENRE0MbDvG21o8nIvNyUeqHa8zdYnDh2Vw/sc0D6Z 273efxTZw3v4ttdrDnzC4OqNjTaO5VbcusKQ8i20JGSDZVKaN381V1BqdLmkecVrYb2Torg+3fU 9TEVsm4HTFE0v0d/xA6zfRy6ELu/K2Y/u+XKunmoBK7zq7UCiIIWU X-Gm-Gg: ASbGnctYSzUBP50QBxw/xD6DabOmggq65lhjsW2VPHbD/i06K1owLE+/jbgyMuvIadE McZdusfFiJURJXcu2FwE5HJ/XbdzAZpmw62Q99P2YgwXquNq3EqApMydnRfvDzeU5XT3D2tJidT 9IN30vopadrTfwdU2HYn4n/OKDsrT9II49uygvIaY2BV787PxNojhl/Q2SfKldiuV28o4VBX3xW ESAdUDJ4fF081VkZUkuf5tqvxfUDE1koA0kD3PTeTA9YqixAbpzGuIWASKAyarh/6Oso8+Wa9eU INLP+aAeD6tMvF/ebJ97Atcgwx75FBv58jhLhYdzi2QXkQ/9FdoGkVk= X-Google-Smtp-Source: AGHT+IFrP0ZWM8PExhNeJLqSrzOI0BW7KxprtBg6mjFhCn4vaxtfj4SyJ0UVhhQeq3090hrK9Bj3yyX80PwG X-Received: by 2002:a05:6870:2490:b0:332:b980:d602 with SMTP id 586e51a60fabf-3b11e00ac2emr3284832fac.13.1759557372426; Fri, 03 Oct 2025 22:56:12 -0700 (PDT) Received: from postal.iol.unh.edu (postal.iol.unh.edu. [2606:4100:3880:1234::84]) by smtp-relay.gmail.com with ESMTPS id 586e51a60fabf-3ab79f515d9sm555001fac.5.2025.10.03.22.56.12 (version=TLS1_2 cipher=ECDHE-ECDSA-AES128-GCM-SHA256 bits=128/128); Fri, 03 Oct 2025 22:56:12 -0700 (PDT) X-Relaying-Domain: iol.unh.edu Date: Fri, 03 Oct 2025 22:56:12 -0700 (PDT) Message-ID: <68e0b6fc.050a0220.f54d.1cd7SMTPIN_ADDED_MISSING@mx.google.com> Received: from [172.21.0.2] (unknown [172.18.0.240]) by postal.iol.unh.edu (Postfix) with ESMTP id DF16E6051830; Sat, 4 Oct 2025 01:56:11 -0400 (EDT) Subject: |FAILURE| [GIT MASTER] 62f583c49bf67dd4d6733ece14e55fe6839e66d1 From: dpdklab@iol.unh.edu To: Test Report Cc: dpdk-test-reports@iol.unh.edu, Xueming Li , Christian Ehrhardt , Kevin Traynor , Luca Boccassi Content-Type: text/plain X-BeenThere: test-report@dpdk.org X-Mailman-Version: 2.1.29 Precedence: list List-Id: automatic DPDK test reports List-Unsubscribe: , List-Archive: List-Post: List-Help: List-Subscribe: , Errors-To: test-report-bounces@dpdk.org _Testing issues_ Branch: tags/v23.11 62f583c49bf67dd4d6733ece14e55fe6839e66d1 --> testing issues Upstream job id: Generic-DPDK-Compile-Meson#430616 Test environment and result as below: +------------------------------+--------------------+ | Environment | dpdk_meson_compile | +==============================+====================+ | Red Hat Enterprise Linux 9.5 | PASS | +------------------------------+--------------------+ | Ubuntu 20.04 | PASS | +------------------------------+--------------------+ | Debian GNU/Linux 12 | PASS | +------------------------------+--------------------+ | Fedora Linux 42 | PASS | +------------------------------+--------------------+ | Ubuntu 22.04 | PASS | +------------------------------+--------------------+ | Ubuntu 24.04 | PASS | +------------------------------+--------------------+ | CentOS Stream 9 | PASS | +------------------------------+--------------------+ | CentOS Stream 10 | PASS | +------------------------------+--------------------+ Red Hat Enterprise Linux 9.5 Kernel: 5.4 Compiler: gcc gcc (GCC) 11.5.0 20240719 (Red Hat 11.5.0-2) Ubuntu 20.04 Kernel: 5.15 Compiler: aarch64-linux-gnu-gcc gcc (Ubuntu 9.4.0-1ubuntu1~20.04.2) 9.4.0 Debian GNU/Linux 12 Kernel: 5.4 Compiler: gcc gcc (Debian 12.2.0-14+deb12u1) 12.2.0 Fedora Linux 42 Kernel: 5.4 Compiler: gcc gcc (GCC) 15.2.1 20250808 (Red Hat 15.2.1-1) Ubuntu 22.04 Kernel: 5.4 Compiler: gcc gcc (Ubuntu 11.4.0-1ubuntu1~22.04) 11.4.0 Ubuntu 24.04 Kernel: 5.4 Compiler: gcc gcc (Ubuntu 13.3.0-6ubuntu2~24.04) 13.3.0 CentOS Stream 9 Kernel: 5.4 Compiler: gcc gcc (GCC) 11.5.0 20240719 (Red Hat 11.5.0-11) CentOS Stream 10 Kernel: 5.4 Compiler: gcc gcc (GCC) 14.2.1 20250110 (Red Hat 14.2.1-8) To view detailed results, visit: https://lab.dpdk.org/results/dashboard/tarballs/35068/ UNH-IOL DPDK Community Lab To manage your email subscriptions, visit: https://lab.dpdk.org/results/dashboard/preferences/subscriptions/