From mboxrd@z Thu Jan 1 00:00:00 1970 Return-Path: Received: from mails.dpdk.org (mails.dpdk.org [217.70.189.124]) by inbox.dpdk.org (Postfix) with ESMTP id 0BCB8488A9 for ; Sat, 4 Oct 2025 08:33:37 +0200 (CEST) Received: from mails.dpdk.org (localhost [127.0.0.1]) by mails.dpdk.org (Postfix) with ESMTP id 032794014F; Sat, 4 Oct 2025 08:33:37 +0200 (CEST) Received: from mail-pf1-f228.google.com (mail-pf1-f228.google.com [209.85.210.228]) by mails.dpdk.org (Postfix) with ESMTP id E37644014F for ; Sat, 4 Oct 2025 08:33:35 +0200 (CEST) Received: by mail-pf1-f228.google.com with SMTP id d2e1a72fcca58-789fb76b466so2805135b3a.0 for ; Fri, 03 Oct 2025 23:33:35 -0700 (PDT) DKIM-Signature: v=1; a=rsa-sha256; c=relaxed/relaxed; d=iol.unh.edu; s=unh-iol; t=1759559615; x=1760164415; darn=dpdk.org; h=references:in-reply-to:cc:to:from:subject:message-id:date:from:to :cc:subject:date:message-id:reply-to; bh=NWT9GvchDsgtMZYStd2XWaDH/FSmBiFZq8UkOFckvFs=; b=ZzdakQK7QhJSpU1naZ5FnOunG6Cjqz8lPZj+Zi1KGTMuORH4e1vw7xoBMKUH3469Vr YuC/xj6TMutYfNrgGg15t8aIc16dn4Ox88zLDBUb7sIms+gXBKnZBS+XN0tYJTWmrhqT yZdp7sLzzBqyUzom5vAnD5NsxZ7x4/Scs4T70= X-Google-DKIM-Signature: v=1; a=rsa-sha256; c=relaxed/relaxed; d=1e100.net; s=20230601; t=1759559615; x=1760164415; h=references:in-reply-to:cc:to:from:subject:message-id:date :x-gm-message-state:from:to:cc:subject:date:message-id:reply-to; bh=NWT9GvchDsgtMZYStd2XWaDH/FSmBiFZq8UkOFckvFs=; b=mWGNZtdjtujgKWy56Zgk0A6+Cbyf+CwGJ9jmdvm1rui5bR6OsbDXxWKaSax58WcyFf 3rP5mq0Pawm6RuJ/Yhm9po7fejQMc2yKDoddF7CZ502eVaO2gMini3HHIw6aB1UtD9FK 7EJKB3ApuMIofquHbizKIAIMDfzzTmSMZp2ZYf+F88SBE3A2lSZ1SxGUzkyaYOdl+H1g iczadtA1XRZJnfLSzWt83JwmVUHdwFRAsX+DvmE7s0FPQP6EM5mhxoXBINU05dNA7X/e b04YQiC4sfdM2U5uQAG/EjmAYjKrihsQ3gVGYzLgp7jrETNEQlKBb78k58DQTQVYqMBV VlcQ== X-Gm-Message-State: AOJu0YxV8cMTz4x/ve1kQ7nqqdc88VsAHJcHtX8y7dFjIki6vOldBkw7 ybKHyEIHZnZyAmbG+rIvM55BE0PD/PQTg6IswX9A6c54HZ/BUDJ3LIy1/YljbAx+7lpz/+/4Yjz sOzlvs+gfD3opt5dUo1tLT4H7MDCQ5l6rjTw5J/k6ZoMyjzOWDfvlslA8WjbO X-Gm-Gg: ASbGncslPGaFYx+gS0UF5XbnZBFsnyJ8klxpDxrhV8mu6As0FD1tbB5eBi0xZA/RqLh rWGw/C8XjGOPM2iSzQeMQwhfTphKIY6Uxpd9atpJJgqKTe1cnJ6O0DrUT10t8bE3McTFsH5m50Y g2I7xYrP0DW+CiDQe3/B8or+rp57RkhECXSyZiVvQkBP+1M+M2FHcs0AZPAHkq1wKoVBtvDVo0e R4VNshYnRYDn0sGU7lDvtZJRYWFqXOAm6COTxT8l0kQRn5cFtuHJuj0XfrlAmaMC3lE4wsUYGgi eITRBrcyWZ2Diq8mzAH7GhAyljUMWu42OuQGNaM1gFptKNDoX3zNMPI= X-Google-Smtp-Source: AGHT+IEy0zdXm9jeOyCaRq8nGASaTj9e0OKmlVQ72Io6zacjvrk+jqSg4/EQBokcj8w278OeEtEqOMGnT7cv X-Received: by 2002:a05:6a00:9090:b0:78c:9e86:73b with SMTP id d2e1a72fcca58-78c9e86078cmr5913246b3a.16.1759559614993; Fri, 03 Oct 2025 23:33:34 -0700 (PDT) Received: from postal.iol.unh.edu (postal.iol.unh.edu. [2606:4100:3880:1234::84]) by smtp-relay.gmail.com with ESMTPS id d2e1a72fcca58-78b01fb7cc5sm551896b3a.7.2025.10.03.23.33.34 (version=TLS1_2 cipher=ECDHE-ECDSA-AES128-GCM-SHA256 bits=128/128); Fri, 03 Oct 2025 23:33:34 -0700 (PDT) X-Relaying-Domain: iol.unh.edu Date: Fri, 03 Oct 2025 23:33:34 -0700 (PDT) Message-ID: <68e0bfbe.050a0220.26d53c.1487SMTPIN_ADDED_MISSING@mx.google.com> Received: from [172.21.0.3] (unknown [172.18.0.240]) by postal.iol.unh.edu (Postfix) with ESMTP id 3C8676051830; Sat, 4 Oct 2025 02:33:34 -0400 (EDT) Subject: |FAILURE| pw157168-157169 [PATCH] [v5,2/2] net/idpf: enable AVX2 for From: dpdklab@iol.unh.edu To: Test Report Cc: dpdk-test-reports@iol.unh.edu, Bruce Richardson , Shaiq Wani In-Reply-To: <20251001075609.2608021-3-shaiq.wani@intel.com> References: <20251001075609.2608021-3-shaiq.wani@intel.com> Content-Type: text/plain X-BeenThere: test-report@dpdk.org X-Mailman-Version: 2.1.29 Precedence: list List-Id: automatic DPDK test reports List-Unsubscribe: , List-Archive: List-Post: List-Help: List-Subscribe: , Errors-To: test-report-bounces@dpdk.org Test-Label: iol-compile-arm64-testing Test-Status: FAILURE http://dpdk.org/patch/157169 _Testing issues_ Submitter: Shaiq Wani Date: Wednesday, October 01 2025 07:56:09 DPDK git baseline: Repo:dpdk-next-net-intel Branch: master CommitID:9845e5848bbe337306fb6ae2a6b1ce5e6ab5b714 157168-157169 --> testing issues Upstream job id: Generic-DPDK-Compile-Meson#430725 Test environment and result as below: +------------------------------+--------------------+ | Environment | dpdk_meson_compile | +==============================+====================+ | Ubuntu 20.04 | FAIL | +------------------------------+--------------------+ | Red Hat Enterprise Linux 9.5 | FAIL | +------------------------------+--------------------+ | Debian GNU/Linux 12 | PEND | +------------------------------+--------------------+ | Fedora Linux 42 | FAIL | +------------------------------+--------------------+ | Ubuntu 22.04 | FAIL | +------------------------------+--------------------+ | Ubuntu 24.04 | PEND | +------------------------------+--------------------+ | CentOS Stream 9 | FAIL | +------------------------------+--------------------+ | CentOS Stream 10 | PEND | +------------------------------+--------------------+ ==== 20 line log output for CentOS Stream 9 (dpdk_meson_compile): ==== ../drivers/net/intel/idpf/idpf_common_rxtx.c:276:62: error: '__m128i' undeclared (first use in this function); did you mean '__u128'? 276 | _mm_store_si128(RTE_CAST_PTR(__m128i *, &rxdp[i]), | ^~~~~~~ ../lib/eal/include/rte_common.h:593:35: note: in definition of macro 'RTE_CAST_PTR' 593 | #define RTE_CAST_PTR(type, ptr) ((type)(uintptr_t)(ptr)) | ^~~~ ../drivers/net/intel/idpf/idpf_common_rxtx.c:276:62: note: each undeclared identifier is reported only once for each function it appears in 276 | _mm_store_si128(RTE_CAST_PTR(__m128i *, &rxdp[i]), | ^~~~~~~ ../lib/eal/include/rte_common.h:593:35: note: in definition of macro 'RTE_CAST_PTR' 593 | #define RTE_CAST_PTR(type, ptr) ((type)(uintptr_t)(ptr)) | ^~~~ ../lib/eal/include/rte_common.h:593:39: error: expected expression before ')' token 593 | #define RTE_CAST_PTR(type, ptr) ((type)(uintptr_t)(ptr)) | ^ ../drivers/net/intel/idpf/idpf_common_rxtx.c:276:49: note: in expansion of macro 'RTE_CAST_PTR' 276 | _mm_store_si128(RTE_CAST_PTR(__m128i *, &rxdp[i]), | ^~~~~~~~~~~~ cc1: all warnings being treated as errors ninja: build stopped: subcommand failed. ==== End log output ==== Ubuntu 20.04 Kernel: 5.4 Compiler: gcc gcc (Ubuntu 9.4.0-1ubuntu1~20.04.2) 9.4.0 Red Hat Enterprise Linux 9.5 Kernel: 5.4 Compiler: gcc gcc (GCC) 11.5.0 20240719 (Red Hat 11.5.0-2) Debian GNU/Linux 12 Kernel: 5.4 Compiler: gcc gcc (Debian 12.2.0-14+deb12u1) 12.2.0 Fedora Linux 42 Kernel: 5.4 Compiler: gcc gcc (GCC) 15.2.1 20250808 (Red Hat 15.2.1-1) Ubuntu 22.04 Kernel: 5.4 Compiler: gcc gcc (Ubuntu 11.4.0-1ubuntu1~22.04) 11.4.0 Ubuntu 24.04 Kernel: 5.4 Compiler: gcc gcc (Ubuntu 13.3.0-6ubuntu2~24.04) 13.3.0 CentOS Stream 9 Kernel: 5.4 Compiler: gcc gcc (GCC) 11.5.0 20240719 (Red Hat 11.5.0-11) CentOS Stream 10 Kernel: 5.4 Compiler: gcc gcc (GCC) 14.2.1 20250110 (Red Hat 14.2.1-8) To view detailed results, visit: https://lab.dpdk.org/results/dashboard/patchsets/34190/ UNH-IOL DPDK Community Lab To manage your email subscriptions, visit: https://lab.dpdk.org/results/dashboard/preferences/subscriptions/