From mboxrd@z Thu Jan 1 00:00:00 1970 Return-Path: Received: from mails.dpdk.org (mails.dpdk.org [217.70.189.124]) by inbox.dpdk.org (Postfix) with ESMTP id 3D21B488A9 for ; Sat, 4 Oct 2025 08:34:03 +0200 (CEST) Received: from mails.dpdk.org (localhost [127.0.0.1]) by mails.dpdk.org (Postfix) with ESMTP id 3871A4014F; Sat, 4 Oct 2025 08:34:03 +0200 (CEST) Received: from mail-oo1-f98.google.com (mail-oo1-f98.google.com [209.85.161.98]) by mails.dpdk.org (Postfix) with ESMTP id 03C4D4014F for ; Sat, 4 Oct 2025 08:34:02 +0200 (CEST) Received: by mail-oo1-f98.google.com with SMTP id 006d021491bc7-64d696840b6so1648156eaf.2 for ; Fri, 03 Oct 2025 23:34:01 -0700 (PDT) DKIM-Signature: v=1; a=rsa-sha256; c=relaxed/relaxed; d=iol.unh.edu; s=unh-iol; t=1759559641; x=1760164441; darn=dpdk.org; h=references:in-reply-to:cc:to:from:subject:message-id:date:from:to :cc:subject:date:message-id:reply-to; bh=3q23bNNoF7nBz7Rpd6JOJhjhqM5EAbFoQl7fuAdfjHM=; b=XvoR7YtgJAfFtRzDA7WU6HHe0KEjgZJfXiUwNbuOqDVMS1M34NaI83QiGtJspWGBRW XnfKsQ1TH69YjDtZl5VzJEnWJGD/s7VLw5f9kH2xbFXdTnfp0FaPDGkE+SypYQU1EPWW UPQG4zgS4vaEvO29A+q/aUNCGky+r4MsHBy9A= X-Google-DKIM-Signature: v=1; a=rsa-sha256; c=relaxed/relaxed; d=1e100.net; s=20230601; t=1759559641; x=1760164441; h=references:in-reply-to:cc:to:from:subject:message-id:date :x-gm-message-state:from:to:cc:subject:date:message-id:reply-to; bh=3q23bNNoF7nBz7Rpd6JOJhjhqM5EAbFoQl7fuAdfjHM=; b=VrljzIMRWPwGXy7/tT43H1xNUIvC2RQ1VSkqMB+2a0bqXCGL3ZMempgZQPTQzJaM0C IGzjePf66bw30YlIeYwzy+mmEXQhOjb/BcXkkmD6ux53hMEPF8fyW0edzAwhPmpiRDIS 1wVh96XFtnzkYjScNjJ0SgGbe4b2HcRoKBbKHkXFq8VZ6TvOBzoC/aasUqtwBI5JqM+6 Y1odulSFCq0NjUwoc84eWFj+TJZSwmi3ETk+O9z2DS0pNGZawZvyM319PwkqfRM8Veyu bXZcof5Kf4qOi6XXtSGaBMoqX06yOvBDIGFAdthgXOw9NdxYPPLBG1jmFWKONwZrDTr3 YJNw== X-Gm-Message-State: AOJu0YxRSquiMTWvWsEBI0SRJ4OcIoY0htDEF+VVaUnM/Ax7G0qOgPGe pXptZQZ/kF3sWVzP+ewGFJt+07+MVENA/t2H7klPZqx6cWfyzsHM5Ldb3SV8r5w7w+7w9lfsxmH ogB+NDSUqKLCE7mdu/0J8lKFW5DyHOEjANcwgx+xVkRym X-Gm-Gg: ASbGncuV8dq7sERfo52AXiRXj4xZhK6TuLBX6Tk0dRgxKj0nSGRJCLlblwJpJ1nKZQ2 llsiLoVH0+lRQDGI6T4XekahfF4nshAb9h5rcJpY+KG6p6CmQvBcfT9nYs6il6c3EDyT3/r9Pjg /pIrVWYf7q1g3LGJTmSJAmu3wY7YXrcf2EMiOBeg+FZrZJJDqSifR6SE7OAJ+xvTGrMwAFvX1Rw S+nTvEyCa7lHcCn+3GplP0AYQZ5PKs3yx2hT7Yop9223WBUlUvit74qGkmUmEv7IwJCaM40q3Cu niNETb9JV8lrKeC7K7mmYWna16iVE9ZpeKtLYavJBOT+oD6kNgjZRo9mu/Dt26DzlGRkvPAyr6U rAA== X-Google-Smtp-Source: AGHT+IEpXZLAP0emIwxzNuR+JKPx5+EiRvz+O+jxxjmUCL/XTfMhmIrsoxqkrfxfLmS0S2nNYKKnyJH/8FF+ X-Received: by 2002:a05:6871:3311:b0:330:6ba6:4bcc with SMTP id 586e51a60fabf-3b0f393590emr3221611fac.5.1759559641275; Fri, 03 Oct 2025 23:34:01 -0700 (PDT) Received: from postal.iol.unh.edu (postal.iol.unh.edu. [132.177.123.84]) by smtp-relay.gmail.com with ESMTPS id 586e51a60fabf-3ab7dbcc4f7sm548953fac.8.2025.10.03.23.34.01 (version=TLS1_2 cipher=ECDHE-ECDSA-AES128-GCM-SHA256 bits=128/128); Fri, 03 Oct 2025 23:34:01 -0700 (PDT) X-Relaying-Domain: iol.unh.edu Date: Fri, 03 Oct 2025 23:34:01 -0700 (PDT) Message-ID: <68e0bfd9.050a0220.23b79.0eacSMTPIN_ADDED_MISSING@mx.google.com> Received: from [172.21.0.2] (unknown [172.18.0.240]) by postal.iol.unh.edu (Postfix) with ESMTP id C89176051830; Sat, 4 Oct 2025 02:34:00 -0400 (EDT) Subject: |FAILURE| pw157168-157169 [PATCH] [v5,2/2] net/idpf: enable AVX2 for From: dpdklab@iol.unh.edu To: Test Report Cc: dpdk-test-reports@iol.unh.edu, Bruce Richardson , Shaiq Wani In-Reply-To: <20251001075609.2608021-3-shaiq.wani@intel.com> References: <20251001075609.2608021-3-shaiq.wani@intel.com> Content-Type: text/plain X-BeenThere: test-report@dpdk.org X-Mailman-Version: 2.1.29 Precedence: list List-Id: automatic DPDK test reports List-Unsubscribe: , List-Archive: List-Post: List-Help: List-Subscribe: , Errors-To: test-report-bounces@dpdk.org Test-Label: iol-compile-arm64-testing Test-Status: FAILURE http://dpdk.org/patch/157169 _Testing issues_ Submitter: Shaiq Wani Date: Wednesday, October 01 2025 07:56:09 DPDK git baseline: Repo:dpdk-next-net-intel Branch: master CommitID:9845e5848bbe337306fb6ae2a6b1ce5e6ab5b714 157168-157169 --> testing issues Upstream job id: Generic-DPDK-Compile-Meson#430727 Test environment and result as below: +------------------------------+--------------------+ | Environment | dpdk_meson_compile | +==============================+====================+ | Ubuntu 20.04 | FAIL | +------------------------------+--------------------+ | Red Hat Enterprise Linux 9.5 | FAIL | +------------------------------+--------------------+ | Debian GNU/Linux 12 | PEND | +------------------------------+--------------------+ | Fedora Linux 42 | FAIL | +------------------------------+--------------------+ | Ubuntu 22.04 | FAIL | +------------------------------+--------------------+ | Ubuntu 24.04 | PEND | +------------------------------+--------------------+ | CentOS Stream 9 | FAIL | +------------------------------+--------------------+ | CentOS Stream 10 | PEND | +------------------------------+--------------------+ ==== 20 line log output for CentOS Stream 9 (dpdk_meson_compile): ==== ../drivers/net/intel/idpf/idpf_common_rxtx.c:276:62: error: '__m128i' undeclared (first use in this function); did you mean '__u128'? 276 | _mm_store_si128(RTE_CAST_PTR(__m128i *, &rxdp[i]), | ^~~~~~~ ../lib/eal/include/rte_common.h:593:35: note: in definition of macro 'RTE_CAST_PTR' 593 | #define RTE_CAST_PTR(type, ptr) ((type)(uintptr_t)(ptr)) | ^~~~ ../drivers/net/intel/idpf/idpf_common_rxtx.c:276:62: note: each undeclared identifier is reported only once for each function it appears in 276 | _mm_store_si128(RTE_CAST_PTR(__m128i *, &rxdp[i]), | ^~~~~~~ ../lib/eal/include/rte_common.h:593:35: note: in definition of macro 'RTE_CAST_PTR' 593 | #define RTE_CAST_PTR(type, ptr) ((type)(uintptr_t)(ptr)) | ^~~~ ../lib/eal/include/rte_common.h:593:39: error: expected expression before ')' token 593 | #define RTE_CAST_PTR(type, ptr) ((type)(uintptr_t)(ptr)) | ^ ../drivers/net/intel/idpf/idpf_common_rxtx.c:276:49: note: in expansion of macro 'RTE_CAST_PTR' 276 | _mm_store_si128(RTE_CAST_PTR(__m128i *, &rxdp[i]), | ^~~~~~~~~~~~ cc1: all warnings being treated as errors ninja: build stopped: subcommand failed. ==== End log output ==== Ubuntu 20.04 Kernel: 5.4 Compiler: gcc gcc (Ubuntu 9.4.0-1ubuntu1~20.04.2) 9.4.0 Red Hat Enterprise Linux 9.5 Kernel: 5.4 Compiler: gcc gcc (GCC) 11.5.0 20240719 (Red Hat 11.5.0-2) Debian GNU/Linux 12 Kernel: 5.4 Compiler: gcc gcc (Debian 12.2.0-14+deb12u1) 12.2.0 Fedora Linux 42 Kernel: 5.4 Compiler: gcc gcc (GCC) 15.2.1 20250808 (Red Hat 15.2.1-1) Ubuntu 22.04 Kernel: 5.4 Compiler: gcc gcc (Ubuntu 11.4.0-1ubuntu1~22.04) 11.4.0 Ubuntu 24.04 Kernel: 5.4 Compiler: gcc gcc (Ubuntu 13.3.0-6ubuntu2~24.04) 13.3.0 CentOS Stream 9 Kernel: 5.4 Compiler: gcc gcc (GCC) 11.5.0 20240719 (Red Hat 11.5.0-11) CentOS Stream 10 Kernel: 5.4 Compiler: gcc gcc (GCC) 14.2.1 20250110 (Red Hat 14.2.1-8) To view detailed results, visit: https://lab.dpdk.org/results/dashboard/patchsets/34190/ UNH-IOL DPDK Community Lab To manage your email subscriptions, visit: https://lab.dpdk.org/results/dashboard/preferences/subscriptions/