From mboxrd@z Thu Jan 1 00:00:00 1970 Return-Path: Received: from mails.dpdk.org (mails.dpdk.org [217.70.189.124]) by inbox.dpdk.org (Postfix) with ESMTP id ABFA3488A9 for ; Sat, 4 Oct 2025 08:49:10 +0200 (CEST) Received: from mails.dpdk.org (localhost [127.0.0.1]) by mails.dpdk.org (Postfix) with ESMTP id 8D86E4014F; Sat, 4 Oct 2025 08:49:10 +0200 (CEST) Received: from mail-qv1-f97.google.com (mail-qv1-f97.google.com [209.85.219.97]) by mails.dpdk.org (Postfix) with ESMTP id 3B9424014F for ; Sat, 4 Oct 2025 08:49:09 +0200 (CEST) Received: by mail-qv1-f97.google.com with SMTP id 6a1803df08f44-78eba712e89so26508066d6.3 for ; Fri, 03 Oct 2025 23:49:09 -0700 (PDT) DKIM-Signature: v=1; a=rsa-sha256; c=relaxed/relaxed; d=iol.unh.edu; s=unh-iol; t=1759560548; x=1760165348; darn=dpdk.org; h=references:in-reply-to:cc:to:from:subject:message-id:date:from:to :cc:subject:date:message-id:reply-to; bh=hDNB44tKCCLjvjO4Yf2Khcnnk1fzeJfhmcoIPz9qJH4=; b=UZjTfeP94QwM3Nsrnc/lUj1kMDFgG53RfNYfehsHdoy6XroflX33Pe7fnbPvmt30qK 22R1ytu5bTVM7ogy/E6wx44IIg+lHCQYIE3qYgXn1v3hQ4w2C3hxO1uewvG1bPBxMf9y 2IIRuykBlNV1THirbMA614AjdJXZafbi/awoQ= X-Google-DKIM-Signature: v=1; a=rsa-sha256; c=relaxed/relaxed; d=1e100.net; s=20230601; t=1759560548; x=1760165348; h=references:in-reply-to:cc:to:from:subject:message-id:date :x-gm-message-state:from:to:cc:subject:date:message-id:reply-to; bh=hDNB44tKCCLjvjO4Yf2Khcnnk1fzeJfhmcoIPz9qJH4=; b=esinGksxLCN4m5pV+ruPQnlmGeeFcYG5CskJGXj1gDMvRSYD9TSVKXNP5UQMSiPDys 9cUMnYVC+y0Px/MbD9aCcpyE6uMSnTSc/8rdI1LOkIu9ltUvJRCpSzg8tHNGLftKT+8u 4qqi+tnDaCtDsfUZLpZ/TMqTUuKlYrSRP2tb9rpBNV1wXGjFcu3nn7Ue1gnCzESNFxM5 6TXk9ALEij2uMsDMnStSQf658JQz0bWFW50k+CprXW5y1g5+HXWdxX7VYcz2lWdEXeVx lrnM5f+SDKH+dZXukl6rwuTXxa2ZUeeGuuUS9V+bPUb2gd7Ebkl9hmuBIU2lvRnt24vR yCsQ== X-Gm-Message-State: AOJu0YwfBEMm1E5n50qNCV+HDQxtStnTbnNi+k7waM7gT+eSXYoNloAL t+6SCi84S++l9vdL6A/8EXsE0F2CBCyKayUrBvtoNbuKpP9OgjS+MjuRwD7MJyKNVoxhGfb5inM QsFu1gnBIvIkekhECpoens8JfiYh80zviRpGb9QGNw5h1 X-Gm-Gg: ASbGncty9KM2IAUHAb4exXyILxn4N6jcE6w4mg5DBONC9O1db9bZi8i0XN8CUGj4I4X RTF+5TcAQDsIQyDe47V09gmHrDtFr02BJDuIs6yrbUA82+XqDa2lsZhfea+XrZ5/Dr2C7u7JtMI yzb6lfebLhySS/mwZq9JfOnkXrPZHkq6a/mtpY0DCsH/tHYnlZ/FiacWLLVENvm1VP7MBCptlsu q8tbf/jlNIHnKwYVDDPka3Db4YzNFZbWblRLseFxcRhHb9wQX/oFPG1EjmezXkY4EY9fO/pK3ls tUxWu2B3mRyNj6N6jjYkxl+theaeQsTlWrPpnnvzdkj6loW48nLsOmgmpwAp5C1NwmcVo48OaC7 NYg== X-Google-Smtp-Source: AGHT+IFxOJLZ8405SjJB/SGqRQjxb6aSRsUAhHOImFo5G3gT+zF/w5W7Ht9uE4ZlyeQl1ISiGwBYf46TpfMl X-Received: by 2002:a05:6214:20e2:b0:727:b235:cfa with SMTP id 6a1803df08f44-879dc853b20mr72086066d6.47.1759560548595; Fri, 03 Oct 2025 23:49:08 -0700 (PDT) Received: from postal.iol.unh.edu (postal.iol.unh.edu. [132.177.123.84]) by smtp-relay.gmail.com with ESMTPS id 6a1803df08f44-878bb43e04asm5334556d6.11.2025.10.03.23.49.08 (version=TLS1_2 cipher=ECDHE-ECDSA-AES128-GCM-SHA256 bits=128/128); Fri, 03 Oct 2025 23:49:08 -0700 (PDT) X-Relaying-Domain: iol.unh.edu Date: Fri, 03 Oct 2025 23:49:08 -0700 (PDT) Message-ID: <68e0c364.050a0220.3afa59.017bSMTPIN_ADDED_MISSING@mx.google.com> Received: from [172.21.0.3] (unknown [172.18.0.240]) by postal.iol.unh.edu (Postfix) with ESMTP id 521736051830; Sat, 4 Oct 2025 02:49:08 -0400 (EDT) Subject: |FAILURE| pw157168-157169 [PATCH] [v5,2/2] net/idpf: enable AVX2 for From: dpdklab@iol.unh.edu To: Test Report Cc: dpdk-test-reports@iol.unh.edu, Bruce Richardson , Shaiq Wani In-Reply-To: <20251001075609.2608021-3-shaiq.wani@intel.com> References: <20251001075609.2608021-3-shaiq.wani@intel.com> Content-Type: text/plain X-BeenThere: test-report@dpdk.org X-Mailman-Version: 2.1.29 Precedence: list List-Id: automatic DPDK test reports List-Unsubscribe: , List-Archive: List-Post: List-Help: List-Subscribe: , Errors-To: test-report-bounces@dpdk.org Test-Label: iol-compile-arm64-testing Test-Status: FAILURE http://dpdk.org/patch/157169 _Testing issues_ Submitter: Shaiq Wani Date: Wednesday, October 01 2025 07:56:09 DPDK git baseline: Repo:dpdk-next-net-intel Branch: master CommitID:9845e5848bbe337306fb6ae2a6b1ce5e6ab5b714 157168-157169 --> testing issues Upstream job id: Generic-DPDK-Compile-Meson#430724 Test environment and result as below: +------------------------------+--------------------+ | Environment | dpdk_meson_compile | +==============================+====================+ | Ubuntu 20.04 | FAIL | +------------------------------+--------------------+ | Red Hat Enterprise Linux 9.5 | FAIL | +------------------------------+--------------------+ | Debian GNU/Linux 12 | PEND | +------------------------------+--------------------+ | Fedora Linux 42 | FAIL | +------------------------------+--------------------+ | Ubuntu 22.04 | FAIL | +------------------------------+--------------------+ | Ubuntu 24.04 | FAIL | +------------------------------+--------------------+ | CentOS Stream 9 | FAIL | +------------------------------+--------------------+ | CentOS Stream 10 | PEND | +------------------------------+--------------------+ ==== 20 line log output for CentOS Stream 9 (dpdk_meson_compile): ==== ../drivers/net/intel/idpf/idpf_common_rxtx.c:276:62: error: '__m128i' undeclared (first use in this function); did you mean '__u128'? 276 | _mm_store_si128(RTE_CAST_PTR(__m128i *, &rxdp[i]), | ^~~~~~~ ../lib/eal/include/rte_common.h:593:35: note: in definition of macro 'RTE_CAST_PTR' 593 | #define RTE_CAST_PTR(type, ptr) ((type)(uintptr_t)(ptr)) | ^~~~ ../drivers/net/intel/idpf/idpf_common_rxtx.c:276:62: note: each undeclared identifier is reported only once for each function it appears in 276 | _mm_store_si128(RTE_CAST_PTR(__m128i *, &rxdp[i]), | ^~~~~~~ ../lib/eal/include/rte_common.h:593:35: note: in definition of macro 'RTE_CAST_PTR' 593 | #define RTE_CAST_PTR(type, ptr) ((type)(uintptr_t)(ptr)) | ^~~~ ../lib/eal/include/rte_common.h:593:39: error: expected expression before ')' token 593 | #define RTE_CAST_PTR(type, ptr) ((type)(uintptr_t)(ptr)) | ^ ../drivers/net/intel/idpf/idpf_common_rxtx.c:276:49: note: in expansion of macro 'RTE_CAST_PTR' 276 | _mm_store_si128(RTE_CAST_PTR(__m128i *, &rxdp[i]), | ^~~~~~~~~~~~ cc1: all warnings being treated as errors ninja: build stopped: subcommand failed. ==== End log output ==== Ubuntu 20.04 Kernel: 5.4 Compiler: gcc gcc (Ubuntu 9.4.0-1ubuntu1~20.04.2) 9.4.0 Red Hat Enterprise Linux 9.5 Kernel: 5.4 Compiler: gcc gcc (GCC) 11.5.0 20240719 (Red Hat 11.5.0-2) Debian GNU/Linux 12 Kernel: 5.4 Compiler: gcc gcc (Debian 12.2.0-14+deb12u1) 12.2.0 Fedora Linux 42 Kernel: 5.4 Compiler: gcc gcc (GCC) 15.2.1 20250808 (Red Hat 15.2.1-1) Ubuntu 22.04 Kernel: 5.4 Compiler: gcc gcc (Ubuntu 11.4.0-1ubuntu1~22.04) 11.4.0 Ubuntu 24.04 Kernel: 5.4 Compiler: gcc gcc (Ubuntu 13.3.0-6ubuntu2~24.04) 13.3.0 CentOS Stream 9 Kernel: 5.4 Compiler: gcc gcc (GCC) 11.5.0 20240719 (Red Hat 11.5.0-11) CentOS Stream 10 Kernel: 5.4 Compiler: gcc gcc (GCC) 14.2.1 20250110 (Red Hat 14.2.1-8) To view detailed results, visit: https://lab.dpdk.org/results/dashboard/patchsets/34190/ UNH-IOL DPDK Community Lab To manage your email subscriptions, visit: https://lab.dpdk.org/results/dashboard/preferences/subscriptions/