From mboxrd@z Thu Jan 1 00:00:00 1970 Return-Path: Received: from mails.dpdk.org (mails.dpdk.org [217.70.189.124]) by inbox.dpdk.org (Postfix) with ESMTP id A6CC4488A9 for ; Sat, 4 Oct 2025 08:49:20 +0200 (CEST) Received: from mails.dpdk.org (localhost [127.0.0.1]) by mails.dpdk.org (Postfix) with ESMTP id A1B524014F; Sat, 4 Oct 2025 08:49:20 +0200 (CEST) Received: from mail-qv1-f99.google.com (mail-qv1-f99.google.com [209.85.219.99]) by mails.dpdk.org (Postfix) with ESMTP id AB7234014F for ; Sat, 4 Oct 2025 08:49:19 +0200 (CEST) Received: by mail-qv1-f99.google.com with SMTP id 6a1803df08f44-79a7d439efbso27655476d6.0 for ; Fri, 03 Oct 2025 23:49:19 -0700 (PDT) DKIM-Signature: v=1; a=rsa-sha256; c=relaxed/relaxed; d=iol.unh.edu; s=unh-iol; t=1759560559; x=1760165359; darn=dpdk.org; h=references:in-reply-to:cc:to:from:subject:message-id:date:from:to :cc:subject:date:message-id:reply-to; bh=Kohl4R+mit4O9clPA72C0n+JAoUnsdzcKK7Vb6NJVGw=; b=HtF/IADY4iWwJtlP2wGPNbtbK45BZgfpVtWn8QinJvo2S5OnLF/+KWjJSq8HgSpxO9 Ol5TNV+2mMYWbpytcO2RkBAhWdu61Y2dA+7J7o5zD3Z+1ot55C5JtWriwZ8mOt6gKQas FH5Bv4a8vaKjshqPUqKPUb3WsZC6Pq5woIWjM= X-Google-DKIM-Signature: v=1; a=rsa-sha256; c=relaxed/relaxed; d=1e100.net; s=20230601; t=1759560559; x=1760165359; h=references:in-reply-to:cc:to:from:subject:message-id:date :x-gm-message-state:from:to:cc:subject:date:message-id:reply-to; bh=Kohl4R+mit4O9clPA72C0n+JAoUnsdzcKK7Vb6NJVGw=; b=h6wclG7qUHXPzQ9YmlQE4+2y59t7hcflo//PUX/k2LZeTH5XYLICmz3dUDofqDB51p lKcbviZEAQ/43ObuxnucUhoU6wMdxMUHDNpMYgojp9DN/N62TTTH1Lu1CzY+VkJeWFtn lwWUnAjSa9EIDTqJ65vbyIBXncILiZTpL8DEbZWiQlOvpvvP7xuiMRuzENcE0K8zAoSI zE87pmC9704EhSYV2lYqT7LssEYHIzDtkPgmlLecUqkhqT4iuT6aEcc7aooj9PQ/EGPS uKo7YoSojn9UpZ2oJhtVJWzRcFRlmJFwEx2KDY1M+rKnATJYbU+VWGxZOKBeYWArUrb2 kKYg== X-Gm-Message-State: AOJu0YyEA2qzi70EaRZ6rIp/rNQeSIEx89Y/Pq8iuhtLgpiLLPkFnQUr 6MsPSuaofg7M9t1DJCEy5NbSJCyM5iQSjprAFthBEcyI6BTnpTYpRgzaroMgSmyS7MCseN0Bw8S AiKqUdrs4Q0i9rCVqHxxp6+/d5TEblVQXG/YgyCtc75Ij X-Gm-Gg: ASbGncsvR8o1gez2vfXOTu5e35WdnXyaqcOj5vdpOc06JJbq5D5Tih/bZsXNf6CCeu9 NaZ7cOU9nA8VRuOSWXpfNEHKwAivLJmcQjcWsjm8RbWhw8s2rzFciicZObKicyGokvhEseOwju7 DXecFiM4fR6XzPDAKXccvp0MqiBNT9Y7xRw0xecVa/khkRJMn6RMGmhKYRPVwXt4Xw5DTeG6gM2 982yRwzR5wNWS3TvqyjWSvUPzcsSPFjSG5pvaxCkXcfEqawtxNtN3E6gp191JjN68rSKS0QalGZ QjRL/d9U8uxO97Q2+EyIjaZv56284sCzWBWrFD5f0P/owr1G1igOWGm+6VonQnsW0bqwK45OuLv RJA== X-Google-Smtp-Source: AGHT+IHehWrHlNwMRB44tJOuvrMSQPS2Zyp8IWocw2aubpsE/AiuWbyNH9KZmQW6wr2imq6T1GbQ8A7/ftru X-Received: by 2002:a05:6214:2b06:b0:78e:274b:302f with SMTP id 6a1803df08f44-879dc85d4b6mr71466426d6.51.1759560559136; Fri, 03 Oct 2025 23:49:19 -0700 (PDT) Received: from postal.iol.unh.edu (postal.iol.unh.edu. [132.177.123.84]) by smtp-relay.gmail.com with ESMTPS id 6a1803df08f44-878be04c6aesm5207386d6.30.2025.10.03.23.49.19 (version=TLS1_2 cipher=ECDHE-ECDSA-AES128-GCM-SHA256 bits=128/128); Fri, 03 Oct 2025 23:49:19 -0700 (PDT) X-Relaying-Domain: iol.unh.edu Date: Fri, 03 Oct 2025 23:49:19 -0700 (PDT) Message-ID: <68e0c36f.d40a0220.1a8f27.f696SMTPIN_ADDED_MISSING@mx.google.com> Received: from [172.21.0.2] (unknown [172.18.0.240]) by postal.iol.unh.edu (Postfix) with ESMTP id D83B06051830; Sat, 4 Oct 2025 02:49:18 -0400 (EDT) Subject: |FAILURE| pw157168-157169 [PATCH] [v5,2/2] net/idpf: enable AVX2 for From: dpdklab@iol.unh.edu To: Test Report Cc: dpdk-test-reports@iol.unh.edu, Bruce Richardson , Shaiq Wani In-Reply-To: <20251001075609.2608021-3-shaiq.wani@intel.com> References: <20251001075609.2608021-3-shaiq.wani@intel.com> Content-Type: text/plain X-BeenThere: test-report@dpdk.org X-Mailman-Version: 2.1.29 Precedence: list List-Id: automatic DPDK test reports List-Unsubscribe: , List-Archive: List-Post: List-Help: List-Subscribe: , Errors-To: test-report-bounces@dpdk.org Test-Label: iol-compile-arm64-testing Test-Status: FAILURE http://dpdk.org/patch/157169 _Testing issues_ Submitter: Shaiq Wani Date: Wednesday, October 01 2025 07:56:09 DPDK git baseline: Repo:dpdk-next-net-intel Branch: master CommitID:9845e5848bbe337306fb6ae2a6b1ce5e6ab5b714 157168-157169 --> testing issues Upstream job id: Generic-DPDK-Compile-Meson#430726 Test environment and result as below: +------------------------------+--------------------+ | Environment | dpdk_meson_compile | +==============================+====================+ | Ubuntu 20.04 | FAIL | +------------------------------+--------------------+ | Red Hat Enterprise Linux 9.5 | FAIL | +------------------------------+--------------------+ | Debian GNU/Linux 12 | PEND | +------------------------------+--------------------+ | Fedora Linux 42 | FAIL | +------------------------------+--------------------+ | Ubuntu 22.04 | FAIL | +------------------------------+--------------------+ | Ubuntu 24.04 | FAIL | +------------------------------+--------------------+ | CentOS Stream 9 | FAIL | +------------------------------+--------------------+ | CentOS Stream 10 | PEND | +------------------------------+--------------------+ ==== 20 line log output for CentOS Stream 9 (dpdk_meson_compile): ==== ../drivers/net/intel/idpf/idpf_common_rxtx.c:276:62: error: '__m128i' undeclared (first use in this function); did you mean '__u128'? 276 | _mm_store_si128(RTE_CAST_PTR(__m128i *, &rxdp[i]), | ^~~~~~~ ../lib/eal/include/rte_common.h:593:35: note: in definition of macro 'RTE_CAST_PTR' 593 | #define RTE_CAST_PTR(type, ptr) ((type)(uintptr_t)(ptr)) | ^~~~ ../drivers/net/intel/idpf/idpf_common_rxtx.c:276:62: note: each undeclared identifier is reported only once for each function it appears in 276 | _mm_store_si128(RTE_CAST_PTR(__m128i *, &rxdp[i]), | ^~~~~~~ ../lib/eal/include/rte_common.h:593:35: note: in definition of macro 'RTE_CAST_PTR' 593 | #define RTE_CAST_PTR(type, ptr) ((type)(uintptr_t)(ptr)) | ^~~~ ../lib/eal/include/rte_common.h:593:39: error: expected expression before ')' token 593 | #define RTE_CAST_PTR(type, ptr) ((type)(uintptr_t)(ptr)) | ^ ../drivers/net/intel/idpf/idpf_common_rxtx.c:276:49: note: in expansion of macro 'RTE_CAST_PTR' 276 | _mm_store_si128(RTE_CAST_PTR(__m128i *, &rxdp[i]), | ^~~~~~~~~~~~ cc1: all warnings being treated as errors ninja: build stopped: subcommand failed. ==== End log output ==== Ubuntu 20.04 Kernel: 5.4 Compiler: gcc gcc (Ubuntu 9.4.0-1ubuntu1~20.04.2) 9.4.0 Red Hat Enterprise Linux 9.5 Kernel: 5.4 Compiler: gcc gcc (GCC) 11.5.0 20240719 (Red Hat 11.5.0-2) Debian GNU/Linux 12 Kernel: 5.4 Compiler: gcc gcc (Debian 12.2.0-14+deb12u1) 12.2.0 Fedora Linux 42 Kernel: 5.4 Compiler: gcc gcc (GCC) 15.2.1 20250808 (Red Hat 15.2.1-1) Ubuntu 22.04 Kernel: 5.4 Compiler: gcc gcc (Ubuntu 11.4.0-1ubuntu1~22.04) 11.4.0 Ubuntu 24.04 Kernel: 5.4 Compiler: gcc gcc (Ubuntu 13.3.0-6ubuntu2~24.04) 13.3.0 CentOS Stream 9 Kernel: 5.4 Compiler: gcc gcc (GCC) 11.5.0 20240719 (Red Hat 11.5.0-11) CentOS Stream 10 Kernel: 5.4 Compiler: gcc gcc (GCC) 14.2.1 20250110 (Red Hat 14.2.1-8) To view detailed results, visit: https://lab.dpdk.org/results/dashboard/patchsets/34190/ UNH-IOL DPDK Community Lab To manage your email subscriptions, visit: https://lab.dpdk.org/results/dashboard/preferences/subscriptions/