From mboxrd@z Thu Jan 1 00:00:00 1970 Return-Path: Received: from mails.dpdk.org (mails.dpdk.org [217.70.189.124]) by inbox.dpdk.org (Postfix) with ESMTP id E1294488AC for ; Sat, 4 Oct 2025 12:19:46 +0200 (CEST) Received: from mails.dpdk.org (localhost [127.0.0.1]) by mails.dpdk.org (Postfix) with ESMTP id B3A214014F; Sat, 4 Oct 2025 12:19:46 +0200 (CEST) Received: from mail-qv1-f98.google.com (mail-qv1-f98.google.com [209.85.219.98]) by mails.dpdk.org (Postfix) with ESMTP id 661484014F for ; Sat, 4 Oct 2025 12:19:45 +0200 (CEST) Received: by mail-qv1-f98.google.com with SMTP id 6a1803df08f44-795773ac2a2so28487716d6.1 for ; Sat, 04 Oct 2025 03:19:45 -0700 (PDT) DKIM-Signature: v=1; a=rsa-sha256; c=relaxed/relaxed; d=iol.unh.edu; s=unh-iol; t=1759573184; x=1760177984; darn=dpdk.org; h=references:in-reply-to:cc:to:from:subject:message-id:date:from:to :cc:subject:date:message-id:reply-to; bh=KlEib5KFQSthQchE68jD4HVYODBAhbLwLPC1hCo5I4U=; b=RpV7t3s8k+TKGrxyjooB2T5MOYdxyyUHKEG9q/omSGVDiZqKZAq1Hv1cxTe8ddveUz exk066Rames94B9FyDvY7SUTTcChF2txf/bEog43uAwxVi8Y5sCnxbBXCH48xhWiWZqC Uf4Ny+iJuQBtZISKKTelKEAoYE8enPznkZuRk= X-Google-DKIM-Signature: v=1; a=rsa-sha256; c=relaxed/relaxed; d=1e100.net; s=20230601; t=1759573184; x=1760177984; h=references:in-reply-to:cc:to:from:subject:message-id:date :x-gm-message-state:from:to:cc:subject:date:message-id:reply-to; bh=KlEib5KFQSthQchE68jD4HVYODBAhbLwLPC1hCo5I4U=; b=WIKsZE7pvAJm6lZzG6t90FDKj7y9p2VPw1EGnCo6bt+GJqXplHJ2jHlETGIrsC0OwW tvzjt/vYV2ALrjHNlDE7HjqtC0bn5DgteFHMRLhzsFMKQ7FGitJmOV3r2Hd3wYUQ8QC8 J9qZWUFbP6weJXr1u0d1DTUgsbmjPlmpraBopp6wyKnjrIrcWxBoFV2tQcKZnnB7Gvsw rmKRsDLbddTzBqQmtBZmQPif0Mc079goAbX/vcI4sZ5D/DUnOn7OsWnpnIbB3wdh/L93 3Zq6evWq8oc4n6AJ50krSoDV6/pAKSIcWHhPZ7wPv+nRisQTGSLgRHEC9zUqPuAme7HW 360Q== X-Gm-Message-State: AOJu0YywM4DKABqNd9XhAb0cPAI5tRFod8TcywpZfbM++Lb+8hIQKw0H 3C9uWBuPSJZvjEPl/UP9JFiTvyv5q58RnjjHtPM3Hzv/Er4sAkV6hmGKRDsNWTqhuQb+xZRNmwh W6xSAQEa7qG6KFY0vZ6ZQTGHlsPQjDpcO6duTe54DUXU9cBN9JtJBSv79rW7m X-Gm-Gg: ASbGncvCl1MuuWUNTK3DQpbQeXV6GlzvkOTwpNbx8Dfj1ap2TpFPh1OWoVMbhNd0rT7 nKxzy65bYIzXSKfSnnzbfQ6pQ4IHIuMycYQbYbmz6OJsmkmESCrp193ahd3NGGw8uJ/IWc7f9V+ 2awn0FW9XrPnwEk7kCC6SGMh2vVyrsw2y17STMqcwKlV64aMp23a5bzDs+dcm4R/mcW6zd8T0W3 LxtSHE06tiO1fA17sY09VoAlwppdiTeM8XGPLfAoph58DtUCY/G7hF5JblUUt+txtftofmhxm3I V/dgmZ+tXCWE/Gkw5rwBXXfE92Igpd8OVeCj9Kf9EX1YNa37rR2Nezc= X-Google-Smtp-Source: AGHT+IEqZ9ubObZ/jOVLxL1S8PtYCyMhtJPxqAOY6rhAfCK1ZOcGiGIODbAeWeeypjMcXaaJsXm5qeRThRz0 X-Received: by 2002:ad4:5de6:0:b0:78e:6248:ce70 with SMTP id 6a1803df08f44-879dc7e99c8mr89429076d6.28.1759573184592; Sat, 04 Oct 2025 03:19:44 -0700 (PDT) Received: from postal.iol.unh.edu (postal.iol.unh.edu. [2606:4100:3880:1234::84]) by smtp-relay.gmail.com with ESMTPS id 6a1803df08f44-878be71d05esm5514066d6.37.2025.10.04.03.19.44 (version=TLS1_2 cipher=ECDHE-ECDSA-AES128-GCM-SHA256 bits=128/128); Sat, 04 Oct 2025 03:19:44 -0700 (PDT) X-Relaying-Domain: iol.unh.edu Date: Sat, 04 Oct 2025 03:19:44 -0700 (PDT) Message-ID: <68e0f4c0.050a0220.1a1ecd.1226SMTPIN_ADDED_MISSING@mx.google.com> Received: from [172.21.0.2] (unknown [172.18.0.240]) by postal.iol.unh.edu (Postfix) with ESMTP id 32D536051830; Sat, 4 Oct 2025 06:19:44 -0400 (EDT) Subject: |FAILURE| pw157168-157169 [PATCH] [v5,2/2] net/idpf: enable AVX2 for From: dpdklab@iol.unh.edu To: Test Report Cc: dpdk-test-reports@iol.unh.edu, Bruce Richardson , Shaiq Wani In-Reply-To: <20251001075609.2608021-3-shaiq.wani@intel.com> References: <20251001075609.2608021-3-shaiq.wani@intel.com> Content-Type: text/plain X-BeenThere: test-report@dpdk.org X-Mailman-Version: 2.1.29 Precedence: list List-Id: automatic DPDK test reports List-Unsubscribe: , List-Archive: List-Post: List-Help: List-Subscribe: , Errors-To: test-report-bounces@dpdk.org Test-Label: iol-compile-arm64-testing Test-Status: FAILURE http://dpdk.org/patch/157169 _Testing issues_ Submitter: Shaiq Wani Date: Wednesday, October 01 2025 07:56:09 DPDK git baseline: Repo:dpdk-next-net-intel Branch: master CommitID:9845e5848bbe337306fb6ae2a6b1ce5e6ab5b714 157168-157169 --> testing issues Upstream job id: Generic-DPDK-Compile-Meson#430729 Test environment and result as below: +------------------------------+--------------------+ | Environment | dpdk_meson_compile | +==============================+====================+ | Ubuntu 20.04 | FAIL | +------------------------------+--------------------+ | Red Hat Enterprise Linux 9.5 | FAIL | +------------------------------+--------------------+ | Debian GNU/Linux 12 | FAIL | +------------------------------+--------------------+ | Fedora Linux 42 | FAIL | +------------------------------+--------------------+ | Ubuntu 22.04 | FAIL | +------------------------------+--------------------+ | Ubuntu 24.04 | FAIL | +------------------------------+--------------------+ | CentOS Stream 9 | FAIL | +------------------------------+--------------------+ | CentOS Stream 10 | FAIL | +------------------------------+--------------------+ ==== 20 line log output for CentOS Stream 10 (dpdk_meson_compile): ==== ../drivers/net/intel/idpf/idpf_common_rxtx.c:276:62: error: '__m128i' undeclared (first use in this function) 276 | _mm_store_si128(RTE_CAST_PTR(__m128i *, &rxdp[i]), | ^~~~~~~ ../lib/eal/include/rte_common.h:593:35: note: in definition of macro 'RTE_CAST_PTR' 593 | #define RTE_CAST_PTR(type, ptr) ((type)(uintptr_t)(ptr)) | ^~~~ ../drivers/net/intel/idpf/idpf_common_rxtx.c:276:62: note: each undeclared identifier is reported only once for each function it appears in 276 | _mm_store_si128(RTE_CAST_PTR(__m128i *, &rxdp[i]), | ^~~~~~~ ../lib/eal/include/rte_common.h:593:35: note: in definition of macro 'RTE_CAST_PTR' 593 | #define RTE_CAST_PTR(type, ptr) ((type)(uintptr_t)(ptr)) | ^~~~ ../lib/eal/include/rte_common.h:593:39: error: expected expression before ')' token 593 | #define RTE_CAST_PTR(type, ptr) ((type)(uintptr_t)(ptr)) | ^ ../drivers/net/intel/idpf/idpf_common_rxtx.c:276:49: note: in expansion of macro 'RTE_CAST_PTR' 276 | _mm_store_si128(RTE_CAST_PTR(__m128i *, &rxdp[i]), | ^~~~~~~~~~~~ cc1: all warnings being treated as errors ninja: build stopped: subcommand failed. ==== End log output ==== Ubuntu 20.04 Kernel: 5.4 Compiler: gcc gcc (Ubuntu 9.4.0-1ubuntu1~20.04.2) 9.4.0 Red Hat Enterprise Linux 9.5 Kernel: 5.4 Compiler: gcc gcc (GCC) 11.5.0 20240719 (Red Hat 11.5.0-2) Debian GNU/Linux 12 Kernel: 5.4 Compiler: gcc gcc (Debian 12.2.0-14+deb12u1) 12.2.0 Fedora Linux 42 Kernel: 5.4 Compiler: gcc gcc (GCC) 15.2.1 20250808 (Red Hat 15.2.1-1) Ubuntu 22.04 Kernel: 5.4 Compiler: gcc gcc (Ubuntu 11.4.0-1ubuntu1~22.04) 11.4.0 Ubuntu 24.04 Kernel: 5.4 Compiler: gcc gcc (Ubuntu 13.3.0-6ubuntu2~24.04) 13.3.0 CentOS Stream 9 Kernel: 5.4 Compiler: gcc gcc (GCC) 11.5.0 20240719 (Red Hat 11.5.0-11) CentOS Stream 10 Kernel: 5.4 Compiler: gcc gcc (GCC) 14.2.1 20250110 (Red Hat 14.2.1-8) To view detailed results, visit: https://lab.dpdk.org/results/dashboard/patchsets/34190/ UNH-IOL DPDK Community Lab To manage your email subscriptions, visit: https://lab.dpdk.org/results/dashboard/preferences/subscriptions/