automatic DPDK test reports
 help / color / mirror / Atom feed
From: dpdklab@iol.unh.edu
To: Test Report <test-report@dpdk.org>
Cc: dpdk-test-reports@iol.unh.edu,
	Bruce Richardson <bruce.richardson@intel.com>,
	Vladimir Medvedkin <vladimir.medvedkin@intel.com>
Subject: |FAILURE| pw157261-157263 [PATCH] [v5,3/3] net/ice: add PFC statisti
Date: Sat, 04 Oct 2025 04:48:37 -0700 (PDT)	[thread overview]
Message-ID: <68e10995.050a0220.1024e8.17c4SMTPIN_ADDED_MISSING@mx.google.com> (raw)
In-Reply-To: <20251003124037.342760-4-vladimir.medvedkin@intel.com>

Test-Label: iol-unit-arm64-testing
Test-Status: FAILURE
http://dpdk.org/patch/157263

_Testing issues_

Submitter: Vladimir Medvedkin <vladimir.medvedkin@intel.com>
Date: Friday, October 03 2025 12:40:37 
DPDK git baseline: Repo:dpdk-next-net-intel
  Branch: master
  CommitID:e7d8cc7ef4df3552575525697079d3c957cfcdaf

157261-157263 --> testing issues

Upstream job id: Generic-Unit-Test-DPDK#378268

Test environment and result as below:

+------------------------------+---------------------------+------------------------------+--------------+----------------+
|         Environment          | cryptodev_sw_zuc_autotest | cryptodev_sw_snow3g_autotest | lpm_autotest | dpdk_unit_test |
+==============================+===========================+==============================+==============+================+
| Debian 12 (arm)              | WARN                      | PEND                         | SKIPPED      | SKIPPED        |
+------------------------------+---------------------------+------------------------------+--------------+----------------+
| Ubuntu 20.04                 | SKIPPED                   | SKIPPED                      | PASS         | PEND           |
+------------------------------+---------------------------+------------------------------+--------------+----------------+
| Ubuntu 22.04                 | SKIPPED                   | SKIPPED                      | SKIPPED      | PEND           |
+------------------------------+---------------------------+------------------------------+--------------+----------------+
| CentOS Stream 10             | SKIPPED                   | SKIPPED                      | SKIPPED      | PEND           |
+------------------------------+---------------------------+------------------------------+--------------+----------------+
| CentOS Stream 9              | SKIPPED                   | SKIPPED                      | SKIPPED      | PEND           |
+------------------------------+---------------------------+------------------------------+--------------+----------------+
| Debian GNU/Linux 12          | SKIPPED                   | SKIPPED                      | SKIPPED      | PEND           |
+------------------------------+---------------------------+------------------------------+--------------+----------------+
| Fedora Linux 41              | SKIPPED                   | SKIPPED                      | SKIPPED      | PEND           |
+------------------------------+---------------------------+------------------------------+--------------+----------------+
| Fedora Linux 40              | SKIPPED                   | SKIPPED                      | SKIPPED      | PEND           |
+------------------------------+---------------------------+------------------------------+--------------+----------------+
| Fedora Linux 42              | SKIPPED                   | SKIPPED                      | SKIPPED      | PEND           |
+------------------------------+---------------------------+------------------------------+--------------+----------------+
| Red Hat Enterprise Linux 9.5 | SKIPPED                   | SKIPPED                      | SKIPPED      | PEND           |
+------------------------------+---------------------------+------------------------------+--------------+----------------+
| Ubuntu 24.04                 | SKIPPED                   | SKIPPED                      | SKIPPED      | PEND           |
+------------------------------+---------------------------+------------------------------+--------------+----------------+

==== 20 line log output for Debian 12 (arm) (cryptodev_sw_zuc_autotest): ====
[2103/3763] Compiling C object drivers/libtmp_rte_net_mlx5.a.p/net_mlx5_mlx5_flow_flex.c.o
[2104/3763] Compiling C object drivers/libtmp_rte_net_mlx5.a.p/net_mlx5_mlx5_flow_geneve.c.o
[2105/3763] Compiling C object drivers/libtmp_rte_net_mlx5.a.p/net_mlx5_mlx5_flow_meter.c.o
[2106/3763] Compiling C object drivers/libtmp_rte_net_mlx5.a.p/net_mlx5_mlx5_mac.c.o
[2107/3763] Compiling C object drivers/libtmp_rte_net_mlx5.a.p/net_mlx5_mlx5_nta_rss.c.o
[2108/3763] Compiling C object drivers/libtmp_rte_net_ice.a.p/net_intel_ice_ice_ethdev.c.o
FAILED: drivers/libtmp_rte_net_ice.a.p/net_intel_ice_ice_ethdev.c.o
ccache cc -Idrivers/libtmp_rte_net_ice.a.p -Idrivers -I../drivers -Idrivers/net/intel/ice -I../drivers/net/intel/ice -Idrivers/net/intel/ice/base -I../drivers/net/intel/ice/base -Ilib/ethdev -I../lib/ethdev -Ilib/eal/common -I../lib/eal/common -I. -I.. -Iconfig -I../config -Ilib/eal/include -I../lib/eal/include -Ilib/eal/linux/include -I../lib/eal/linux/include -Ilib/eal/arm/include -I../lib/eal/arm/include -I../kernel/linux -Ilib/eal -I../lib/eal -Ilib/kvargs -I../lib/kvargs -Ilib/log -I../lib/log -Ilib/metrics -I../lib/metrics -Ilib/telemetry -I../lib/telemetry -Ilib/net -I../lib/net -Ilib/mbuf -I../lib/mbuf -Ilib/mempool -I../lib/mempool -Ilib/ring -I../lib/ring -Ilib/meter -I../lib/meter -Idrivers/bus/pci -I../drivers/bus/pci -I../drivers/bus/pci/linux -Ilib/pci -I../lib/pci -Idrivers/bus/vdev -I../drivers/bus/vdev -Ilib/hash -I../lib/hash -Ilib/rcu -I../lib/rcu -Idrivers/net/intel/iavf -I../drivers/net/intel/iavf -I../drivers/net/intel/iavf/base -Ilib/security -I../lib/security 
 -Ilib/cryptodev -I../lib/cryptodev -fdiagnostics-color=always -pipe -D_FILE_OFFSET_BITS=64 -Wall -Winvalid-pch -Wextra -Werror -std=c11 -O3 -include rte_config.h -Wvla -Wcast-qual -Wdeprecated -Wformat -Wformat-nonliteral -Wformat-security -Wmissing-declarations -Wmissing-prototypes -Wnested-externs -Wold-style-definition -Wpointer-arith -Wsign-compare -Wstrict-prototypes -Wundef -Wwrite-strings -Wno-packed-not-aligned -Wno-missing-field-initializers -D_GNU_SOURCE -march=armv8-a+crc+crypto -fPIC -march=armv8-a+crc -moutline-atomics -DALLOW_EXPERIMENTAL_API -DALLOW_INTERNAL_API -Wno-format-truncation -Wno-address-of-packed-member -DRTE_LOG_DEFAULT_LOGTYPE=pmd.net.ice -MD -MQ drivers/libtmp_rte_net_ice.a.p/net_intel_ice_ice_ethdev.c.o -MF drivers/libtmp_rte_net_ice.a.p/net_intel_ice_ice_ethdev.c.o.d -o drivers/libtmp_rte_net_ice.a.p/net_intel_ice_ice_ethdev.c.o -c ../drivers/net/intel/ice/ice_ethdev.c
../drivers/net/intel/ice/ice_ethdev.c: In function 'ice_get_dcb_info':
../drivers/net/intel/ice/ice_ethdev.c:3975:26: error: 'ctxt' may be used uninitialized [-Werror=maybe-uninitialized]
3975 |                 uint16_t tc_rx_q_map = rte_le_to_cpu_16(ctxt.info.tc_mapping[i]);
|                          ^~~~~~~~~~~
../drivers/net/intel/ice/ice_ethdev.c:3962:28: note: 'ctxt' declared here
3962 |         struct ice_vsi_ctx ctxt = { 0 };
|                            ^~~~
cc1: all warnings being treated as errors
[2109/3763] Compiling C object drivers/libtmp_rte_net_mlx5.a.p/net_mlx5_mlx5_rss.c.o
[2110/3763] Compiling C object drivers/libtmp_rte_net_ice.a.p/net_intel_ice_ice_rxtx.c.o
[2111/3763] Generating rte_net_mlx4.sym_chk with a custom command (wrapped by meson to capture output)
ninja: build stopped: subcommand failed.
==== End log output ====

Debian 12 (arm)
	Kernel: Depends on container host
	Compiler: gcc (Debian 12.2.0-14) 12.2.0

Ubuntu 20.04
	Kernel: 5.4
	Compiler: gcc gcc (Ubuntu 9.4.0-1ubuntu1~20.04.2) 9.4.0

Ubuntu 22.04
	Kernel: 5.15
	Compiler: gcc gcc (Ubuntu 11.4.0-1ubuntu1~22.04.2) 11.4.0

CentOS Stream 10
	Kernel: 5.4
	Compiler: gcc gcc (GCC) 14.2.1 20250110 (Red Hat 14.2.1-8)

CentOS Stream 9
	Kernel: 5.4
	Compiler: gcc gcc (GCC) 11.5.0 20240719 (Red Hat 11.5.0-11)

Debian GNU/Linux 12
	Kernel: 5.4
	Compiler: gcc gcc (Debian 12.2.0-14+deb12u1) 12.2.0

Fedora Linux 41
	Kernel: 5.4
	Compiler: gcc gcc (GCC) 14.3.1 20250523 (Red Hat 14.3.1-1)

Fedora Linux 40
	Kernel: 5.4
	Compiler: gcc gcc (GCC) 14.2.1 20240912 (Red Hat 14.2.1-3)

Fedora Linux 42
	Kernel: 5.4
	Compiler: gcc gcc (GCC) 15.2.1 20250808 (Red Hat 15.2.1-1)

Red Hat Enterprise Linux 9.5
	Kernel: 5.4
	Compiler: gcc gcc (GCC) 11.5.0 20240719 (Red Hat 11.5.0-2)

Ubuntu 24.04
	Kernel: 5.4
	Compiler: gcc gcc (Ubuntu 13.3.0-6ubuntu2~24.04) 13.3.0

To view detailed results, visit:
https://lab.dpdk.org/results/dashboard/patchsets/34210/

UNH-IOL DPDK Community Lab

To manage your email subscriptions, visit: 
https://lab.dpdk.org/results/dashboard/preferences/subscriptions/

      parent reply	other threads:[~2025-10-04 11:48 UTC|newest]

Thread overview: 23+ messages / expand[flat|nested]  mbox.gz  Atom feed  top
     [not found] <20251003124037.342760-4-vladimir.medvedkin@intel.com>
2025-10-03 12:11 ` |SUCCESS| pw157261-157263 [PATCH v5 3/3] net/ice: add PFC statistics qemudev
2025-10-03 12:16 ` qemudev
2025-10-03 12:41 ` |SUCCESS| pw157263 " checkpatch
2025-10-03 13:13 ` |PENDING| pw157261-157263 [PATCH] [v5,3/3] net/ice: add PFC statisti dpdklab
2025-10-03 13:16 ` dpdklab
2025-10-03 13:17 ` |SUCCESS| " dpdklab
2025-10-03 13:21 ` |PENDING| " dpdklab
2025-10-03 13:22 ` |SUCCESS| " dpdklab
2025-10-03 13:25 ` |PENDING| " dpdklab
2025-10-03 13:35 ` |SUCCESS| " dpdklab
2025-10-03 13:35 ` |FAILURE| pw157263 [PATCH v5 3/3] net/ice: add PFC statistics 0-day Robot
2025-10-03 13:38 ` |SUCCESS| pw157261-157263 [PATCH] [v5,3/3] net/ice: add PFC statisti dpdklab
2025-10-03 13:39 ` dpdklab
2025-10-03 13:47 ` dpdklab
2025-10-03 13:56 ` dpdklab
2025-10-03 14:05 ` dpdklab
2025-10-03 14:09 ` dpdklab
2025-10-03 14:11 ` dpdklab
2025-10-03 14:15 ` dpdklab
2025-10-03 14:37 ` dpdklab
2025-10-03 14:37 ` dpdklab
2025-10-04  6:54 ` dpdklab
2025-10-04 11:48 ` dpdklab [this message]

Reply instructions:

You may reply publicly to this message via plain-text email
using any one of the following methods:

* Save the following mbox file, import it into your mail client,
  and reply-to-all from there: mbox

  Avoid top-posting and favor interleaved quoting:
  https://en.wikipedia.org/wiki/Posting_style#Interleaved_style

* Reply using the --to, --cc, and --in-reply-to
  switches of git-send-email(1):

  git send-email \
    --in-reply-to=68e10995.050a0220.1024e8.17c4SMTPIN_ADDED_MISSING@mx.google.com \
    --to=dpdklab@iol.unh.edu \
    --cc=bruce.richardson@intel.com \
    --cc=dpdk-test-reports@iol.unh.edu \
    --cc=test-report@dpdk.org \
    --cc=vladimir.medvedkin@intel.com \
    /path/to/YOUR_REPLY

  https://kernel.org/pub/software/scm/git/docs/git-send-email.html

* If your mail client supports setting the In-Reply-To header
  via mailto: links, try the mailto: link
Be sure your reply has a Subject: header at the top and a blank line before the message body.
This is a public inbox, see mirroring instructions
for how to clone and mirror all data and code used for this inbox;
as well as URLs for NNTP newsgroup(s).