From: dpdklab@iol.unh.edu
To: Test Report <test-report@dpdk.org>
Cc: dpdk-test-reports@iol.unh.edu
Subject: |SUCCESS| pw157197-157198 [PATCH] [v5,2/2] crypto/ipsec-mb: use cons
Date: Sat, 04 Oct 2025 21:01:28 -0700 (PDT) [thread overview]
Message-ID: <68e1ed98.050a0220.634b6.9804SMTPIN_ADDED_MISSING@mx.google.com> (raw)
In-Reply-To: <20251001153242.55987-2-kai.ji@intel.com>
Test-Label: iol-compile-arm64-testing
Test-Status: SUCCESS
http://dpdk.org/patch/157198
_Testing PASS_
Submitter: Kai Ji <kai.ji@intel.com>
Date: Wednesday, October 01 2025 15:32:42
DPDK git baseline: Repo:dpdk
Branch: master
CommitID:2ffda8c2e357662354ee6ddcca769258c33642a9
157197-157198 --> testing pass
Upstream job id: Generic-DPDK-Compile-Meson#430871
Test environment and result as below:
+------------------------------+--------------------+
| Environment | dpdk_meson_compile |
+==============================+====================+
| Red Hat Enterprise Linux 9.5 | PASS |
+------------------------------+--------------------+
| Ubuntu 20.04 | PASS |
+------------------------------+--------------------+
| Debian GNU/Linux 12 | PASS |
+------------------------------+--------------------+
| Fedora Linux 42 | PASS |
+------------------------------+--------------------+
| Ubuntu 22.04 | PASS |
+------------------------------+--------------------+
| Ubuntu 24.04 | PASS |
+------------------------------+--------------------+
| CentOS Stream 9 | PASS |
+------------------------------+--------------------+
| CentOS Stream 10 | PASS |
+------------------------------+--------------------+
Red Hat Enterprise Linux 9.5
Kernel: 5.4
Compiler: gcc gcc (GCC) 11.5.0 20240719 (Red Hat 11.5.0-2)
Ubuntu 20.04
Kernel: 5.15
Compiler: aarch64-linux-gnu-gcc gcc (Ubuntu 9.4.0-1ubuntu1~20.04.2) 9.4.0
Debian GNU/Linux 12
Kernel: 5.4
Compiler: gcc gcc (Debian 12.2.0-14+deb12u1) 12.2.0
Fedora Linux 42
Kernel: 5.4
Compiler: gcc gcc (GCC) 15.2.1 20250808 (Red Hat 15.2.1-1)
Ubuntu 22.04
Kernel: 5.4
Compiler: gcc gcc (Ubuntu 11.4.0-1ubuntu1~22.04) 11.4.0
Ubuntu 24.04
Kernel: 5.4
Compiler: gcc gcc (Ubuntu 13.3.0-6ubuntu2~24.04) 13.3.0
CentOS Stream 9
Kernel: 5.4
Compiler: gcc gcc (GCC) 11.5.0 20240719 (Red Hat 11.5.0-11)
CentOS Stream 10
Kernel: 5.4
Compiler: gcc gcc (GCC) 14.2.1 20250110 (Red Hat 14.2.1-8)
To view detailed results, visit:
https://lab.dpdk.org/results/dashboard/patchsets/34195/
UNH-IOL DPDK Community Lab
To manage your email subscriptions, visit:
https://lab.dpdk.org/results/dashboard/preferences/subscriptions/
prev parent reply other threads:[~2025-10-05 4:01 UTC|newest]
Thread overview: 24+ messages / expand[flat|nested] mbox.gz Atom feed top
[not found] <20251001153242.55987-2-kai.ji@intel.com>
2025-10-01 14:59 ` |SUCCESS| pw157197-157198 [dpdk-dev v5 2/2] crypto/ipsec-mb: use constant-time memory comparison qemudev
2025-10-01 15:04 ` qemudev
2025-10-01 15:34 ` |SUCCESS| pw157198 " checkpatch
2025-10-01 16:21 ` |SUCCESS| pw157197-157198 [PATCH] [v5,2/2] crypto/ipsec-mb: use cons dpdklab
2025-10-01 16:25 ` dpdklab
2025-10-01 16:26 ` dpdklab
2025-10-01 16:27 ` |PENDING| " dpdklab
2025-10-01 16:32 ` dpdklab
2025-10-01 16:39 ` |SUCCESS| " dpdklab
2025-10-01 16:41 ` |FAILURE| pw157198 [dpdk-dev v5 2/2] crypto/ipsec-mb: use constant-time memory comparison 0-day Robot
2025-10-01 16:47 ` |SUCCESS| pw157197-157198 [PATCH] [v5,2/2] crypto/ipsec-mb: use cons dpdklab
2025-10-01 16:47 ` dpdklab
2025-10-01 16:58 ` dpdklab
2025-10-01 17:06 ` dpdklab
2025-10-01 17:24 ` dpdklab
2025-10-01 17:27 ` dpdklab
2025-10-01 17:30 ` dpdklab
2025-10-01 17:43 ` dpdklab
2025-10-01 17:50 ` dpdklab
2025-10-01 17:58 ` dpdklab
2025-10-02 19:58 ` dpdklab
2025-10-04 11:16 ` |PENDING| " dpdklab
2025-10-04 12:38 ` |SUCCESS| " dpdklab
2025-10-05 4:01 ` dpdklab [this message]
Reply instructions:
You may reply publicly to this message via plain-text email
using any one of the following methods:
* Save the following mbox file, import it into your mail client,
and reply-to-all from there: mbox
Avoid top-posting and favor interleaved quoting:
https://en.wikipedia.org/wiki/Posting_style#Interleaved_style
* Reply using the --to, --cc, and --in-reply-to
switches of git-send-email(1):
git send-email \
--in-reply-to=68e1ed98.050a0220.634b6.9804SMTPIN_ADDED_MISSING@mx.google.com \
--to=dpdklab@iol.unh.edu \
--cc=dpdk-test-reports@iol.unh.edu \
--cc=test-report@dpdk.org \
/path/to/YOUR_REPLY
https://kernel.org/pub/software/scm/git/docs/git-send-email.html
* If your mail client supports setting the In-Reply-To header
via mailto: links, try the mailto: link
Be sure your reply has a Subject: header at the top and a blank line
before the message body.
This is a public inbox, see mirroring instructions
for how to clone and mirror all data and code used for this inbox;
as well as URLs for NNTP newsgroup(s).