From mboxrd@z Thu Jan 1 00:00:00 1970 Return-Path: Received: from mails.dpdk.org (mails.dpdk.org [217.70.189.124]) by inbox.dpdk.org (Postfix) with ESMTP id 04BD0488B1 for ; Sun, 5 Oct 2025 06:20:08 +0200 (CEST) Received: from mails.dpdk.org (localhost [127.0.0.1]) by mails.dpdk.org (Postfix) with ESMTP id ABC4E402A1; Sun, 5 Oct 2025 06:20:07 +0200 (CEST) Received: from mail-pl1-f226.google.com (mail-pl1-f226.google.com [209.85.214.226]) by mails.dpdk.org (Postfix) with ESMTP id 8EE78402A1 for ; Sun, 5 Oct 2025 06:20:05 +0200 (CEST) Received: by mail-pl1-f226.google.com with SMTP id d9443c01a7336-27edcbbe7bfso56751255ad.0 for ; Sat, 04 Oct 2025 21:20:05 -0700 (PDT) DKIM-Signature: v=1; a=rsa-sha256; c=relaxed/relaxed; d=iol.unh.edu; s=unh-iol; t=1759638005; x=1760242805; darn=dpdk.org; h=cc:to:from:subject:message-id:date:from:to:cc:subject:date :message-id:reply-to; bh=6f0G30RhpHlOtaMmqKGHYoVHZVnQAtTEWad0KizMC48=; b=btIXZSyQ9W/e2y9e3YCK33QyYEAxIMTV8IHWABihNn7LDL0YboXBLBfGb69T8dCp+i mxVl0voaAAcPAdCO2eY4Ru/dREUcvgK9P42v8wB3C1tFJ+hybk8nTyFEr/AWOYIW/atg ZlS2MsStgTjEUwlPW7mAG/d1jRRD87AntO1T8= X-Google-DKIM-Signature: v=1; a=rsa-sha256; c=relaxed/relaxed; d=1e100.net; s=20230601; t=1759638005; x=1760242805; h=cc:to:from:subject:message-id:date:x-gm-message-state:from:to:cc :subject:date:message-id:reply-to; bh=6f0G30RhpHlOtaMmqKGHYoVHZVnQAtTEWad0KizMC48=; b=wq15KMk+8QFPAf8KoFJdkI9XmbQu8A/mKljYqKxdOxZMAdNZw5LOadz4qHyqZf05yA IP6gwIDuJGA3m6oeCIVBQUI1CIdvicwFvARg6wZu/KjBlbRGFAaOwwvXHHvmJ+x11pAr r6Td3OtwhBVaExlT1s4KfuGZZaZBeLyAIf1n+50sS6I02g1h8eP4UZnWb5x+8alyEaGs t4JuqhC4t64oas1cm0dyAjebCV0PhghZe/i/2P2fpjVYWgQ28ArKwRnexQ4rSOnJLw/4 wG+LWndN5l+BeAVOhWK+7XGnBZ8gNGJAy4gsbXdOLryMxYUG3amMJQ6YbRZ8EquY3lwI IySg== X-Gm-Message-State: AOJu0YzbbSoEgRX3BhX/H6CBiaK0V2UVB4O4A8+OjBUry0DL2GOjos9d rqQgjz1awEw8Cw+roix0RgSKHZjAUzOB8Cj8e8KkWlNALgKuz/qOO2ZVRKNrSKd4yEpnPDVaZsN //eHWNdAQc7khPZDzfux7h6Dn13X+ZE1izXmMZl/DqwKl8H5J038N X-Gm-Gg: ASbGncsEIWOAQi61yHJUy7xGIe3T+W0CxiIpzJ4lXKHE9riIqEuGZ8/uUouCMIz6+da Gylo+Z6rczMlZYlCnB02z93PCVrT5ApxJllsh2a8uG4NMq4Nxe3KFaQQh2yj1WW6BwYBfNs+xTi BJFr2XYkXKh9dn5PfoGWwmnJnfPJo50lm3EWG9H78I12trc4UZL92RM+98ZcxU+0QwKSwG79LoE 3RFx9qbiw9IGA+kW7/BZ8jpXhZXqoJnMsdA1mBE9oPTr9PcSmc7OBpwR5l1lE806x0pq1P4+4gM IP0QmqS4iw+6PJEj3Ce/mADiEn4GGGFXsIllSRj0319ZGyJs7gtJLg0= X-Google-Smtp-Source: AGHT+IFQfnFxpWZ0ufCQXsGG8SS97ZTpcba2JoxLRq+qqmZBtP9iHYDExKEFDspS5Vy5RkbY55Z6jt2dT2PU X-Received: by 2002:a17:902:d551:b0:24c:cb60:f6f0 with SMTP id d9443c01a7336-28e9a693f8fmr94873455ad.58.1759638004192; Sat, 04 Oct 2025 21:20:04 -0700 (PDT) Received: from postal.iol.unh.edu (postal.iol.unh.edu. [2606:4100:3880:1234::84]) by smtp-relay.gmail.com with ESMTPS id d9443c01a7336-28e8d12c89bsm7238555ad.32.2025.10.04.21.20.04 (version=TLS1_2 cipher=ECDHE-ECDSA-AES128-GCM-SHA256 bits=128/128); Sat, 04 Oct 2025 21:20:04 -0700 (PDT) X-Relaying-Domain: iol.unh.edu Date: Sat, 04 Oct 2025 21:20:04 -0700 (PDT) Message-ID: <68e1f1f4.170a0220.409ed.7f90SMTPIN_ADDED_MISSING@mx.google.com> Received: from [172.21.0.2] (unknown [172.18.0.240]) by postal.iol.unh.edu (Postfix) with ESMTP id 7A3A96051830; Sun, 5 Oct 2025 00:20:03 -0400 (EDT) Subject: |FAILURE| [GIT MASTER] 62f583c49bf67dd4d6733ece14e55fe6839e66d1 From: dpdklab@iol.unh.edu To: Test Report Cc: dpdk-test-reports@iol.unh.edu, Xueming Li , Christian Ehrhardt , Kevin Traynor , Luca Boccassi Content-Type: text/plain X-BeenThere: test-report@dpdk.org X-Mailman-Version: 2.1.29 Precedence: list List-Id: automatic DPDK test reports List-Unsubscribe: , List-Archive: List-Post: List-Help: List-Subscribe: , Errors-To: test-report-bounces@dpdk.org _Testing issues_ Branch: tags/v23.11 62f583c49bf67dd4d6733ece14e55fe6839e66d1 --> testing issues Upstream job id: Windows-Compile-DPDK-Native#31423 Test environment and result as below: +---------------------+--------------------+-------------------+-------------------------+ | Environment | dpdk_meson_compile | dpdk_msvc_compile | dpdk_llvm_clang_compile | +=====================+====================+===================+=========================+ | Ubuntu 20.04 | PASS | SKIPPED | SKIPPED | +---------------------+--------------------+-------------------+-------------------------+ | FreeBSD 14.2 | PEND | SKIPPED | SKIPPED | +---------------------+--------------------+-------------------+-------------------------+ | Windows Server 2022 | SKIPPED | PASS | FAIL | +---------------------+--------------------+-------------------+-------------------------+ ==== 20 line log output for Windows Server 2022 (dpdk_llvm_clang_compile): ==== Compiler for C supports arguments -mavx512f: YES (cached) Compiler for C supports arguments -mavx512bw: YES (cached) Compiler for C supports arguments -mavx512dq: YES (cached) Compiler for C supports arguments -march=skylake-avx512: YES Message: drivers/common/idpf: Defining dependency "common_idpf" Message: drivers/bus/auxiliary: Defining dependency "bus_auxiliary" Compiler for C supports arguments -Wno-cast-qual: YES (cached) Compiler for C supports arguments -Wno-pointer-arith: YES (cached) Message: drivers/bus/pci: Defining dependency "bus_pci" Message: drivers/bus/vdev: Defining dependency "bus_vdev" Compiler for C supports arguments -std=c11: YES Compiler for C supports arguments -Wno-strict-prototypes: YES Compiler for C supports arguments -D_BSD_SOURCE: YES Compiler for C supports arguments -D_DEFAULT_SOURCE: YES Compiler for C supports arguments -D_XOPEN_SOURCE=600: YES Has header "mlx5devx.h" : YES drivers\common\mlx5\windows\meson.build:10:13: ERROR: C shared or static library 'mlx5devx' not found A full log can be found at C:\Users\builder\jenkins\workspace\Windows-Compile-DPDK-Native\dpdk\build\meson-logs\meson-log.txt ==== End log output ==== Ubuntu 20.04 Kernel: 4.19 Compiler: gcc gcc (Ubuntu 9.4.0-1ubuntu1~20.04.2) 9.4.0 FreeBSD 14.2 Kernel: 14.2-RELEASE Compiler: clang 18.1.6 Windows Server 2022 Kernel: 10.0.20348.2031 Compiler: clang 15.0.7, gcc 14.1.0 (MinGW), and MSVC VS 19.39.33521 To view detailed results, visit: https://lab.dpdk.org/results/dashboard/tarballs/35109/ UNH-IOL DPDK Community Lab To manage your email subscriptions, visit: https://lab.dpdk.org/results/dashboard/preferences/subscriptions/