From mboxrd@z Thu Jan 1 00:00:00 1970 Return-Path: Received: from mails.dpdk.org (mails.dpdk.org [217.70.189.124]) by inbox.dpdk.org (Postfix) with ESMTP id AF874488B1 for ; Sun, 5 Oct 2025 06:25:55 +0200 (CEST) Received: from mails.dpdk.org (localhost [127.0.0.1]) by mails.dpdk.org (Postfix) with ESMTP id 925DB402A1; Sun, 5 Oct 2025 06:25:55 +0200 (CEST) Received: from mail-oo1-f100.google.com (mail-oo1-f100.google.com [209.85.161.100]) by mails.dpdk.org (Postfix) with ESMTP id 10341402A1 for ; Sun, 5 Oct 2025 06:25:54 +0200 (CEST) Received: by mail-oo1-f100.google.com with SMTP id 006d021491bc7-64439bef307so1034060eaf.3 for ; Sat, 04 Oct 2025 21:25:53 -0700 (PDT) DKIM-Signature: v=1; a=rsa-sha256; c=relaxed/relaxed; d=iol.unh.edu; s=unh-iol; t=1759638353; x=1760243153; darn=dpdk.org; h=cc:to:from:subject:message-id:date:from:to:cc:subject:date :message-id:reply-to; bh=02MjyFbovL32sh/wmjFeBWtmg1gfCxruleyrLxenRX4=; b=D9ZRHdoNECioRmEHtL2CWWUY3sNCM5LRDLBtaQi/8Om/klDvuJUmJcw4vpz91ytLEt 5sVeLbbosqzxVLTpiL7FUgd38Bo1rj3HrydFQsmvhF6dywrbXoYMcLSlWYFxddW53T7f xRWqiD7Mc+HeLJYBT0YxhxnJynHWsIDMA+HhY= X-Google-DKIM-Signature: v=1; a=rsa-sha256; c=relaxed/relaxed; d=1e100.net; s=20230601; t=1759638353; x=1760243153; h=cc:to:from:subject:message-id:date:x-gm-message-state:from:to:cc :subject:date:message-id:reply-to; bh=02MjyFbovL32sh/wmjFeBWtmg1gfCxruleyrLxenRX4=; b=hMHdZ+KTUHLiEQE8uHB2JZ4ML5Cpt83cnCtURcPIYWMvuQgUhgeBATilfA6DVNjOQ4 q5QZg/MZpSRF7TUPV5SqyWEdH6wgm24Gs9v4qGKJ2kgWDxZFDGsoBWrpRzzsuksZ/VHH ChVxhuxLMGi14vrwB21zQNkZySam2q5DMVT2Z0M0meWnwmPeXQ2vwAKsQc+0AAb/ulk+ LCuZUbuZ4mJvGgTWxQMQIIGkbEhHikYZYjnkqJ2bEbZg0j02/BnEdK3k+Atum9xJCnQp 9avkT+qqu0HM2RnmRD/0O9BxlklOZaFcSJ8108p4+fz4JmeRIhm0wThNBESFnHrwfeB2 Xf8w== X-Gm-Message-State: AOJu0YzEC6ETqs6FItX3EkjPhU7F40Pctql3rcqH/7TAO7fptu7ia2Mo HkPSsL2t/zubl4572zwkEurA1YT45HXsDQfUgjVVOoVV+Rk/7jAJ+YORCLNu6/7Oa4ahs5JHzGE cfjvrQzSQktKDf9sPpWfKM5a7cd01hVgdK/QX X-Gm-Gg: ASbGncvImUcIzAmrWHZq/lmviaqSesaSLXyHAWDll3IRri/+9cCDDOHLM65xu02yvte ECrZavVX0islYtJBrm5EqPdELOPxK9mBXHWbt66WAFEAf7wd9IGZjRwbWH7f3/HP7uukzwkK+yr uzEyELu4P9YemqibvkSLXN4G/icM0ogJjdvd7I3pfYVjoDmF3QUSPN1ulNrhVOgMDVN0TIu3tBz /WHZ4Ss7+HwY84EDwTixAiQXO6C8KX8LtzjxOcGCrxsU76O9ypbgzj18wW+SEpm0IVSZ6eUnfGn B3NAC+RCmldE6jS285K2DZYgQx1Ttm1BhKdT26nkKr6EGs0lwiHUZxN4Q3Z/f5oUZTgUgAoe7C2 4Iw== X-Google-Smtp-Source: AGHT+IGsWzcXgvTwiz+h56dXRUTUEbDahfXhUJTlVg8bAGAdvRdDERum/WzD7XKum0ksYqjfSE+eyFT+nx3w X-Received: by 2002:a05:6871:79a4:b0:34a:63ae:4bcb with SMTP id 586e51a60fabf-3b0fb7a177amr3632816fac.46.1759638353138; Sat, 04 Oct 2025 21:25:53 -0700 (PDT) Received: from postal.iol.unh.edu (postal.iol.unh.edu. [132.177.123.84]) by smtp-relay.gmail.com with ESMTPS id 586e51a60fabf-3ab81266d90sm708749fac.10.2025.10.04.21.25.53 (version=TLS1_2 cipher=ECDHE-ECDSA-AES128-GCM-SHA256 bits=128/128); Sat, 04 Oct 2025 21:25:53 -0700 (PDT) X-Relaying-Domain: iol.unh.edu Date: Sat, 04 Oct 2025 21:25:53 -0700 (PDT) Message-ID: <68e1f351.050a0220.22efee.6edaSMTPIN_ADDED_MISSING@mx.google.com> Received: from [172.21.0.3] (unknown [172.18.0.240]) by postal.iol.unh.edu (Postfix) with ESMTP id 9F1946051830; Sun, 5 Oct 2025 00:25:52 -0400 (EDT) Subject: |FAILURE| [GIT MASTER] 62f583c49bf67dd4d6733ece14e55fe6839e66d1 From: dpdklab@iol.unh.edu To: Test Report Cc: dpdk-test-reports@iol.unh.edu, Xueming Li , Christian Ehrhardt , Kevin Traynor , Luca Boccassi Content-Type: text/plain X-BeenThere: test-report@dpdk.org X-Mailman-Version: 2.1.29 Precedence: list List-Id: automatic DPDK test reports List-Unsubscribe: , List-Archive: List-Post: List-Help: List-Subscribe: , Errors-To: test-report-bounces@dpdk.org _Testing issues_ Branch: tags/v23.11 62f583c49bf67dd4d6733ece14e55fe6839e66d1 --> testing issues Upstream job id: Generic-VM-DPDK-Compile-Meson#38789 Test environment and result as below: +---------------------+--------------------+-------------------+-------------------------+----------------------+ | Environment | dpdk_meson_compile | dpdk_msvc_compile | dpdk_llvm_clang_compile | dpdk_mingw64_compile | +=====================+====================+===================+=========================+======================+ | Ubuntu 20.04 | PASS | SKIPPED | SKIPPED | SKIPPED | +---------------------+--------------------+-------------------+-------------------------+----------------------+ | FreeBSD 14.2 | PASS | SKIPPED | SKIPPED | SKIPPED | +---------------------+--------------------+-------------------+-------------------------+----------------------+ | Windows Server 2022 | SKIPPED | PASS | FAIL | PASS | +---------------------+--------------------+-------------------+-------------------------+----------------------+ ==== 20 line log output for Windows Server 2022 (dpdk_llvm_clang_compile): ==== Compiler for C supports arguments -mavx512f: YES (cached) Compiler for C supports arguments -mavx512bw: YES (cached) Compiler for C supports arguments -mavx512dq: YES (cached) Compiler for C supports arguments -march=skylake-avx512: YES Message: drivers/common/idpf: Defining dependency "common_idpf" Message: drivers/bus/auxiliary: Defining dependency "bus_auxiliary" Compiler for C supports arguments -Wno-cast-qual: YES (cached) Compiler for C supports arguments -Wno-pointer-arith: YES (cached) Message: drivers/bus/pci: Defining dependency "bus_pci" Message: drivers/bus/vdev: Defining dependency "bus_vdev" Compiler for C supports arguments -std=c11: YES Compiler for C supports arguments -Wno-strict-prototypes: YES Compiler for C supports arguments -D_BSD_SOURCE: YES Compiler for C supports arguments -D_DEFAULT_SOURCE: YES Compiler for C supports arguments -D_XOPEN_SOURCE=600: YES Has header "mlx5devx.h" : YES drivers\common\mlx5\windows\meson.build:10:13: ERROR: C shared or static library 'mlx5devx' not found A full log can be found at C:\Users\builder\jenkins\workspace\Windows-Compile-DPDK-Native\dpdk\build\meson-logs\meson-log.txt ==== End log output ==== Ubuntu 20.04 Kernel: 4.19 Compiler: gcc gcc (Ubuntu 9.4.0-1ubuntu1~20.04.2) 9.4.0 FreeBSD 14.2 Kernel: 14.2-RELEASE Compiler: clang 18.1.6 Windows Server 2022 Kernel: 10.0.20348.2031 Compiler: clang 15.0.7, gcc 14.1.0 (MinGW), and MSVC VS 19.39.33521 To view detailed results, visit: https://lab.dpdk.org/results/dashboard/tarballs/35109/ UNH-IOL DPDK Community Lab To manage your email subscriptions, visit: https://lab.dpdk.org/results/dashboard/preferences/subscriptions/