From mboxrd@z Thu Jan 1 00:00:00 1970 Return-Path: Received: from mails.dpdk.org (mails.dpdk.org [217.70.189.124]) by inbox.dpdk.org (Postfix) with ESMTP id BB7F5488B1 for ; Sun, 5 Oct 2025 06:46:12 +0200 (CEST) Received: from mails.dpdk.org (localhost [127.0.0.1]) by mails.dpdk.org (Postfix) with ESMTP id AFF3E402A1; Sun, 5 Oct 2025 06:46:12 +0200 (CEST) Received: from mail-pg1-f227.google.com (mail-pg1-f227.google.com [209.85.215.227]) by mails.dpdk.org (Postfix) with ESMTP id 0F0B1402A1 for ; Sun, 5 Oct 2025 06:46:12 +0200 (CEST) Received: by mail-pg1-f227.google.com with SMTP id 41be03b00d2f7-b523fb676efso3353667a12.3 for ; Sat, 04 Oct 2025 21:46:11 -0700 (PDT) DKIM-Signature: v=1; a=rsa-sha256; c=relaxed/relaxed; d=iol.unh.edu; s=unh-iol; t=1759639571; x=1760244371; darn=dpdk.org; h=cc:to:from:subject:message-id:date:from:to:cc:subject:date :message-id:reply-to; bh=z0MT6xE5HLM+bgyvzGankE2Uz+JyuDig99uaVnsU7/Q=; b=UcWZfU/kdsYqISg1DO8ClWsVNbROn0A8Q6nqEzEdW3iJ/CY3wb32NnU2hgI3YG6XXk zw02H+K4qieYXQ3WzkCElRznhjPU2NwnETUVLD3b+8CYFkB174DvYyNKth3xESLmECTE VFAMhyFPevrQnQbTTVsqpuzFqelrbqrE6h/b8= X-Google-DKIM-Signature: v=1; a=rsa-sha256; c=relaxed/relaxed; d=1e100.net; s=20230601; t=1759639571; x=1760244371; h=cc:to:from:subject:message-id:date:x-gm-message-state:from:to:cc :subject:date:message-id:reply-to; bh=z0MT6xE5HLM+bgyvzGankE2Uz+JyuDig99uaVnsU7/Q=; b=V8nksCQFQUOy/PSSheFikItB/NfJ5uZONEPqg39aWIo6Sl/GtjIMbnxcsjru0XVhRj 8CVmByVjk2NM2xdGUuZspGILkl6twg7crAeOge0cj0Y3H5/CTZtlRFi+WcoRWXaGOwej UgoZJOqepohQevL4wEfkDhp8euTE+HHugJ0U6fn4Ndy7EYQnmjDzNQlXDLZ7sVPKWnTh kGV1IX+G6aegt1ka7g24JymxW5KqlR0klAD2Z8PxEoP5vZTPePJ0JQn1FLB5AK9ffB6G J0DWv4BAQ37u9UVSzadtT1ehr0Su6XR/PoP5z6lsHe2b0A/IlOduyf/i7quQYj6bBefM 4jIQ== X-Gm-Message-State: AOJu0YxhasUoW9DZnWDUTWdngBOYV8MC6NmHIwgl3PHSDByFGnxmKHkA /jQYU7ciQud+78QEUEsKHQ5DJVNfVFXlv005fdpZL0HZAqGYyjuwzJWmAl3yIDhnM5oCWoG0uol vQFu71O1VKOkPVHylL04ZdwCCA2U1m8Ucrabd X-Gm-Gg: ASbGncvy9wlUSFsDaIfF2kwDzkL2ARkC5wtHhQdEsrRJioJKXu0lIXNDFcLr7dGOYnx H7GTruk4lXEa2ZVvL43Kp3zt61nNenyIsZgLMR7HFVX9V+PMkVpSrPcmD/Wc/oqZYzPw92WXpVv H/AyYjgbSHp1r8E1i+LurkDWJfAi3TYNkwxU914RR6NSJfzuw+WBfBCQIvyXzRR4hnGJzwoC7wk nXyS8wmr4qDFIPL9biS0WYlXHDNiuDpjQK3WEzzc42yVNG/MYifu5Q0nekA2PsKLHtJQxN5uBQF UehgL2qxcay4cLhvCI4UMWnoJTb6GHxSw1jq/XyiY3cpyODdpUxpj9Fb2UDiVycS+vKW1LiXTQR iKg== X-Google-Smtp-Source: AGHT+IEUyEn0hKWiYu044B6pbSMoZatObE473ju11lFe1CKMz7LIX5BtYgLM6EgC/cWMpGBjZ3IyBjnrSG9H X-Received: by 2002:a17:902:d550:b0:28e:a875:f7d1 with SMTP id d9443c01a7336-28ea875fa77mr50991205ad.10.1759639570971; Sat, 04 Oct 2025 21:46:10 -0700 (PDT) Received: from postal.iol.unh.edu (postal.iol.unh.edu. [132.177.123.84]) by smtp-relay.gmail.com with ESMTPS id d9443c01a7336-28e8d18127esm7585065ad.47.2025.10.04.21.46.10 (version=TLS1_2 cipher=ECDHE-ECDSA-AES128-GCM-SHA256 bits=128/128); Sat, 04 Oct 2025 21:46:10 -0700 (PDT) X-Relaying-Domain: iol.unh.edu Date: Sat, 04 Oct 2025 21:46:10 -0700 (PDT) Message-ID: <68e1f812.170a0220.3d391d.ac2dSMTPIN_ADDED_MISSING@mx.google.com> Received: from [172.21.0.2] (unknown [172.18.0.240]) by postal.iol.unh.edu (Postfix) with ESMTP id 702726051830; Sun, 5 Oct 2025 00:46:10 -0400 (EDT) Subject: |FAILURE| [GIT MASTER] 3b43ce3f4a54468e7ef65760c2fd7b4d6ee6d9fc From: dpdklab@iol.unh.edu To: Test Report Cc: dpdk-test-reports@iol.unh.edu, Xueming Li , Christian Ehrhardt , Kevin Traynor , Luca Boccassi Content-Type: text/plain X-BeenThere: test-report@dpdk.org X-Mailman-Version: 2.1.29 Precedence: list List-Id: automatic DPDK test reports List-Unsubscribe: , List-Archive: List-Post: List-Help: List-Subscribe: , Errors-To: test-report-bounces@dpdk.org _Testing issues_ Branch: tags/v22.11 3b43ce3f4a54468e7ef65760c2fd7b4d6ee6d9fc --> testing issues Upstream job id: Generic-Unit-Test-DPDK#378528 Test environment and result as below: +-------------------------------+----------------+ | Environment | dpdk_unit_test | +===============================+================+ | CentOS Stream 9 | FAIL | +-------------------------------+----------------+ | Fedora Linux 40 | PEND | +-------------------------------+----------------+ | Fedora Linux 41 | PEND | +-------------------------------+----------------+ | Fedora Linux 42 | PEND | +-------------------------------+----------------+ | Debian GNU/Linux 12 | PEND | +-------------------------------+----------------+ | CentOS Stream 10 | PEND | +-------------------------------+----------------+ | Ubuntu 24.04 | PEND | +-------------------------------+----------------+ | Ubuntu 20.04 | PASS | +-------------------------------+----------------+ | Red Hat Enterprise Linux 8.10 | PEND | +-------------------------------+----------------+ | Red Hat Enterprise Linux 9.5 | PEND | +-------------------------------+----------------+ | Ubuntu 22.04 | PEND | +-------------------------------+----------------+ | Windows Server 2022 | PASS | +-------------------------------+----------------+ ==== Unit test summary for CentOS Stream 9 (dpdk_unit_test): ==== ninja: Entering directory `/root/workspace/Generic-Unit-Test-DPDK/dpdk/build' ninja: no work to do. 1/105 DPDK:fast-tests / acl_autotest OK 7.28 s 2/105 DPDK:fast-tests / atomic_autotest OK 0.92 s 3/105 DPDK:fast-tests / bitmap_autotest OK 0.31 s 4/105 DPDK:fast-tests / bitops_autotest OK 0.21 s 5/105 DPDK:fast-tests / byteorder_autotest OK 0.37 s 6/105 DPDK:fast-tests / cksum_autotest OK 0.36 s 7/105 DPDK:fast-tests / cmdline_autotest OK 0.25 s 8/105 DPDK:fast-tests / common_autotest OK 1.03 s 9/105 DPDK:fast-tests / cpuflags_autotest OK 0.42 s 10/105 DPDK:fast-tests / debug_autotest OK 0.87 s 11/105 DPDK:fast-tests / devargs_autotest OK 0.41 s 12/105 DPDK:fast-tests / eal_flags_c_opt_autotest OK 1.75 s 13/105 DPDK:fast-tests / eal_flags_main_opt_autotest OK 0.57 s 14/105 DPDK:fast-tests / eal_flags_n_opt_autotest OK 1.00 s 15/105 DPDK:fast-tests / eal_flags_hpet_autotest OK 0.58 s 16/105 DPDK:fast-tests / eal_flags_no_huge_autotest OK 0.94 s 17/105 DPDK:fast-tests / eal_flags_a_opt_autotest OK 0.91 s 18/105 DPDK:fast-tests / eal_flags_b_opt_autotest OK 0.83 s 19/105 DPDK:fast-tests / eal_flags_vdev_opt_autotest OK 0.92 s 20/105 DPDK:fast-tests / eal_flags_r_opt_autotest OK 0.42 s 21/105 DPDK:fast-tests / eal_flags_mem_autotest OK 1.66 s 22/105 DPDK:fast-tests / eal_flags_file_prefix_autotest OK 10.59 s 23/105 DPDK:fast-tests / eal_flags_misc_autotest OK 3.74 s 24/105 DPDK:fast-tests / eal_fs_autotest OK 0.93 s 25/105 DPDK:fast-tests / errno_autotest OK 0.22 s 26/105 DPDK:fast-tests / ethdev_link_status OK 0.47 s 27/105 DPDK:fast-tests / event_ring_autotest OK 0.40 s 28/105 DPDK:fast-tests / fib_autotest OK 1.75 s 29/105 DPDK:fast-tests / fib6_autotest OK 2.02 s 30/105 DPDK:fast-tests / func_reentrancy_autotest OK 1.74 s 31/105 DPDK:fast-tests / hash_autotest OK 0.65 s 32/105 DPDK:fast-tests / interrupt_autotest OK 2.28 s 33/105 DPDK:fast-tests / ipfrag_autotest OK 0.17 s 34/105 DPDK:fast-tests / lcores_autotest OK 3.74 s 35/105 DPDK:fast-tests / logs_autotest OK 0.44 s 36/105 DPDK:fast-tests / lpm_autotest OK 9.69 s 37/105 DPDK:fast-tests / lpm6_autotest OK 12.46 s 38/105 DPDK:fast-tests / malloc_autotest OK 1.51 s 39/105 DPDK:fast-tests / mbuf_autotest OK 0.41 s 40/105 DPDK:fast-tests / mcslock_autotest OK 1.12 s 41/105 DPDK:fast-tests / memcpy_autotest OK 4.10 s 42/105 DPDK:fast-tests / memory_autotest OK 0.36 s 43/105 DPDK:fast-tests / mempool_autotest OK 0.67 s 44/105 DPDK:fast-tests / memzone_autotest OK 0.48 s 45/105 DPDK:fast-tests / meter_autotest OK 0.37 s 46/105 DPDK:fast-tests / multiprocess_autotest OK 0.54 s 47/105 DPDK:fast-tests / node_list_dump OK 0.40 s 48/105 DPDK:fast-tests / per_lcore_autotest OK 0.51 s 49/105 DPDK:fast-tests / pflock_autotest OK 0.42 s 50/105 DPDK:fast-tests / prefetch_autotest OK 0.32 s 51/105 DPDK:fast-tests / rcu_qsbr_autotest OK 0.56 s 52/105 DPDK:fast-tests / pie_autotest OK 0.41 s 53/105 DPDK:fast-tests / rib_autotest OK 10.38 s 54/105 DPDK:fast-tests / rib6_autotest OK 10.21 s 55/105 DPDK:fast-tests / ring_autotest OK 0.45 s 56/105 DPDK:fast-tests / rwlock_test1_autotest OK 0.43 s 57/105 DPDK:fast-tests / rwlock_rda_autotest OK 5.38 s 58/105 DPDK:fast-tests / rwlock_rds_wrm_autotest OK 5.38 s 59/105 DPDK:fast-tests / rwlock_rde_wro_autotest OK 5.27 s 60/105 DPDK:fast-tests / sched_autotest OK 0.47 s 61/105 DPDK:fast-tests / security_autotest OK 0.17 s 62/105 DPDK:fast-tests / seqlock_autotest SKIP 0.41 s 63/105 DPDK:fast-tests / spinlock_autotest OK 0.17 s 64/105 DPDK:fast-tests / stack_autotest OK 0.46 s 65/105 DPDK:fast-tests / stack_lf_autotest OK 0.60 s 66/105 DPDK:fast-tests / string_autotest OK 0.36 s 67/105 DPDK:fast-tests / tailq_autotest OK 0.28 s 68/105 DPDK:fast-tests / ticketlock_autotest OK 0.34 s 69/105 DPDK:fast-tests / timer_autotest OK 2.77 s 70/105 DPDK:fast-tests / user_delay_us OK 0.31 s 71/105 DPDK:fast-tests / version_autotest OK 0.41 s 72/105 DPDK:fast-tests / crc_autotest OK 0.46 s 73/105 DPDK:fast-tests / distributor_autotest OK 1.95 s 74/105 DPDK:fast-tests / eventdev_common_autotest OK 0.32 s 75/105 DPDK:fast-tests / fbarray_autotest OK 0.32 s 76/105 DPDK:fast-tests / hash_readwrite_func_autotest SKIP 0.30 s 77/105 DPDK:fast-tests / ipsec_autotest SKIP 0.28 s 78/105 DPDK:fast-tests / kni_autotest SKIP 0.42 s 79/105 DPDK:fast-tests / kvargs_autotest OK 0.24 s 80/105 DPDK:fast-tests / member_autotest OK 1.89 s 81/105 DPDK:fast-tests / power_cpufreq_autotest SKIP 0.33 s 82/105 DPDK:fast-tests / power_autotest OK 0.17 s 83/105 DPDK:fast-tests / power_kvm_vm_autotest SKIP 0.36 s 84/105 DPDK:fast-tests / power_intel_uncore_autotest SKIP 0.39 s 85/105 DPDK:fast-tests / reorder_autotest OK 0.49 s 86/105 DPDK:fast-tests / service_autotest OK 2.10 s 87/105 DPDK:fast-tests / thash_autotest OK 0.41 s 88/105 DPDK:fast-tests / threads_autotest OK 0.63 s 89/105 DPDK:fast-tests / trace_autotest OK 0.45 s 90/105 DPDK:fast-tests / trace_autotest_with_traces OK 0.37 s 91/105 DPDK:fast-tests / graph_autotest OK 0.19 s 92/105 DPDK:fast-tests / metrics_autotest OK 0.42 s 93/105 DPDK:fast-tests / telemetry_json_autotest OK 0.19 s 94/105 DPDK:fast-tests / telemetry_data_autotest OK 0.36 s 95/105 DPDK:fast-tests / table_autotest FAIL 2.04 s (exit status 255 or signal 127 SIGinvalid) 96/105 DPDK:fast-tests / ring_pmd_autotest OK 0.41 s 97/105 DPDK:fast-tests / event_eth_tx_adapter_autotest OK 0.98 s 98/105 DPDK:fast-tests / bitratestats_autotest OK 0.37 s 99/105 DPDK:fast-tests / latencystats_autotest OK 0.17 s 100/105 DPDK:fast-tests / pdump_autotest OK 5.77 s 101/105 DPDK:fast-tests / vdev_autotest OK 0.30 s 102/105 DPDK:fast-tests / bpf_autotest OK 0.36 s 103/105 DPDK:fast-tests / bpf_convert_autotest OK 0.44 s 104/105 DPDK:fast-tests / compressdev_autotest SKIP 0.28 s 105/105 DPDK:fast-tests / telemetry_all SKIP 0.02 s Ok: 95 Expected Fail: 0 Fail: 1 Unexpected Pass: 0 Skipped: 9 Timeout: 0 Full log written to /root/workspace/Generic-Unit-Test-DPDK/dpdk/build/meson-logs/testlog.txt Test log output from the failed test table_autotest: Sorry, we were not able to find the logs for this test. Download the log output from the CI site for this test run. ==== End log output ==== CentOS Stream 9 Kernel: 5.15 Compiler: gcc gcc (GCC) 11.5.0 20240719 (Red Hat 11.5.0-11) Fedora Linux 40 Kernel: 5.15 Compiler: gcc gcc (GCC) 14.2.1 20240912 (Red Hat 14.2.1-3) Fedora Linux 41 Kernel: 5.15 Compiler: gcc gcc (GCC) 14.3.1 20250523 (Red Hat 14.3.1-1) Fedora Linux 42 Kernel: 5.15 Compiler: gcc gcc (GCC) 15.2.1 20250808 (Red Hat 15.2.1-1) Debian GNU/Linux 12 Kernel: 5.15 Compiler: gcc gcc (Debian 12.2.0-14+deb12u1) 12.2.0 CentOS Stream 10 Kernel: 5.15 Compiler: gcc gcc (GCC) 14.2.1 20250110 (Red Hat 14.2.1-8) Ubuntu 24.04 Kernel: 5.15 Compiler: gcc gcc (Ubuntu 13.3.0-6ubuntu2~24.04) 13.3.0 Ubuntu 20.04 Kernel: 5.15 Compiler: gcc gcc (Ubuntu 9.4.0-1ubuntu1~20.04.2) 9.4.0 Red Hat Enterprise Linux 8.10 Kernel: 5.15 Compiler: gcc gcc (GCC) 8.5.0 20210514 (Red Hat 8.5.0-22) Red Hat Enterprise Linux 9.5 Kernel: 5.15 Compiler: gcc gcc (GCC) 11.5.0 20240719 (Red Hat 11.5.0-2) Ubuntu 22.04 Kernel: 5.15 Compiler: gcc gcc (Ubuntu 11.4.0-1ubuntu1~22.04) 11.4.0 Windows Server 2022 Kernel: 10.0.20348.2031 Compiler: clang 15.0.7, gcc 14.1.0 (MinGW), and MSVC VS 19.39.33521 To view detailed results, visit: https://lab.dpdk.org/results/dashboard/tarballs/35108/ UNH-IOL DPDK Community Lab To manage your email subscriptions, visit: https://lab.dpdk.org/results/dashboard/preferences/subscriptions/