From mboxrd@z Thu Jan 1 00:00:00 1970 Return-Path: Received: from mails.dpdk.org (mails.dpdk.org [217.70.189.124]) by inbox.dpdk.org (Postfix) with ESMTP id 31D37488B7 for ; Sun, 5 Oct 2025 08:05:52 +0200 (CEST) Received: from mails.dpdk.org (localhost [127.0.0.1]) by mails.dpdk.org (Postfix) with ESMTP id 14B0F402B9; Sun, 5 Oct 2025 08:05:52 +0200 (CEST) Received: from mail-pl1-f228.google.com (mail-pl1-f228.google.com [209.85.214.228]) by mails.dpdk.org (Postfix) with ESMTP id 10774402B9 for ; Sun, 5 Oct 2025 08:05:51 +0200 (CEST) Received: by mail-pl1-f228.google.com with SMTP id d9443c01a7336-27c369f898fso43452025ad.3 for ; Sat, 04 Oct 2025 23:05:50 -0700 (PDT) DKIM-Signature: v=1; a=rsa-sha256; c=relaxed/relaxed; d=iol.unh.edu; s=unh-iol; t=1759644350; x=1760249150; darn=dpdk.org; h=cc:to:from:subject:message-id:date:from:to:cc:subject:date :message-id:reply-to; bh=wYnku0ihdeDb/EzRiOdevm1VC+aWtnro5I07a86Swhg=; b=QnpWeBAXOWdvdwmim+PMWjJbryEGBcLk0W2Alt1US0q8wo0UKS9F7vL6W0acT2Fqoq z8xaLd0CLTlmf/E48vKdryNjEHZPJU7TWQ1y+CcN29GuB4Utq06tptgQkPylYQd4GXid xLKuYIM+17VjjMVDnNJmkHfEZaIenrSItH1LM= X-Google-DKIM-Signature: v=1; a=rsa-sha256; c=relaxed/relaxed; d=1e100.net; s=20230601; t=1759644350; x=1760249150; h=cc:to:from:subject:message-id:date:x-gm-message-state:from:to:cc :subject:date:message-id:reply-to; bh=wYnku0ihdeDb/EzRiOdevm1VC+aWtnro5I07a86Swhg=; b=X8DoMJOc8BRfWMYyJqNQ5k2SHe0qTYykGkgGlhSykotchLrcYuMiyoWUxVMup6ttUJ ueHXmt3yuXyqSmucigjqSavSpxCQb5gq+6N3APlP7m3uDtekrP+W2d4MvvH1AOiAD8s5 Hte/j8nyVzYysTcMJaOr+fMfxkQwJCgLPR/unZ2mHK2JVpPcU4VcIiXkfuQdhR86hQLp dCo4smDHYMNd3PMTnLTdRo06D+Vdy8l7ZKbJbppvkLgZgWlcLEXEIuTz9RQL39Sb3x0P 0BrsVdPC1joKFK+3yjVRRWPiU7PSgh5uWMy03Cn8tC+5xEpKheyKM+btoNWZp6ujJfB0 VFig== X-Gm-Message-State: AOJu0Yz3LPe2mtVsLvsTc8PfSQFX5qlzAcbjh3CJhAv0tGOim8xEh9DT 0FxU+OIpRhtKa0jvEtj5i6bMbiMh3G+xvfmGGfGTtHakxp/UvEHm/VTgRaopN+G6hS7AwdIgTun 8DK266fd6sCVmtQp06b/4xgd2V2EZfqp85GXl X-Gm-Gg: ASbGncvvmAdZJkDQJLh2/+BejnVlHTbDkwUDfEzinBUYLCRZA+XWq0G7JcsaVxGQJKI NYFytcie3wf1GRLtetlZvRs3eO8BB/wmE8ybhjnct2wBM23Vi69uHGY13JXYba3dDaiYsfP7yRo 0XQ2rjW71BBkDkxVHuNHpsXPU7Jbq/V21XOJ1tNJ3QatM43e9V8OCvaWR4XFPFzLJyMrbNYLSkL qeiT9OGIfBpUiCh79itx/PkUUNb8XPijM5dMtB0VWanwCP8vE4xQEoQqrxa7jVqMzMwEORpVu7j tPdFC2uSsqD3xQ7sSVA2FNGr9xe5mpPSZoFsuF2+tA6p9mHqJsj/aOgHqejBCposk3XFbvnObSe /ig== X-Google-Smtp-Source: AGHT+IEF5UxafVdBeMwxkL7qIuCylXkPLq+xydEVvzgWp4IZn9cPfq37YFIln/Y4KuDbrgXnB/3h7LksgB+s X-Received: by 2002:a17:903:1a0e:b0:269:87a3:43b8 with SMTP id d9443c01a7336-28e9a561660mr86904745ad.4.1759644350041; Sat, 04 Oct 2025 23:05:50 -0700 (PDT) Received: from postal.iol.unh.edu (postal.iol.unh.edu. [132.177.123.84]) by smtp-relay.gmail.com with ESMTPS id d9443c01a7336-28e8d12c89bsm7361335ad.32.2025.10.04.23.05.49 (version=TLS1_2 cipher=ECDHE-ECDSA-AES128-GCM-SHA256 bits=128/128); Sat, 04 Oct 2025 23:05:50 -0700 (PDT) X-Relaying-Domain: iol.unh.edu Date: Sat, 04 Oct 2025 23:05:50 -0700 (PDT) Message-ID: <68e20abe.170a0220.409ed.88eeSMTPIN_ADDED_MISSING@mx.google.com> Received: from [172.21.0.3] (unknown [172.18.0.240]) by postal.iol.unh.edu (Postfix) with ESMTP id 4C7F46051830; Sun, 5 Oct 2025 02:05:49 -0400 (EDT) Subject: |FAILURE| [GIT MASTER] 62f583c49bf67dd4d6733ece14e55fe6839e66d1 From: dpdklab@iol.unh.edu To: Test Report Cc: dpdk-test-reports@iol.unh.edu, Xueming Li , Christian Ehrhardt , Kevin Traynor , Luca Boccassi Content-Type: text/plain X-BeenThere: test-report@dpdk.org X-Mailman-Version: 2.1.29 Precedence: list List-Id: automatic DPDK test reports List-Unsubscribe: , List-Archive: List-Post: List-Help: List-Subscribe: , Errors-To: test-report-bounces@dpdk.org _Testing issues_ Branch: tags/v23.11 62f583c49bf67dd4d6733ece14e55fe6839e66d1 --> testing issues Upstream job id: Generic-Unit-Test-DPDK#378564 Test environment and result as below: +-------------------------------+----------------+ | Environment | dpdk_unit_test | +===============================+================+ | CentOS Stream 9 | PASS | +-------------------------------+----------------+ | CentOS Stream 10 | PASS | +-------------------------------+----------------+ | Debian GNU/Linux 12 | PASS | +-------------------------------+----------------+ | Fedora Linux 40 | PASS | +-------------------------------+----------------+ | Fedora Linux 42 | PASS | +-------------------------------+----------------+ | Fedora Linux 41 | PASS | +-------------------------------+----------------+ | Red Hat Enterprise Linux 8.10 | PASS | +-------------------------------+----------------+ | Red Hat Enterprise Linux 9.5 | PASS | +-------------------------------+----------------+ | Ubuntu 22.04 | PASS | +-------------------------------+----------------+ | Ubuntu 20.04 | PASS | +-------------------------------+----------------+ | Ubuntu 24.04 | PASS | +-------------------------------+----------------+ | Windows Server 2022 | FAIL | +-------------------------------+----------------+ ==== Unit test summary for Windows Server 2022 (dpdk_unit_test): ==== Failed to get the unit test results. Displaying the unit test results is not supported for some environments, such as our aarch32 testing, where meson is not used to run the tests. Download the logs available on our CI site. ==== End log output ==== CentOS Stream 9 Kernel: 5.15 Compiler: gcc gcc (GCC) 11.5.0 20240719 (Red Hat 11.5.0-11) CentOS Stream 10 Kernel: 5.15 Compiler: gcc gcc (GCC) 14.2.1 20250110 (Red Hat 14.2.1-8) Debian GNU/Linux 12 Kernel: 5.15 Compiler: gcc gcc (Debian 12.2.0-14+deb12u1) 12.2.0 Fedora Linux 40 Kernel: 5.15 Compiler: clang gcc (GCC) 14.2.1 20240912 (Red Hat 14.2.1-3) Fedora Linux 42 Kernel: 5.15 Compiler: gcc gcc (GCC) 15.2.1 20250808 (Red Hat 15.2.1-1) Fedora Linux 41 Kernel: 5.15 Compiler: clang gcc (GCC) 14.3.1 20250523 (Red Hat 14.3.1-1) Red Hat Enterprise Linux 8.10 Kernel: 5.15 Compiler: gcc gcc (GCC) 8.5.0 20210514 (Red Hat 8.5.0-22) Red Hat Enterprise Linux 9.5 Kernel: 5.15 Compiler: gcc gcc (GCC) 11.5.0 20240719 (Red Hat 11.5.0-2) Ubuntu 22.04 Kernel: 5.15 Compiler: gcc gcc (Ubuntu 11.4.0-1ubuntu1~22.04) 11.4.0 Ubuntu 20.04 Kernel: 5.15 Compiler: gcc gcc (Ubuntu 9.4.0-1ubuntu1~20.04.2) 9.4.0 Ubuntu 24.04 Kernel: 5.15 Compiler: gcc gcc (Ubuntu 13.3.0-6ubuntu2~24.04) 13.3.0 Windows Server 2022 Kernel: 10.0.20348.2031 Compiler: clang 15.0.7, gcc 14.1.0 (MinGW), and MSVC VS 19.39.33521 To view detailed results, visit: https://lab.dpdk.org/results/dashboard/tarballs/35109/ UNH-IOL DPDK Community Lab To manage your email subscriptions, visit: https://lab.dpdk.org/results/dashboard/preferences/subscriptions/