From mboxrd@z Thu Jan 1 00:00:00 1970 Return-Path: Received: from mails.dpdk.org (mails.dpdk.org [217.70.189.124]) by inbox.dpdk.org (Postfix) with ESMTP id D1F7B488B9 for ; Sun, 5 Oct 2025 10:45:32 +0200 (CEST) Received: from mails.dpdk.org (localhost [127.0.0.1]) by mails.dpdk.org (Postfix) with ESMTP id CD302402B9; Sun, 5 Oct 2025 10:45:32 +0200 (CEST) Received: from mail-il1-f228.google.com (mail-il1-f228.google.com [209.85.166.228]) by mails.dpdk.org (Postfix) with ESMTP id 14743402B9 for ; Sun, 5 Oct 2025 10:45:31 +0200 (CEST) Received: by mail-il1-f228.google.com with SMTP id e9e14a558f8ab-42f05cbc3d1so9239345ab.0 for ; Sun, 05 Oct 2025 01:45:31 -0700 (PDT) DKIM-Signature: v=1; a=rsa-sha256; c=relaxed/relaxed; d=iol.unh.edu; s=unh-iol; t=1759653930; x=1760258730; darn=dpdk.org; h=cc:to:from:subject:message-id:date:from:to:cc:subject:date :message-id:reply-to; bh=MojE1DXGHr8FOhqL2/Sj+gAQwJsaeesbt5DNPf0f5oQ=; b=TiTJvL1s0vVVhr1UgRLXHSA4ZTNqg/ToX2PVjzIhCw6fFodU68XubiPAH/lP2YEhKz KPXTvj0TXvpaOUDJJXNUoWIFR6XoIwu3LVq59LBBdSA/dCmXHa9OkxV7pjCMINKPXX95 +wHzpeSwE6m+tQSN06uQHviqR9hEbx5Mt4xhg= X-Google-DKIM-Signature: v=1; a=rsa-sha256; c=relaxed/relaxed; d=1e100.net; s=20230601; t=1759653930; x=1760258730; h=cc:to:from:subject:message-id:date:x-gm-message-state:from:to:cc :subject:date:message-id:reply-to; bh=MojE1DXGHr8FOhqL2/Sj+gAQwJsaeesbt5DNPf0f5oQ=; b=eyb4NPw+pZTyRXqpOapztgjYkRCptLcbt69kZWvHPTIwPRaMBNO7EBtyKt8KZwNmE2 Q+ypX9708SkMeR0H93oHPJVa0ZfrOOgwZ0eHs+bO+qlCb2cBiyb02UxNy8DyZaY+6z+u q+MtKKhPt+bsB4UIgU3Z3El7CtUgJPHwLMXXMZbZzjt7DP7cWD4OT6SodsKhVOO1bpB/ HAiaNza5ZT6N5wWhb6jWPm2CwWvg0/2zxga2JjbjAKhV4cKuYXt4ho/lNxgTgZ23C5o2 HCfeM4NdvQbNhBkbymyHRrd9yC1OVMm2Ev4Gw0GQyPtsgVXfqFGi4ZRg3Ap7YwFzg8CQ 7kxg== X-Gm-Message-State: AOJu0YzNnDf8h+0PDHJbHlQb8AKSVeUHIkQz7g5HdgxsSt4hYoFIftIG pGfzrc0d/sABTyYf51GsU9l9ms4NePVzYk9Il9kbZlQRwDSRDF1ljrSmww9dIiFFJFqCoCPm8E3 b1u5diCTKMsV4Ded9xZRd+d/tUpwgaLfOtYWw X-Gm-Gg: ASbGncvPj5LHZHzTst+eUHquQFOZS5U1TwdQsU7mbqJM+cNKoG8SjTWgtk0CMf2M96F eR9cL13rHRULx9VrNVX+KIborIqKXHajgcWsHB4Qbb/3FF26+jgHPrXXHxjFK6KfhNlSMqkzeIS aLtrcFXGJTpiVBRAeAq5wQkwMzTmZJqOG5HjFiPbdFyVNCUPzeusHwzbjn3ywS1vY4ZQ5Kwo3D4 tcROv7+U0qPsBT9EGDxacBYDJy4OSaOjB74bX8fNX31BqpZZ64bqfISgImqhu/WUE4A1KRboUnj F0FIw8LSvt+HoL9l9e5g+k3BOiyLdbVNNVrc3XIKG+K2RTAWavXHZH8MnJytNsn0L0oksjSzvou psA== X-Google-Smtp-Source: AGHT+IGH4TMq9gYT5XNcdBf869m8A9OnhwPdMgoRnUPP/JGaiIrMXu0UAaGQzaw61RJx23EtYrz6YPO1z56m X-Received: by 2002:a05:6e02:3a08:b0:42d:8af3:74b6 with SMTP id e9e14a558f8ab-42e7b242598mr88961245ab.12.1759653930340; Sun, 05 Oct 2025 01:45:30 -0700 (PDT) Received: from postal.iol.unh.edu (postal.iol.unh.edu. [132.177.123.84]) by smtp-relay.gmail.com with ESMTPS id e9e14a558f8ab-42d8b290382sm7449765ab.33.2025.10.05.01.45.30 (version=TLS1_2 cipher=ECDHE-ECDSA-AES128-GCM-SHA256 bits=128/128); Sun, 05 Oct 2025 01:45:30 -0700 (PDT) X-Relaying-Domain: iol.unh.edu Date: Sun, 05 Oct 2025 01:45:30 -0700 (PDT) Message-ID: <68e2302a.050a0220.23f770.a2f5SMTPIN_ADDED_MISSING@mx.google.com> Received: from [172.21.0.2] (unknown [172.18.0.240]) by postal.iol.unh.edu (Postfix) with ESMTP id CE66E6051830; Sun, 5 Oct 2025 04:45:29 -0400 (EDT) Subject: |FAILURE| [GIT MASTER] 62f583c49bf67dd4d6733ece14e55fe6839e66d1 From: dpdklab@iol.unh.edu To: Test Report Cc: dpdk-test-reports@iol.unh.edu, Xueming Li , Christian Ehrhardt , Kevin Traynor , Luca Boccassi Content-Type: text/plain X-BeenThere: test-report@dpdk.org X-Mailman-Version: 2.1.29 Precedence: list List-Id: automatic DPDK test reports List-Unsubscribe: , List-Archive: List-Post: List-Help: List-Subscribe: , Errors-To: test-report-bounces@dpdk.org _Testing issues_ Branch: tags/v23.11 62f583c49bf67dd4d6733ece14e55fe6839e66d1 --> testing issues Upstream job id: Generic-DPDK-Compile-Meson#431041 Test environment and result as below: +------------------------------+--------------------+ | Environment | dpdk_meson_compile | +==============================+====================+ | Red Hat Enterprise Linux 9.5 | PASS | +------------------------------+--------------------+ | Ubuntu 20.04 | PEND | +------------------------------+--------------------+ | Debian GNU/Linux 12 | PEND | +------------------------------+--------------------+ | Fedora Linux 42 | PEND | +------------------------------+--------------------+ | Ubuntu 22.04 | PASS | +------------------------------+--------------------+ | Ubuntu 24.04 | PASS | +------------------------------+--------------------+ | CentOS Stream 9 | PEND | +------------------------------+--------------------+ | CentOS Stream 10 | PEND | +------------------------------+--------------------+ Red Hat Enterprise Linux 9.5 Kernel: 5.4 Compiler: gcc gcc (GCC) 11.5.0 20240719 (Red Hat 11.5.0-2) Ubuntu 20.04 Kernel: 5.15 Compiler: aarch64-linux-gnu-gcc gcc (Ubuntu 9.4.0-1ubuntu1~20.04.2) 9.4.0 Debian GNU/Linux 12 Kernel: 5.4 Compiler: gcc gcc (Debian 12.2.0-14+deb12u1) 12.2.0 Fedora Linux 42 Kernel: 5.4 Compiler: gcc gcc (GCC) 15.2.1 20250808 (Red Hat 15.2.1-1) Ubuntu 22.04 Kernel: 5.4 Compiler: gcc gcc (Ubuntu 11.4.0-1ubuntu1~22.04) 11.4.0 Ubuntu 24.04 Kernel: 5.4 Compiler: gcc gcc (Ubuntu 13.3.0-6ubuntu2~24.04) 13.3.0 CentOS Stream 9 Kernel: 5.4 Compiler: gcc gcc (GCC) 11.5.0 20240719 (Red Hat 11.5.0-11) CentOS Stream 10 Kernel: 5.4 Compiler: gcc gcc (GCC) 14.2.1 20250110 (Red Hat 14.2.1-8) To view detailed results, visit: https://lab.dpdk.org/results/dashboard/tarballs/35084/ UNH-IOL DPDK Community Lab To manage your email subscriptions, visit: https://lab.dpdk.org/results/dashboard/preferences/subscriptions/