From mboxrd@z Thu Jan 1 00:00:00 1970 Return-Path: Received: from mails.dpdk.org (mails.dpdk.org [217.70.189.124]) by inbox.dpdk.org (Postfix) with ESMTP id 72108488B9 for ; Sun, 5 Oct 2025 11:27:42 +0200 (CEST) Received: from mails.dpdk.org (localhost [127.0.0.1]) by mails.dpdk.org (Postfix) with ESMTP id 4ED9B402B9; Sun, 5 Oct 2025 11:27:42 +0200 (CEST) Received: from mail-pf1-f226.google.com (mail-pf1-f226.google.com [209.85.210.226]) by mails.dpdk.org (Postfix) with ESMTP id 37988402B9 for ; Sun, 5 Oct 2025 11:27:41 +0200 (CEST) Received: by mail-pf1-f226.google.com with SMTP id d2e1a72fcca58-7841da939deso3526886b3a.2 for ; Sun, 05 Oct 2025 02:27:41 -0700 (PDT) DKIM-Signature: v=1; a=rsa-sha256; c=relaxed/relaxed; d=iol.unh.edu; s=unh-iol; t=1759656460; x=1760261260; darn=dpdk.org; h=cc:to:from:subject:message-id:date:from:to:cc:subject:date :message-id:reply-to; bh=7ygLaokJusRSch2PWRZRSgtvbAYsxSG4/gqGYV17bac=; b=EQEhxf7XLvxw8SxP9XR5PmXY+6kJ/WGgZoQ7TdIZ1j3UDqC+Zw8otBcaaGH5VksXLP PRm4f70HDOVmdbxREMZ+dcYenKxSY31YTOYU3Uodih718VsYVwvQXkL8vTnvx3l8zEud qcQVFVWbUBZMs7ZP/x7XMdZDNLMx2SvU3TdJ8= X-Google-DKIM-Signature: v=1; a=rsa-sha256; c=relaxed/relaxed; d=1e100.net; s=20230601; t=1759656460; x=1760261260; h=cc:to:from:subject:message-id:date:x-gm-message-state:from:to:cc :subject:date:message-id:reply-to; bh=7ygLaokJusRSch2PWRZRSgtvbAYsxSG4/gqGYV17bac=; b=IRNCzRs0HkEHWypt6TWZqDQV4UH2m7pW1LMiXv9tIPpiNz0CKsxijYpydamCah748Z MXGr9IInEPY+1StvFcjKqatQarSexVxaUttzTK0bnknDC3Af4NyNRfiDuUmMdAsGiNzu W0DhnSIp0eNKMlvn0kOrA3JuLTPHCjpjdVM3G3lAjMv/DVAljCVykcvYOiql5ZyxOfly 8pQA5TsC3SFZ0D7AzTnzjjhvzEK3wNWFD//CvjSWOnBUuk+YMaketgCdeIl6LX+3LVnY X2mxdmwqN0v1EV0DsdKEqmPGWpkK7AwQMXeEzZaCb6xK+pm+vQO4pxIWmur9mna0CJuW ihBQ== X-Gm-Message-State: AOJu0YwS1QvOQavSX2jEM11ECGHSWuxNreHzn0CkUjLSA9nDr5KpV2mI LE5+GI2WBFYaLw24gq5R8oi4gmu4OphFYhdeDoM8lpwkTMqp4ZAjdh0JkM5Bp+FBW+9VDXJHG+9 GpemXjywb4YBVJGXZbH1c+1sw1HGDAatPvvWa X-Gm-Gg: ASbGnctZHZ13YTH9NPBQuF+HiTmLwadn2ui/qp2sb9GqP7h7Q32IW+0hi5ycjuDJzaZ n4NXSegXkPzragtgIBAyrxHyOUfBhAfwyGCMsYE5ju5GM9Gp1GSnJ/xZ7Y67H3E5RcpVLwVlszd KbCRG9ssfSnbDoWcPpKEO/4+My29fU970YgrS6Y3dC7+mPyEEdm6xU1WpswRuC40fFwmvawRrHa Yk5sCTIINKl/+Y4h39XoA1qmd74dt2i0ghikzTf2ynHDh3wU7SXTTuya1sUINvQww0L7bIAkwDd cbBLlHlH17/JuhB50+mFYmNgEoMVbShGp9hZZwPgvxvRSdp7O3zPO34pbsFwMa+e8UPg4KXEs5B msw== X-Google-Smtp-Source: AGHT+IG+XKBpu90SJKXsjQz4yfB6YzOxKSTIrD0SggVpT7HJwsb1dOLjf9l4SwcZx5Et0fbSgZtvFAHMJiIV X-Received: by 2002:a05:6a20:42a3:b0:32a:7759:663a with SMTP id adf61e73a8af0-32b6212a30dmr11462710637.59.1759656460163; Sun, 05 Oct 2025 02:27:40 -0700 (PDT) Received: from postal.iol.unh.edu (postal.iol.unh.edu. [132.177.123.84]) by smtp-relay.gmail.com with ESMTPS id 41be03b00d2f7-b6099baf43esm588929a12.16.2025.10.05.02.27.40 (version=TLS1_2 cipher=ECDHE-ECDSA-AES128-GCM-SHA256 bits=128/128); Sun, 05 Oct 2025 02:27:40 -0700 (PDT) X-Relaying-Domain: iol.unh.edu Date: Sun, 05 Oct 2025 02:27:40 -0700 (PDT) Message-ID: <68e23a0c.050a0220.34d423.057cSMTPIN_ADDED_MISSING@mx.google.com> Received: from [172.21.0.2] (unknown [172.18.0.240]) by postal.iol.unh.edu (Postfix) with ESMTP id 04CD96051830; Sun, 5 Oct 2025 05:27:39 -0400 (EDT) Subject: |FAILURE| [GIT MASTER] 62f583c49bf67dd4d6733ece14e55fe6839e66d1 From: dpdklab@iol.unh.edu To: Test Report Cc: dpdk-test-reports@iol.unh.edu, Xueming Li , Christian Ehrhardt , Kevin Traynor , Luca Boccassi Content-Type: text/plain X-BeenThere: test-report@dpdk.org X-Mailman-Version: 2.1.29 Precedence: list List-Id: automatic DPDK test reports List-Unsubscribe: , List-Archive: List-Post: List-Help: List-Subscribe: , Errors-To: test-report-bounces@dpdk.org _Testing issues_ Branch: tags/v23.11 62f583c49bf67dd4d6733ece14e55fe6839e66d1 --> testing issues Upstream job id: Generic-Unit-Test-DPDK#378560 Test environment and result as below: +------------------------------+---------------------------+--------------+------------------------------+----------------+ | Environment | cryptodev_sw_zuc_autotest | lpm_autotest | cryptodev_sw_snow3g_autotest | dpdk_unit_test | +==============================+===========================+==============+==============================+================+ | Debian 12 (arm) | PASS | SKIPPED | PASS | SKIPPED | +------------------------------+---------------------------+--------------+------------------------------+----------------+ | Ubuntu 20.04 | SKIPPED | PASS | SKIPPED | PEND | +------------------------------+---------------------------+--------------+------------------------------+----------------+ | Debian GNU/Linux 12 | SKIPPED | SKIPPED | SKIPPED | PASS | +------------------------------+---------------------------+--------------+------------------------------+----------------+ | CentOS Stream 10 | SKIPPED | SKIPPED | SKIPPED | PASS | +------------------------------+---------------------------+--------------+------------------------------+----------------+ | CentOS Stream 9 | SKIPPED | SKIPPED | SKIPPED | PASS | +------------------------------+---------------------------+--------------+------------------------------+----------------+ | Fedora Linux 40 | SKIPPED | SKIPPED | SKIPPED | PEND | +------------------------------+---------------------------+--------------+------------------------------+----------------+ | Fedora Linux 41 | SKIPPED | SKIPPED | SKIPPED | PASS | +------------------------------+---------------------------+--------------+------------------------------+----------------+ | Fedora Linux 42 | SKIPPED | SKIPPED | SKIPPED | PEND | +------------------------------+---------------------------+--------------+------------------------------+----------------+ | Ubuntu 22.04 | SKIPPED | SKIPPED | SKIPPED | PASS | +------------------------------+---------------------------+--------------+------------------------------+----------------+ | Red Hat Enterprise Linux 9.5 | SKIPPED | SKIPPED | SKIPPED | PEND | +------------------------------+---------------------------+--------------+------------------------------+----------------+ | Ubuntu 24.04 | SKIPPED | SKIPPED | SKIPPED | PEND | +------------------------------+---------------------------+--------------+------------------------------+----------------+ Debian 12 (arm) Kernel: Depends on container host Compiler: gcc (Debian 12.2.0-14) 12.2.0 Ubuntu 20.04 Kernel: 5.4 Compiler: gcc gcc (Ubuntu 9.4.0-1ubuntu1~20.04.2) 9.4.0 Debian GNU/Linux 12 Kernel: 5.4 Compiler: gcc gcc (Debian 12.2.0-14+deb12u1) 12.2.0 CentOS Stream 10 Kernel: 5.4 Compiler: gcc gcc (GCC) 14.2.1 20250110 (Red Hat 14.2.1-8) CentOS Stream 9 Kernel: 5.4 Compiler: gcc gcc (GCC) 11.5.0 20240719 (Red Hat 11.5.0-11) Fedora Linux 40 Kernel: 5.4 Compiler: gcc gcc (GCC) 14.2.1 20240912 (Red Hat 14.2.1-3) Fedora Linux 41 Kernel: 5.4 Compiler: clang gcc (GCC) 14.3.1 20250523 (Red Hat 14.3.1-1) Fedora Linux 42 Kernel: 5.4 Compiler: gcc gcc (GCC) 15.2.1 20250808 (Red Hat 15.2.1-1) Ubuntu 22.04 Kernel: 5.4 Compiler: gcc gcc (Ubuntu 11.4.0-1ubuntu1~22.04) 11.4.0 Red Hat Enterprise Linux 9.5 Kernel: 5.4 Compiler: gcc gcc (GCC) 11.5.0 20240719 (Red Hat 11.5.0-2) Ubuntu 24.04 Kernel: 5.4 Compiler: gcc gcc (Ubuntu 13.3.0-6ubuntu2~24.04) 13.3.0 To view detailed results, visit: https://lab.dpdk.org/results/dashboard/tarballs/35109/ UNH-IOL DPDK Community Lab To manage your email subscriptions, visit: https://lab.dpdk.org/results/dashboard/preferences/subscriptions/