From mboxrd@z Thu Jan 1 00:00:00 1970 Return-Path: Received: from mails.dpdk.org (mails.dpdk.org [217.70.189.124]) by inbox.dpdk.org (Postfix) with ESMTP id 37D08488BC for ; Sun, 5 Oct 2025 18:17:45 +0200 (CEST) Received: from mails.dpdk.org (localhost [127.0.0.1]) by mails.dpdk.org (Postfix) with ESMTP id F2D2F402C1; Sun, 5 Oct 2025 18:17:44 +0200 (CEST) Received: from mail-pg1-f227.google.com (mail-pg1-f227.google.com [209.85.215.227]) by mails.dpdk.org (Postfix) with ESMTP id CF860402C1 for ; Sun, 5 Oct 2025 18:17:42 +0200 (CEST) Received: by mail-pg1-f227.google.com with SMTP id 41be03b00d2f7-b553412a19bso2915329a12.1 for ; Sun, 05 Oct 2025 09:17:42 -0700 (PDT) DKIM-Signature: v=1; a=rsa-sha256; c=relaxed/relaxed; d=iol.unh.edu; s=unh-iol; t=1759681062; x=1760285862; darn=dpdk.org; h=cc:to:from:subject:message-id:date:from:to:cc:subject:date :message-id:reply-to; bh=J7xLUUbxwcX5VUT7hcE82w+XCtvd+NHYs6qeI6aNFU4=; b=HhIWXMl5qpebSn391FxeuOCvU5OCk6gDKyvQzVptOiK/it/1kNEGosY15e9kA0ncT3 wSiTLQxPmsTMvrLj1Pzpucz4oBYrIHHCdUD92trw8KFRZ4vQF7yV2yP80irZUzSUus70 Q8wlksvKkig+z6dlAIo9FGG3GMmwXXlgbWicY= X-Google-DKIM-Signature: v=1; a=rsa-sha256; c=relaxed/relaxed; d=1e100.net; s=20230601; t=1759681062; x=1760285862; h=cc:to:from:subject:message-id:date:x-gm-message-state:from:to:cc :subject:date:message-id:reply-to; bh=J7xLUUbxwcX5VUT7hcE82w+XCtvd+NHYs6qeI6aNFU4=; b=MsZdNclpaPZLST/Kn6h+8DkuS8hB1QO02HLPLjm2doGorDJvvf/AEt80chb1yinw4k jUMSNPVss/5zAkaAHDRCwt9GLrR5Hkn1N/kYCmp1vEqSImq2uWhkE0S4huiFT84cSwP5 9ZCeiGUgYE276vxCTXjRpvD8Bz+qO3aFzduo7sG1cjFD5JP+/WgRAvgocuIIoumiMMhH FNuc7oU4J8hGKrhVZm/MxhhOFcL0JS+eYvHWcQwSLjivKQHM82GEvK7VmPxLhx9rNUQo lGQxKi7ndbazaZWhtvb5mA7JPs9hfC9f2KY7PidIDRTMK3jCkdOKvoFRnwTJrxNl7pU6 mDsw== X-Gm-Message-State: AOJu0YyAMQMwmCQ8Fs2gqZdsqAO+AHcFYVCrkSuIb5Tl4Y6xdEZqlj/n U2jTicn+ll2C8kAkt9+418taJ6D8DYPmc04+NJY8cjeCwmij8RwOdIeDw1KhMCpjzanG+ANAxf9 uSL8RseZX7lSBjkNuYDp8xEtEC00heS0H1Sjq X-Gm-Gg: ASbGncuNYEbkD7yo5sxWrSC665+y5SKXAswxVI8qbO0rGJew4DpbPnpNW4YCioXPMDx Dm/pncpdMu57RoKRWCjkzkNPmLQ0u2KiSrTmbMWgX6e8cu6zwFQ8+1Dp4oM2/OxTxrnWglufaNP w3r5BVrfbCePbGGpizQoz1aO8MsONt4fw5MnVELMrfYxmf60QMEfk0PUnprePEPGfmqn4aX+teD Q7mqibcdUdRsd8grI8Uak/O5HUTwnYdLMyzsRxQpuwLPWarfJuXpDe9K3r4gelxi/D1b8MPxhmN eNV8jK8/7UMgT+HfmpTiok5xsIIu9YW0yWhgS6Yq8RrFldJkVdNjAfz04Wre/+Emuk+IzU1iVu6 h5g== X-Google-Smtp-Source: AGHT+IHocb9o7EFhczqJhMzNQwAAG/6MqB7ioJ1owx/vhObIKB+jVuX7Z8uA7SK59f/aNlthiQiYHzU7Kbm/ X-Received: by 2002:a17:902:c943:b0:273:c463:7b2c with SMTP id d9443c01a7336-28e9a54edeemr132728225ad.3.1759681061734; Sun, 05 Oct 2025 09:17:41 -0700 (PDT) Received: from postal.iol.unh.edu (postal.iol.unh.edu. [132.177.123.84]) by smtp-relay.gmail.com with ESMTPS id d9443c01a7336-28e8d10843fsm8372315ad.7.2025.10.05.09.17.41 (version=TLS1_2 cipher=ECDHE-ECDSA-AES128-GCM-SHA256 bits=128/128); Sun, 05 Oct 2025 09:17:41 -0700 (PDT) X-Relaying-Domain: iol.unh.edu Date: Sun, 05 Oct 2025 09:17:41 -0700 (PDT) Message-ID: <68e29a25.170a0220.2487af.debeSMTPIN_ADDED_MISSING@mx.google.com> Received: from [172.21.0.2] (unknown [172.18.0.240]) by postal.iol.unh.edu (Postfix) with ESMTP id 01AB36051830; Sun, 5 Oct 2025 12:17:40 -0400 (EDT) Subject: |FAILURE| [GIT MASTER] 62f583c49bf67dd4d6733ece14e55fe6839e66d1 From: dpdklab@iol.unh.edu To: Test Report Cc: dpdk-test-reports@iol.unh.edu, Xueming Li , Christian Ehrhardt , Kevin Traynor , Luca Boccassi Content-Type: text/plain X-BeenThere: test-report@dpdk.org X-Mailman-Version: 2.1.29 Precedence: list List-Id: automatic DPDK test reports List-Unsubscribe: , List-Archive: List-Post: List-Help: List-Subscribe: , Errors-To: test-report-bounces@dpdk.org _Testing issues_ Branch: tags/v23.11 62f583c49bf67dd4d6733ece14e55fe6839e66d1 --> testing issues Upstream job id: Generic-DPDK-Compile-Meson#431173 Test environment and result as below: +---------------------+-------------------+--------------------+-------------------------+----------------------+-------------------+ | Environment | dpdk_msvc_compile | dpdk_meson_compile | dpdk_llvm_clang_compile | dpdk_mingw64_compile | dpdk_compile_spdk | +=====================+===================+====================+=========================+======================+===================+ | Windows Server 2022 | PASS | SKIPPED | FAIL | PASS | SKIPPED | +---------------------+-------------------+--------------------+-------------------------+----------------------+-------------------+ | Ubuntu 20.04 | SKIPPED | PASS | SKIPPED | SKIPPED | SKIPPED | +---------------------+-------------------+--------------------+-------------------------+----------------------+-------------------+ | FreeBSD 14.2 | SKIPPED | PASS | SKIPPED | SKIPPED | SKIPPED | +---------------------+-------------------+--------------------+-------------------------+----------------------+-------------------+ | CentOS Stream 9 | SKIPPED | PASS | SKIPPED | SKIPPED | PASS | +---------------------+-------------------+--------------------+-------------------------+----------------------+-------------------+ ==== 20 line log output for Windows Server 2022 (dpdk_llvm_clang_compile): ==== Compiler for C supports arguments -mavx512f: YES (cached) Compiler for C supports arguments -mavx512bw: YES (cached) Compiler for C supports arguments -mavx512dq: YES (cached) Compiler for C supports arguments -march=skylake-avx512: YES Message: drivers/common/idpf: Defining dependency "common_idpf" Message: drivers/bus/auxiliary: Defining dependency "bus_auxiliary" Compiler for C supports arguments -Wno-cast-qual: YES (cached) Compiler for C supports arguments -Wno-pointer-arith: YES (cached) Message: drivers/bus/pci: Defining dependency "bus_pci" Message: drivers/bus/vdev: Defining dependency "bus_vdev" Compiler for C supports arguments -std=c11: YES Compiler for C supports arguments -Wno-strict-prototypes: YES Compiler for C supports arguments -D_BSD_SOURCE: YES Compiler for C supports arguments -D_DEFAULT_SOURCE: YES Compiler for C supports arguments -D_XOPEN_SOURCE=600: YES Has header "mlx5devx.h" : YES drivers\common\mlx5\windows\meson.build:10:13: ERROR: C shared or static library 'mlx5devx' not found A full log can be found at C:\Users\builder\jenkins\workspace\Windows-Compile-DPDK-Native\dpdk\build\meson-logs\meson-log.txt ==== End log output ==== Windows Server 2022 Kernel: 10.0.20348.2031 Compiler: clang 15.0.7, gcc 14.1.0 (MinGW), and MSVC VS 19.39.33521 Ubuntu 20.04 Kernel: 4.19 Compiler: gcc gcc (Ubuntu 9.4.0-1ubuntu1~20.04.2) 9.4.0 FreeBSD 14.2 Kernel: 14.2-RELEASE Compiler: clang 18.1.6 CentOS Stream 9 Kernel: 5.15 Compiler: gcc gcc (GCC) 11.5.0 20240719 (Red Hat 11.5.0-11) To view detailed results, visit: https://lab.dpdk.org/results/dashboard/tarballs/35090/ UNH-IOL DPDK Community Lab To manage your email subscriptions, visit: https://lab.dpdk.org/results/dashboard/preferences/subscriptions/