From mboxrd@z Thu Jan 1 00:00:00 1970 Return-Path: Received: from mails.dpdk.org (mails.dpdk.org [217.70.189.124]) by inbox.dpdk.org (Postfix) with ESMTP id B6B00488BE for ; Sun, 5 Oct 2025 20:14:08 +0200 (CEST) Received: from mails.dpdk.org (localhost [127.0.0.1]) by mails.dpdk.org (Postfix) with ESMTP id B2DA7402C1; Sun, 5 Oct 2025 20:14:08 +0200 (CEST) Received: from mail-il1-f226.google.com (mail-il1-f226.google.com [209.85.166.226]) by mails.dpdk.org (Postfix) with ESMTP id AEF60402C1 for ; Sun, 5 Oct 2025 20:14:07 +0200 (CEST) Received: by mail-il1-f226.google.com with SMTP id e9e14a558f8ab-42d8bf52325so21880425ab.3 for ; Sun, 05 Oct 2025 11:14:07 -0700 (PDT) DKIM-Signature: v=1; a=rsa-sha256; c=relaxed/relaxed; d=iol.unh.edu; s=unh-iol; t=1759688047; x=1760292847; darn=dpdk.org; h=cc:to:from:subject:message-id:date:from:to:cc:subject:date :message-id:reply-to; bh=PcNWNoaDi4scPGZWd1Vf7rK/2DlgvGzfDv8eUBtD0Ok=; b=WOaXbJ1LN1ZuuksTmyKgR3vFhOs+TzCDa2axqLqXlWOa+zoIzc6ITP5APS1yQMwICN o5ii5atdKhn2wKtturgPFZfMo4HSDCuGLfFan+lh0/PRj889XTiOe1Cag4fi3vy6mc4M F75IEbrOsAzm2MRv9ZZWPqKbHm5qUv5lPh0dg= X-Google-DKIM-Signature: v=1; a=rsa-sha256; c=relaxed/relaxed; d=1e100.net; s=20230601; t=1759688047; x=1760292847; h=cc:to:from:subject:message-id:date:x-gm-message-state:from:to:cc :subject:date:message-id:reply-to; bh=PcNWNoaDi4scPGZWd1Vf7rK/2DlgvGzfDv8eUBtD0Ok=; b=h/e0yclsZYppHBrB4x+DbdOtrEwRwJPaBeLnZJOYKZ3qEU4eF1NWUlnvHsbXU0fhYt vnd5hwz+ZfwP8zf757snq9BQYwQCaw8El9MT7BJQzhk6SDKp3wQXhV+hnLDS44yyh323 RJJKk7p6mWuRNEBpB4JNoU2AaIlnXFg4Fb3zV/lK3GiDF5635MPlBdmAod67XOHyrMcP qnA+f3ZmND8YzN6C6gt/dcicLE9tlZHQDI0BhLN6tQDctArbGO2MOtI4cK45mSqov9Nn jTWO9sgjKTua/ZgryrfAn7UbUkzGs9y5/AvgA1MeUJ+AVYQIziLa6lziClOgQXeEKtb+ N6dQ== X-Gm-Message-State: AOJu0YyeMni2km/J2QInm1L7i+/7TiQ5jJdiGT7kgc/u9jqzwv8tyjQr HMoJtuxr2FHR5KkhHGFOAGUsjyf2FDDgC9NSG9BhDnMk8GBdwO0xqMfp6KdCjsvDvkS1XLAGu3w GY1DgN+DWBl9bq7yaKKxV+8IiVTlHyYuWciPH X-Gm-Gg: ASbGnculpb2CCzrBxmWtE9evlFCrbB3jEjGC6AyJMN2qikY21s4hHxM8lhFwnrC7Lzg TRBmCXFAZ1k+aaEQATA/lG+Z7weo3hQ+quFSf3ULurDOLASxV5gWszyK6iGXVdjzQ25BknxRQ96 529GLXXYlSEsLG6TtYXiyKf2NJ6yGOLiJ9ztSor4oRoUxRZJ/Cnb9cY1x5VlQHv1GCJuQrk6pAZ sFNX40HS3+rIT3QJ221ymEP/B72ojcjXQDL09HBU/CuOCpOko4YkiTPFBI2jwOiZoTCwewFLhZl OwF8jJIUNPB7D3BZba0dffPmVHYj+lGGiBQfCsT7VCh6FbRXfKctexfzvJGrn0Y4Msvb1IcnuiN GEg== X-Google-Smtp-Source: AGHT+IHl67vnDo6x5YAcRnA6LwYKzyIZZJUmmrXHTSWdMIy5alT7NG9g1IE1RdTkdINYPnCCf+DpTmH4zv1v X-Received: by 2002:a05:6e02:19ca:b0:42d:808b:aaec with SMTP id e9e14a558f8ab-42e7ad7c2d3mr131360375ab.26.1759688046924; Sun, 05 Oct 2025 11:14:06 -0700 (PDT) Received: from postal.iol.unh.edu (postal.iol.unh.edu. [132.177.123.84]) by smtp-relay.gmail.com with ESMTPS id e9e14a558f8ab-42d8b21148fsm8485335ab.16.2025.10.05.11.14.06 (version=TLS1_2 cipher=ECDHE-ECDSA-AES128-GCM-SHA256 bits=128/128); Sun, 05 Oct 2025 11:14:06 -0700 (PDT) X-Relaying-Domain: iol.unh.edu Date: Sun, 05 Oct 2025 11:14:06 -0700 (PDT) Message-ID: <68e2b56e.050a0220.2f2cc3.ef15SMTPIN_ADDED_MISSING@mx.google.com> Received: from [172.21.0.2] (unknown [172.18.0.240]) by postal.iol.unh.edu (Postfix) with ESMTP id 7C74B6051830; Sun, 5 Oct 2025 14:14:06 -0400 (EDT) Subject: |FAILURE| [GIT MASTER] 62f583c49bf67dd4d6733ece14e55fe6839e66d1 From: dpdklab@iol.unh.edu To: Test Report Cc: dpdk-test-reports@iol.unh.edu, Xueming Li , Christian Ehrhardt , Kevin Traynor , Luca Boccassi Content-Type: text/plain X-BeenThere: test-report@dpdk.org X-Mailman-Version: 2.1.29 Precedence: list List-Id: automatic DPDK test reports List-Unsubscribe: , List-Archive: List-Post: List-Help: List-Subscribe: , Errors-To: test-report-bounces@dpdk.org _Testing issues_ Branch: tags/v23.11 62f583c49bf67dd4d6733ece14e55fe6839e66d1 --> testing issues Upstream job id: Generic-DPDK-Compile-Meson#431044 Test environment and result as below: +------------------------------+--------------------+ | Environment | dpdk_meson_compile | +==============================+====================+ | Red Hat Enterprise Linux 9.5 | PASS | +------------------------------+--------------------+ | Ubuntu 20.04 | PASS | +------------------------------+--------------------+ | Debian GNU/Linux 12 | PASS | +------------------------------+--------------------+ | Fedora Linux 42 | PASS | +------------------------------+--------------------+ | Ubuntu 22.04 | PASS | +------------------------------+--------------------+ | Ubuntu 24.04 | PASS | +------------------------------+--------------------+ | CentOS Stream 9 | PASS | +------------------------------+--------------------+ | CentOS Stream 10 | PASS | +------------------------------+--------------------+ Red Hat Enterprise Linux 9.5 Kernel: 5.4 Compiler: gcc gcc (GCC) 11.5.0 20240719 (Red Hat 11.5.0-2) Ubuntu 20.04 Kernel: 5.15 Compiler: aarch64-linux-gnu-gcc gcc (Ubuntu 9.4.0-1ubuntu1~20.04.2) 9.4.0 Debian GNU/Linux 12 Kernel: 5.4 Compiler: gcc gcc (Debian 12.2.0-14+deb12u1) 12.2.0 Fedora Linux 42 Kernel: 5.4 Compiler: gcc gcc (GCC) 15.2.1 20250808 (Red Hat 15.2.1-1) Ubuntu 22.04 Kernel: 5.4 Compiler: gcc gcc (Ubuntu 11.4.0-1ubuntu1~22.04) 11.4.0 Ubuntu 24.04 Kernel: 5.4 Compiler: gcc gcc (Ubuntu 13.3.0-6ubuntu2~24.04) 13.3.0 CentOS Stream 9 Kernel: 5.4 Compiler: gcc gcc (GCC) 11.5.0 20240719 (Red Hat 11.5.0-11) CentOS Stream 10 Kernel: 5.4 Compiler: gcc gcc (GCC) 14.2.1 20250110 (Red Hat 14.2.1-8) To view detailed results, visit: https://lab.dpdk.org/results/dashboard/tarballs/35084/ UNH-IOL DPDK Community Lab To manage your email subscriptions, visit: https://lab.dpdk.org/results/dashboard/preferences/subscriptions/