From mboxrd@z Thu Jan 1 00:00:00 1970 Return-Path: Received: from mails.dpdk.org (mails.dpdk.org [217.70.189.124]) by inbox.dpdk.org (Postfix) with ESMTP id 1C87B488BE for ; Sun, 5 Oct 2025 20:54:58 +0200 (CEST) Received: from mails.dpdk.org (localhost [127.0.0.1]) by mails.dpdk.org (Postfix) with ESMTP id E5AE5402C1; Sun, 5 Oct 2025 20:54:57 +0200 (CEST) Received: from mail-oa1-f99.google.com (mail-oa1-f99.google.com [209.85.160.99]) by mails.dpdk.org (Postfix) with ESMTP id 9A09C402C1 for ; Sun, 5 Oct 2025 20:54:56 +0200 (CEST) Received: by mail-oa1-f99.google.com with SMTP id 586e51a60fabf-38627e78203so2582850fac.0 for ; Sun, 05 Oct 2025 11:54:56 -0700 (PDT) DKIM-Signature: v=1; a=rsa-sha256; c=relaxed/relaxed; d=iol.unh.edu; s=unh-iol; t=1759690496; x=1760295296; darn=dpdk.org; h=cc:to:from:subject:message-id:date:from:to:cc:subject:date :message-id:reply-to; bh=rXcHpuasoAaVNLZTM1LPnB3x1+IJS4Npt7fmveDFVMo=; b=QJYfB9u8I2JMmQGyTw3igBqUS9GuQefDMxmn9tLpTHAdHePVJd46WQ1WGRC+BMUmAP rOds9AyylsCMWGfS9C3t5jNZx2VpxtvTr20a9JrX9V9dpiesgoVtih8mVv9CzSDp7fvH 01dly3sRZ4yyK9Lh45xwa+dC3uYbLj5nMWKHc= X-Google-DKIM-Signature: v=1; a=rsa-sha256; c=relaxed/relaxed; d=1e100.net; s=20230601; t=1759690496; x=1760295296; h=cc:to:from:subject:message-id:date:x-gm-message-state:from:to:cc :subject:date:message-id:reply-to; bh=rXcHpuasoAaVNLZTM1LPnB3x1+IJS4Npt7fmveDFVMo=; b=DEHzX4xp9kRsrZFUHbXoBqw2BPKouweufGY1oT2ogK2qq2tor7hTtrEMHz3oaMo+3Q sVlAgLnJnkIp2uwfZwpPG5QSlgCBPUdjkSSPWrRWa0X+leIuL/FkWBoyTCm4B4Pq4Eij dtE9wO5IflOiTeXc9Hn3/BjoeQ3B34fUm5MiLY3bm4PCF8HRVXj+cyfLSpMx/hcGMYrL j1YXmtjoC+y50od5AZjh9udLbY1m2w1q/1KuClvlPrVecVjTI7WFhZOHFyku6z1XVskd CVhHZGmFp3nQs/ls0ECrx+s2Xlzz92NHmmxpjStXTApdKvE1ujr60P+wq6jXTRTGrM+M jIXg== X-Gm-Message-State: AOJu0Ywf4DM4wyj9gzD2xPmkIJ2/1kk4T8ktgMq8nDwbM0NPdTRgQVr9 0FEsbFBxrLzuGs7+/7OIV7ymnbJZrEzgD1WBGBTQTN94jc/Mhq1npEY4sZfROwIZsYMzKeBWDRg fyjwwmeLay/8xUgSpfEW8vOHcGE9Yx3ADfXb4StIgh+6qrnPGYDBx X-Gm-Gg: ASbGnctYW7oDAb8Rrx9paEU+5PzGD4kb7U5EALVQZf8eVrGu3czpgdocmNMcW7BfwW/ dG9jwP3jSQ33U9vdJJfE0uo0mOCcXimx8Lpwlth0BQntbHUMUofcbuhxfpSPK6tzDsPz10hPH4D MLcVm4pPuJhGtIe+F72mhdqLKb6tB28qbLi+K4zxX1HB1YNj9ZcF920/jFAPlv0WdzLSd46SGIg +Aekrtu/HCnuRGxLkuf1T77GATwJ3Um9D512kCDCbw8J4xO/TsNXFvvmC5h+li6OUlzM1PAgHIx ulJJCqv0COaMK2+5xx5DhCwSI3ZUsK7EGjrkRVhA5m6mEkOelyoRWvk= X-Google-Smtp-Source: AGHT+IE/1+GU722987WLWL3Sr7mjyEucic/d983GD7g8ooiu3SpKix8t0k7FWLy0dkuwWrKosrotbCwPmU8C X-Received: by 2002:a05:6870:b52c:b0:332:1b00:6d5 with SMTP id 586e51a60fabf-3b0fa71d428mr5671311fac.39.1759690495770; Sun, 05 Oct 2025 11:54:55 -0700 (PDT) Received: from postal.iol.unh.edu (postal.iol.unh.edu. [2606:4100:3880:1234::84]) by smtp-relay.gmail.com with ESMTPS id 586e51a60fabf-3ab81266d90sm815560fac.10.2025.10.05.11.54.55 (version=TLS1_2 cipher=ECDHE-ECDSA-AES128-GCM-SHA256 bits=128/128); Sun, 05 Oct 2025 11:54:55 -0700 (PDT) X-Relaying-Domain: iol.unh.edu Date: Sun, 05 Oct 2025 11:54:55 -0700 (PDT) Message-ID: <68e2beff.050a0220.22efee.d023SMTPIN_ADDED_MISSING@mx.google.com> Received: from [172.21.0.2] (unknown [172.18.0.240]) by postal.iol.unh.edu (Postfix) with ESMTP id 3B97160003EA; Sun, 5 Oct 2025 14:54:55 -0400 (EDT) Subject: |FAILURE| [GIT MASTER] 62f583c49bf67dd4d6733ece14e55fe6839e66d1 From: dpdklab@iol.unh.edu To: Test Report Cc: dpdk-test-reports@iol.unh.edu, Xueming Li , Christian Ehrhardt , Kevin Traynor , Luca Boccassi Content-Type: text/plain X-BeenThere: test-report@dpdk.org X-Mailman-Version: 2.1.29 Precedence: list List-Id: automatic DPDK test reports List-Unsubscribe: , List-Archive: List-Post: List-Help: List-Subscribe: , Errors-To: test-report-bounces@dpdk.org _Testing issues_ Branch: tags/v23.11 62f583c49bf67dd4d6733ece14e55fe6839e66d1 --> testing issues Upstream job id: Generic-DPDK-Compile-Meson#431186 Test environment and result as below: +-------------------------------+-------------------+--------------------+-------------------------+----------------------+-------------------+------------------+ | Environment | dpdk_msvc_compile | dpdk_meson_compile | dpdk_llvm_clang_compile | dpdk_mingw64_compile | dpdk_compile_spdk | dpdk_compile_ovs | +===============================+===================+====================+=========================+======================+===================+==================+ | Windows Server 2022 | PASS | SKIPPED | FAIL | PASS | SKIPPED | SKIPPED | +-------------------------------+-------------------+--------------------+-------------------------+----------------------+-------------------+------------------+ | Ubuntu 20.04 | SKIPPED | PASS | SKIPPED | SKIPPED | SKIPPED | SKIPPED | +-------------------------------+-------------------+--------------------+-------------------------+----------------------+-------------------+------------------+ | FreeBSD 14.2 | SKIPPED | PASS | SKIPPED | SKIPPED | SKIPPED | SKIPPED | +-------------------------------+-------------------+--------------------+-------------------------+----------------------+-------------------+------------------+ | CentOS Stream 9 | SKIPPED | PASS | SKIPPED | SKIPPED | PASS | SKIPPED | +-------------------------------+-------------------+--------------------+-------------------------+----------------------+-------------------+------------------+ | CentOS Stream 10 | SKIPPED | PASS | SKIPPED | SKIPPED | SKIPPED | SKIPPED | +-------------------------------+-------------------+--------------------+-------------------------+----------------------+-------------------+------------------+ | Debian GNU/Linux 12 | SKIPPED | PASS | SKIPPED | SKIPPED | PASS | SKIPPED | +-------------------------------+-------------------+--------------------+-------------------------+----------------------+-------------------+------------------+ | Fedora Linux 42 | SKIPPED | FAIL | SKIPPED | SKIPPED | WARN | WARN | +-------------------------------+-------------------+--------------------+-------------------------+----------------------+-------------------+------------------+ | openSUSE Leap 15.6 | SKIPPED | PASS | SKIPPED | SKIPPED | SKIPPED | SKIPPED | +-------------------------------+-------------------+--------------------+-------------------------+----------------------+-------------------+------------------+ | Red Hat Enterprise Linux 8.10 | SKIPPED | PASS | SKIPPED | SKIPPED | SKIPPED | SKIPPED | +-------------------------------+-------------------+--------------------+-------------------------+----------------------+-------------------+------------------+ | Red Hat Enterprise Linux 9.5 | SKIPPED | PASS | SKIPPED | SKIPPED | SKIPPED | SKIPPED | +-------------------------------+-------------------+--------------------+-------------------------+----------------------+-------------------+------------------+ | Ubuntu 22.04 | SKIPPED | PASS | SKIPPED | SKIPPED | PASS | SKIPPED | +-------------------------------+-------------------+--------------------+-------------------------+----------------------+-------------------+------------------+ | Ubuntu 24.04 | SKIPPED | PASS | SKIPPED | SKIPPED | PASS | PASS | +-------------------------------+-------------------+--------------------+-------------------------+----------------------+-------------------+------------------+ | Alpine Linux 3.22.0 | SKIPPED | PASS | SKIPPED | SKIPPED | SKIPPED | SKIPPED | +-------------------------------+-------------------+--------------------+-------------------------+----------------------+-------------------+------------------+ ==== 20 line log output for Fedora Linux 42 (dpdk_compile_ovs): ==== --- Failed to get log output --- ==== End log output ==== Windows Server 2022 Kernel: 10.0.20348.2031 Compiler: clang 15.0.7, gcc 14.1.0 (MinGW), and MSVC VS 19.39.33521 Ubuntu 20.04 Kernel: 4.19 Compiler: gcc gcc (Ubuntu 9.4.0-1ubuntu1~20.04.2) 9.4.0 FreeBSD 14.2 Kernel: 14.2-RELEASE Compiler: clang 18.1.6 CentOS Stream 9 Kernel: 5.15 Compiler: gcc gcc (GCC) 11.5.0 20240719 (Red Hat 11.5.0-11) CentOS Stream 10 Kernel: 5.15 Compiler: gcc gcc (GCC) 14.2.1 20250110 (Red Hat 14.2.1-8) Debian GNU/Linux 12 Kernel: 5.15 Compiler: gcc gcc (Debian 12.2.0-14+deb12u1) 12.2.0 Fedora Linux 42 Kernel: 5.15 Compiler: clang gcc (GCC) 15.2.1 20250808 (Red Hat 15.2.1-1) openSUSE Leap 15.6 Kernel: 5.15 Compiler: gcc gcc (SUSE Linux) 7.5.0 Red Hat Enterprise Linux 8.10 Kernel: 5.15 Compiler: gcc gcc (GCC) 8.5.0 20210514 (Red Hat 8.5.0-22) Red Hat Enterprise Linux 9.5 Kernel: 5.15 Compiler: gcc gcc (GCC) 11.5.0 20240719 (Red Hat 11.5.0-2) Ubuntu 22.04 Kernel: 5.15 Compiler: gcc gcc (Ubuntu 11.4.0-1ubuntu1~22.04) 11.4.0 Ubuntu 24.04 Kernel: 5.15 Compiler: gcc gcc (Ubuntu 13.3.0-6ubuntu2~24.04) 13.3.0 Alpine Linux 3.22.0 Kernel: 5.15 Compiler: gcc gcc (Alpine 14.2.0) 14.2.0 To view detailed results, visit: https://lab.dpdk.org/results/dashboard/tarballs/35090/ UNH-IOL DPDK Community Lab To manage your email subscriptions, visit: https://lab.dpdk.org/results/dashboard/preferences/subscriptions/