automatic DPDK test reports
 help / color / mirror / Atom feed
From: dpdklab@iol.unh.edu
To: Test Report <test-report@dpdk.org>
Cc: dpdk-test-reports@iol.unh.edu, Akhil Goyal <gakhil@marvell.com>,
	Rupesh Chiluka <rchiluka@marvell.com>
Subject: |FAILURE| pw157229 [PATCH] app/crypto-perf: add ECDSA P192/P224/P521
Date: Sun, 05 Oct 2025 14:31:17 -0700 (PDT)	[thread overview]
Message-ID: <68e2e3a5.d40a0220.1f7802.367fSMTPIN_ADDED_MISSING@mx.google.com> (raw)
In-Reply-To: <20251003034233.2964182-1-rchiluka@marvell.com>

Test-Label: iol-compile-amd64-testing
Test-Status: FAILURE
http://dpdk.org/patch/157229

_Testing issues_

Submitter: Rupesh Chiluka <rchiluka@marvell.com>
Date: Friday, October 03 2025 03:42:33 
DPDK git baseline: Repo:dpdk-next-crypto
  Branch: master
  CommitID:caa17cb4b057a31ee04067459fe543f7d7ae1079

157229 --> testing issues

Upstream job id: Generic-DPDK-Compile-Meson#431232

Test environment and result as below:

+-------------------------------+--------------------+-------------------+-------------------------+----------------------+-------------------+------------------+
|          Environment          | dpdk_meson_compile | dpdk_msvc_compile | dpdk_llvm_clang_compile | dpdk_mingw64_compile | dpdk_compile_spdk | dpdk_compile_ovs |
+===============================+====================+===================+=========================+======================+===================+==================+
| Ubuntu 20.04                  | FAIL               | SKIPPED           | SKIPPED                 | SKIPPED              | SKIPPED           | SKIPPED          |
+-------------------------------+--------------------+-------------------+-------------------------+----------------------+-------------------+------------------+
| FreeBSD 14.2                  | FAIL               | SKIPPED           | SKIPPED                 | SKIPPED              | SKIPPED           | SKIPPED          |
+-------------------------------+--------------------+-------------------+-------------------------+----------------------+-------------------+------------------+
| CentOS Stream 9               | FAIL               | SKIPPED           | SKIPPED                 | SKIPPED              | WARN              | SKIPPED          |
+-------------------------------+--------------------+-------------------+-------------------------+----------------------+-------------------+------------------+
| CentOS Stream 10              | FAIL               | SKIPPED           | SKIPPED                 | SKIPPED              | SKIPPED           | SKIPPED          |
+-------------------------------+--------------------+-------------------+-------------------------+----------------------+-------------------+------------------+
| Debian GNU/Linux 12           | FAIL               | SKIPPED           | SKIPPED                 | SKIPPED              | WARN              | SKIPPED          |
+-------------------------------+--------------------+-------------------+-------------------------+----------------------+-------------------+------------------+
| Fedora Linux 42               | FAIL               | SKIPPED           | SKIPPED                 | SKIPPED              | WARN              | WARN             |
+-------------------------------+--------------------+-------------------+-------------------------+----------------------+-------------------+------------------+
| openSUSE Leap 15.6            | FAIL               | SKIPPED           | SKIPPED                 | SKIPPED              | SKIPPED           | SKIPPED          |
+-------------------------------+--------------------+-------------------+-------------------------+----------------------+-------------------+------------------+
| Red Hat Enterprise Linux 8.10 | FAIL               | SKIPPED           | SKIPPED                 | SKIPPED              | SKIPPED           | SKIPPED          |
+-------------------------------+--------------------+-------------------+-------------------------+----------------------+-------------------+------------------+
| Red Hat Enterprise Linux 9.5  | FAIL               | SKIPPED           | SKIPPED                 | SKIPPED              | SKIPPED           | SKIPPED          |
+-------------------------------+--------------------+-------------------+-------------------------+----------------------+-------------------+------------------+
| Ubuntu 22.04                  | FAIL               | SKIPPED           | SKIPPED                 | SKIPPED              | WARN              | SKIPPED          |
+-------------------------------+--------------------+-------------------+-------------------------+----------------------+-------------------+------------------+
| Ubuntu 24.04                  | FAIL               | SKIPPED           | SKIPPED                 | SKIPPED              | WARN              | WARN             |
+-------------------------------+--------------------+-------------------+-------------------------+----------------------+-------------------+------------------+
| Alpine Linux 3.22.0           | FAIL               | SKIPPED           | SKIPPED                 | SKIPPED              | SKIPPED           | SKIPPED          |
+-------------------------------+--------------------+-------------------+-------------------------+----------------------+-------------------+------------------+
| Windows Server 2022           | SKIPPED            | PASS              | PASS                    | PASS                 | SKIPPED           | SKIPPED          |
+-------------------------------+--------------------+-------------------+-------------------------+----------------------+-------------------+------------------+

==== 20 line log output for Alpine Linux 3.22.0 (dpdk_meson_compile): ====
[270/3402] Compiling C object app/dpdk-test-crypto-perf.p/test-crypto-perf_main.c.o
ninja: job failed: ccache cc -Iapp/dpdk-test-crypto-perf.p -Iapp -I../app -Ilib/cryptodev -I../lib/cryptodev -Ilib/eal/common -I../lib/eal/common -I. -I.. -Iconfig -I../config -Ilib/eal/include -I../lib/eal/include -Ilib/eal/linux/include -I../lib/eal/linux/include -Ilib/eal/x86/include -I../lib/eal/x86/include -I../kernel/linux -Ilib/eal -I../lib/eal -Ilib/kvargs -I../lib/kvargs -Ilib/log -I../lib/log -Ilib/metrics -I../lib/metrics -Ilib/telemetry -I../lib/telemetry -Ilib/mbuf -I../lib/mbuf -Ilib/mempool -I../lib/mempool -Ilib/ring -I../lib/ring -Ilib/rcu -I../lib/rcu -Ilib/net -I../lib/net -Ilib/security -I../lib/security -Idrivers/crypto/scheduler -I../drivers/crypto/scheduler -Idrivers/bus/vdev -I../drivers/bus/vdev -Ilib/reorder -I../lib/reorder -fdiagnostics-color=always -pipe -D_FILE_OFFSET_BITS=64 -Wall -Winvalid-pch -Wextra -Werror -std=c11 -O3 -include rte_config.h -Wvla -Wcast-qual -Wdeprecated -Wformat -Wformat-nonliteral -Wformat-security -Wmissing-declarations -Wmissing
 -prototypes -Wnested-externs -Wold-style-definition -Wpointer-arith -Wsign-compare -Wstrict-prototypes -Wundef -Wwrite-strings -Wno-packed-not-aligned -Wno-missing-field-initializers -D_GNU_SOURCE -march=native -mrtm -DALLOW_EXPERIMENTAL_API -Wno-vla -MD -MQ app/dpdk-test-crypto-perf.p/test-crypto-perf_main.c.o -MF app/dpdk-test-crypto-perf.p/test-crypto-perf_main.c.o.d -o app/dpdk-test-crypto-perf.p/test-crypto-perf_main.c.o -c ../app/test-crypto-perf/main.c
^[[01m^[[K../app/test-crypto-perf/main.c:^[[m^[[K In function '^[[01m^[[Kcperf_verify_devices_capabilities^[[m^[[K':
^[[01m^[[K../app/test-crypto-perf/main.c:426:33:^[[m^[[K ^[[01;31m^[[Kerror: ^[[m^[[Kenumeration value '^[[01m^[[KCPERF_CIPHER_ONLY^[[m^[[K' not handled in switch [^[[01;31m^[[K-Werror=switch^[[m^[[K]
426 |                                 ^[[01;31m^[[Kswitch^[[m^[[K (opts->op_type) {
|                                 ^[[01;31m^[[K^~~~~~^[[m^[[K
^[[01m^[[K../app/test-crypto-perf/main.c:426:33:^[[m^[[K ^[[01;31m^[[Kerror: ^[[m^[[Kenumeration value '^[[01m^[[KCPERF_AUTH_ONLY^[[m^[[K' not handled in switch [^[[01;31m^[[K-Werror=switch^[[m^[[K]
^[[01m^[[K../app/test-crypto-perf/main.c:426:33:^[[m^[[K ^[[01;31m^[[Kerror: ^[[m^[[Kenumeration value '^[[01m^[[KCPERF_CIPHER_THEN_AUTH^[[m^[[K' not handled in switch [^[[01;31m^[[K-Werror=switch^[[m^[[K]
^[[01m^[[K../app/test-crypto-perf/main.c:426:33:^[[m^[[K ^[[01;31m^[[Kerror: ^[[m^[[Kenumeration value '^[[01m^[[KCPERF_AUTH_THEN_CIPHER^[[m^[[K' not handled in switch [^[[01;31m^[[K-Werror=switch^[[m^[[K]
^[[01m^[[K../app/test-crypto-perf/main.c:426:33:^[[m^[[K ^[[01;31m^[[Kerror: ^[[m^[[Kenumeration value '^[[01m^[[KCPERF_AEAD^[[m^[[K' not handled in switch [^[[01;31m^[[K-Werror=switch^[[m^[[K]
^[[01m^[[K../app/test-crypto-perf/main.c:426:33:^[[m^[[K ^[[01;31m^[[Kerror: ^[[m^[[Kenumeration value '^[[01m^[[KCPERF_PDCP^[[m^[[K' not handled in switch [^[[01;31m^[[K-Werror=switch^[[m^[[K]
^[[01m^[[K../app/test-crypto-perf/main.c:426:33:^[[m^[[K ^[[01;31m^[[Kerror: ^[[m^[[Kenumeration value '^[[01m^[[KCPERF_DOCSIS^[[m^[[K' not handled in switch [^[[01;31m^[[K-Werror=switch^[[m^[[K]
^[[01m^[[K../app/test-crypto-perf/main.c:426:33:^[[m^[[K ^[[01;31m^[[Kerror: ^[[m^[[Kenumeration value '^[[01m^[[KCPERF_IPSEC^[[m^[[K' not handled in switch [^[[01;31m^[[K-Werror=switch^[[m^[[K]
^[[01m^[[K../app/test-crypto-perf/main.c:426:33:^[[m^[[K ^[[01;31m^[[Kerror: ^[[m^[[Kenumeration value '^[[01m^[[KCPERF_ASYM_MODEX^[[m^[[K' not handled in switch [^[[01;31m^[[K-Werror=switch^[[m^[[K]
^[[01m^[[K../app/test-crypto-perf/main.c:426:33:^[[m^[[K ^[[01;31m^[[Kerror: ^[[m^[[Kenumeration value '^[[01m^[[KCPERF_ASYM_RSA^[[m^[[K' not handled in switch [^[[01;31m^[[K-Werror=switch^[[m^[[K]
^[[01m^[[K../app/test-crypto-perf/main.c:426:33:^[[m^[[K ^[[01;31m^[[Kerror: ^[[m^[[Kenumeration value '^[[01m^[[KCPERF_ASYM_ED25519^[[m^[[K' not handled in switch [^[[01;31m^[[K-Werror=switch^[[m^[[K]
^[[01m^[[K../app/test-crypto-perf/main.c:426:33:^[[m^[[K ^[[01;31m^[[Kerror: ^[[m^[[Kenumeration value '^[[01m^[[KCPERF_ASYM_SM2^[[m^[[K' not handled in switch [^[[01;31m^[[K-Werror=switch^[[m^[[K]
^[[01m^[[K../app/test-crypto-perf/main.c:426:33:^[[m^[[K ^[[01;31m^[[Kerror: ^[[m^[[Kenumeration value '^[[01m^[[KCPERF_TLS^[[m^[[K' not handled in switch [^[[01;31m^[[K-Werror=switch^[[m^[[K]
cc1: all warnings being treated as errors
ninja: subcommand failed
==== End log output ====

Ubuntu 20.04
	Kernel: 4.19
	Compiler: gcc gcc (Ubuntu 9.4.0-1ubuntu1~20.04.2) 9.4.0

FreeBSD 14.2
	Kernel: 14.2-RELEASE
	Compiler: clang 18.1.6

CentOS Stream 9
	Kernel: 5.15
	Compiler: gcc gcc (GCC) 11.5.0 20240719 (Red Hat 11.5.0-11)

CentOS Stream 10
	Kernel: 5.15
	Compiler: gcc gcc (GCC) 14.2.1 20250110 (Red Hat 14.2.1-8)

Debian GNU/Linux 12
	Kernel: 5.15
	Compiler: gcc gcc (Debian 12.2.0-14+deb12u1) 12.2.0

Fedora Linux 42
	Kernel: 5.15
	Compiler: clang gcc (GCC) 15.2.1 20250808 (Red Hat 15.2.1-1)

openSUSE Leap 15.6
	Kernel: 5.15
	Compiler: gcc gcc (SUSE Linux) 7.5.0

Red Hat Enterprise Linux 8.10
	Kernel: 5.15
	Compiler: gcc gcc (GCC) 8.5.0 20210514 (Red Hat 8.5.0-22)

Red Hat Enterprise Linux 9.5
	Kernel: 5.15
	Compiler: gcc gcc (GCC) 11.5.0 20240719 (Red Hat 11.5.0-2)

Ubuntu 22.04
	Kernel: 5.15
	Compiler: gcc gcc (Ubuntu 11.4.0-1ubuntu1~22.04) 11.4.0

Ubuntu 24.04
	Kernel: 5.15
	Compiler: gcc gcc (Ubuntu 13.3.0-6ubuntu2~24.04) 13.3.0

Alpine Linux 3.22.0
	Kernel: 5.15
	Compiler: gcc gcc (Alpine 14.2.0) 14.2.0

Windows Server 2022
	Kernel: 10.0.20348.2031
	Compiler: clang 15.0.7, gcc 14.1.0 (MinGW), and MSVC VS 19.39.33521

To view detailed results, visit:
https://lab.dpdk.org/results/dashboard/patchsets/34203/

UNH-IOL DPDK Community Lab

To manage your email subscriptions, visit: 
https://lab.dpdk.org/results/dashboard/preferences/subscriptions/

  parent reply	other threads:[~2025-10-05 21:31 UTC|newest]

Thread overview: 41+ messages / expand[flat|nested]  mbox.gz  Atom feed  top
     [not found] <20251003034233.2964182-1-rchiluka@marvell.com>
2025-10-03  3:09 ` |SUCCESS| pw157229 [PATCH] app/crypto-perf: add ECDSA P192/P224/P521 support qemudev
2025-10-03  3:14 ` qemudev
2025-10-03  3:44 ` checkpatch
2025-10-03  4:17 ` |FAILURE| pw157229 [PATCH] app/crypto-perf: add ECDSA P192/P224/P521 dpdklab
2025-10-03  4:21 ` |SUCCESS| " dpdklab
2025-10-03  4:51 ` |FAILURE| " dpdklab
2025-10-03  4:57 ` |SUCCESS| " dpdklab
2025-10-03  4:59 ` dpdklab
2025-10-03  5:10 ` |FAILURE| " dpdklab
2025-10-03  5:16 ` dpdklab
2025-10-03  5:18 ` dpdklab
2025-10-03  5:36 ` |PENDING| " dpdklab
2025-10-03  5:37 ` |WARNING| " dpdklab
2025-10-03  5:46 ` |FAILURE| " dpdklab
2025-10-03  5:46 ` dpdklab
2025-10-03  5:47 ` dpdklab
2025-10-03  5:47 ` dpdklab
2025-10-03  5:48 ` dpdklab
2025-10-03  5:50 ` dpdklab
2025-10-03  5:51 ` dpdklab
2025-10-03  5:52 ` dpdklab
2025-10-03  5:52 ` dpdklab
2025-10-03  5:53 ` dpdklab
2025-10-03  5:55 ` dpdklab
2025-10-03  5:56 ` dpdklab
2025-10-03  5:57 ` dpdklab
2025-10-03  5:59 ` dpdklab
2025-10-03  6:59 ` |WARNING| " dpdklab
2025-10-03  7:00 ` |SUCCESS| " dpdklab
2025-10-03  7:10 ` |FAILURE| " dpdklab
2025-10-03  8:09 ` dpdklab
2025-10-04  1:04 ` dpdklab
2025-10-05 21:31 ` dpdklab [this message]
2025-10-05 22:15 ` dpdklab
2025-10-05 23:23 ` dpdklab
2025-10-05 23:28 ` dpdklab
2025-10-05 23:44 ` dpdklab
2025-10-06  0:13 ` dpdklab
2025-10-06  0:14 ` dpdklab
2025-10-06  0:14 ` dpdklab
2025-10-06  0:26 ` dpdklab

Reply instructions:

You may reply publicly to this message via plain-text email
using any one of the following methods:

* Save the following mbox file, import it into your mail client,
  and reply-to-all from there: mbox

  Avoid top-posting and favor interleaved quoting:
  https://en.wikipedia.org/wiki/Posting_style#Interleaved_style

* Reply using the --to, --cc, and --in-reply-to
  switches of git-send-email(1):

  git send-email \
    --in-reply-to=68e2e3a5.d40a0220.1f7802.367fSMTPIN_ADDED_MISSING@mx.google.com \
    --to=dpdklab@iol.unh.edu \
    --cc=dpdk-test-reports@iol.unh.edu \
    --cc=gakhil@marvell.com \
    --cc=rchiluka@marvell.com \
    --cc=test-report@dpdk.org \
    /path/to/YOUR_REPLY

  https://kernel.org/pub/software/scm/git/docs/git-send-email.html

* If your mail client supports setting the In-Reply-To header
  via mailto: links, try the mailto: link
Be sure your reply has a Subject: header at the top and a blank line before the message body.
This is a public inbox, see mirroring instructions
for how to clone and mirror all data and code used for this inbox;
as well as URLs for NNTP newsgroup(s).