From mboxrd@z Thu Jan 1 00:00:00 1970 Return-Path: Received: from mails.dpdk.org (mails.dpdk.org [217.70.189.124]) by inbox.dpdk.org (Postfix) with ESMTP id B002646B5E for ; Mon, 6 Oct 2025 05:02:45 +0200 (CEST) Received: from mails.dpdk.org (localhost [127.0.0.1]) by mails.dpdk.org (Postfix) with ESMTP id 8C041402E2; Mon, 6 Oct 2025 05:02:45 +0200 (CEST) Received: from mail-vk1-f226.google.com (mail-vk1-f226.google.com [209.85.221.226]) by mails.dpdk.org (Postfix) with ESMTP id C177A402E2 for ; Mon, 6 Oct 2025 05:02:43 +0200 (CEST) Received: by mail-vk1-f226.google.com with SMTP id 71dfb90a1353d-551b9d94603so1597547e0c.1 for ; Sun, 05 Oct 2025 20:02:43 -0700 (PDT) DKIM-Signature: v=1; a=rsa-sha256; c=relaxed/relaxed; d=iol.unh.edu; s=unh-iol; t=1759719763; x=1760324563; darn=dpdk.org; h=cc:to:from:subject:message-id:date:from:to:cc:subject:date :message-id:reply-to; bh=oO057nL0WpomF4psTSQ/kxPr5cHGT4RfU4eCedIpPG8=; b=dpk3NVPG9VzFu/nRj23qZo0X8iaVhnEQ11smT53rn2vw+ociZBR/JmE+vCKxScGIGU BPI6Q6x9w2mMfNRnbbpLUAhfgZ4YHDtv3uG55aELTi7uoWo3Gwj/+7c8LQ1xIrNLNU8H ehTUCeOsiRPrY56K1RXkJHD9eou+Rc0HQf5A8= X-Google-DKIM-Signature: v=1; a=rsa-sha256; c=relaxed/relaxed; d=1e100.net; s=20230601; t=1759719763; x=1760324563; h=cc:to:from:subject:message-id:date:x-gm-message-state:from:to:cc :subject:date:message-id:reply-to; bh=oO057nL0WpomF4psTSQ/kxPr5cHGT4RfU4eCedIpPG8=; b=s5lFtAc/8efpop+0H+p7qyc342KuzOZQVi+AK927+cAZ/oo9jcMhqtBSEtpmV9Y7xh YLFyvMRuEnnC3T5a183s+Vj7tb9iOqkqlApRY4lEOs3y6rTbrOE1G236Hon7n7ipEfNk G5ibA/txOKbBbDfQLzhk7SuSal0ZP2vMNarevCIjoUbUPazbEVxCBIumc6c+TJDnFU7E dM3WgYCfCpbrR95An4xBU0wXyejV6tLXIPzy9hYEfWUWZ+oFPLtnY1s9bC7339lwdKQQ 60Gkb6dI4paKcmh4TUlZ9zQzpr/a6u9geSUX9Vjj+2SSnUp1UUuFVNZXSth5z5WyTgDV P6Fg== X-Gm-Message-State: AOJu0Yy+ecpsJq2X5BO/fGy/RAIQuw7pICL+P1LxbyIsiTqteUDmHoWR VpY9pGhFsdux5LAVqK9Xg3jnGxKGaCd2JYktHFghvO4JuOUN5vKU+99Q56h6AmNHf6/ptC3YVRw PpND5UILmbQOnAcgSJRfE0HOMi2wpepRrDAJFlWJWGpJWDkRAyZjO X-Gm-Gg: ASbGnctiDpsjXE2mzP6EHvYXZlzQ2CWWvIEPlXdXdi80X5UDJqORWp17n5/Jovc2Ubf AjT+fVcwGbMWuBmFCPKbfBynQgf3Rc2GvtXY7KiWU9qOUIFo03QUIMoNpMdxqO78KCSFk1n1z1T pR+vDkt9pH4/J3WNgY9mv926ux46m9/cIr4CTRMnFaptJFtuYcibaFXQvG0uz7wD+mbzu+oKN/u X74VZg6OdVWZx+Qpv7y3oXFLKgQC+ULZd/+yzXLeCc6DgX9tC96YtssYzNy6Ous8XNlCt2v68g7 TofEjJida58JgjP+yu20IJBKid8k6rfeglSo6dUgLC3UjrjXx67d2cw= X-Google-Smtp-Source: AGHT+IEpVA7pfdf0v+k4w8msXChf54IGdaDLfkhcaIbLOLrGLKhsNsKy/3ithYIZ7meOPIHzAzz6qqgrCcQz X-Received: by 2002:a05:6122:659f:b0:544:9a46:7c85 with SMTP id 71dfb90a1353d-5524e8884a7mr3944983e0c.4.1759719763060; Sun, 05 Oct 2025 20:02:43 -0700 (PDT) Received: from postal.iol.unh.edu (postal.iol.unh.edu. [2606:4100:3880:1234::84]) by smtp-relay.gmail.com with ESMTPS id 71dfb90a1353d-5523d06a33fsm1226483e0c.8.2025.10.05.20.02.43 (version=TLS1_2 cipher=ECDHE-ECDSA-AES128-GCM-SHA256 bits=128/128); Sun, 05 Oct 2025 20:02:43 -0700 (PDT) X-Relaying-Domain: iol.unh.edu Date: Sun, 05 Oct 2025 20:02:43 -0700 (PDT) Message-ID: <68e33153.050a0220.74195.35a8SMTPIN_ADDED_MISSING@mx.google.com> Received: from [172.21.0.2] (unknown [172.18.0.240]) by postal.iol.unh.edu (Postfix) with ESMTP id ACA666051830; Sun, 5 Oct 2025 23:02:42 -0400 (EDT) Subject: |FAILURE| [GIT MASTER] 62f583c49bf67dd4d6733ece14e55fe6839e66d1 From: dpdklab@iol.unh.edu To: Test Report Cc: dpdk-test-reports@iol.unh.edu, Xueming Li , Christian Ehrhardt , Kevin Traynor , Luca Boccassi Content-Type: text/plain X-BeenThere: test-report@dpdk.org X-Mailman-Version: 2.1.29 Precedence: list List-Id: automatic DPDK test reports List-Unsubscribe: , List-Archive: List-Post: List-Help: List-Subscribe: , Errors-To: test-report-bounces@dpdk.org _Testing issues_ Branch: tags/v23.11 62f583c49bf67dd4d6733ece14e55fe6839e66d1 --> testing issues Upstream job id: Generic-DPDK-Compile-Meson#431194 Test environment and result as below: +------------------------------+--------------------+ | Environment | dpdk_meson_compile | +==============================+====================+ | Debian GNU/Linux 12 | PASS | +------------------------------+--------------------+ | Red Hat Enterprise Linux 9.5 | PASS | +------------------------------+--------------------+ | Ubuntu 20.04 | PASS | +------------------------------+--------------------+ | Fedora Linux 42 | PASS | +------------------------------+--------------------+ | Ubuntu 22.04 | PASS | +------------------------------+--------------------+ | Ubuntu 24.04 | PASS | +------------------------------+--------------------+ | CentOS Stream 9 | PASS | +------------------------------+--------------------+ | CentOS Stream 10 | PASS | +------------------------------+--------------------+ Debian GNU/Linux 12 Kernel: 5.4 Compiler: gcc gcc (Debian 12.2.0-14+deb12u1) 12.2.0 Red Hat Enterprise Linux 9.5 Kernel: 5.4 Compiler: gcc gcc (GCC) 11.5.0 20240719 (Red Hat 11.5.0-2) Ubuntu 20.04 Kernel: 5.15 Compiler: aarch64-linux-gnu-gcc gcc (Ubuntu 9.4.0-1ubuntu1~20.04.2) 9.4.0 Fedora Linux 42 Kernel: 5.4 Compiler: gcc gcc (GCC) 15.2.1 20250808 (Red Hat 15.2.1-1) Ubuntu 22.04 Kernel: 5.4 Compiler: gcc gcc (Ubuntu 11.4.0-1ubuntu1~22.04) 11.4.0 Ubuntu 24.04 Kernel: 5.4 Compiler: gcc gcc (Ubuntu 13.3.0-6ubuntu2~24.04) 13.3.0 CentOS Stream 9 Kernel: 5.4 Compiler: gcc gcc (GCC) 11.5.0 20240719 (Red Hat 11.5.0-11) CentOS Stream 10 Kernel: 5.4 Compiler: gcc gcc (GCC) 14.2.1 20250110 (Red Hat 14.2.1-8) To view detailed results, visit: https://lab.dpdk.org/results/dashboard/tarballs/35090/ UNH-IOL DPDK Community Lab To manage your email subscriptions, visit: https://lab.dpdk.org/results/dashboard/preferences/subscriptions/