From mboxrd@z Thu Jan 1 00:00:00 1970 Return-Path: Received: from mails.dpdk.org (mails.dpdk.org [217.70.189.124]) by inbox.dpdk.org (Postfix) with ESMTP id A4CF546B5E for ; Mon, 6 Oct 2025 05:02:56 +0200 (CEST) Received: from mails.dpdk.org (localhost [127.0.0.1]) by mails.dpdk.org (Postfix) with ESMTP id 9BC51402E2; Mon, 6 Oct 2025 05:02:56 +0200 (CEST) Received: from mail-pl1-f227.google.com (mail-pl1-f227.google.com [209.85.214.227]) by mails.dpdk.org (Postfix) with ESMTP id D6F72402E2 for ; Mon, 6 Oct 2025 05:02:54 +0200 (CEST) Received: by mail-pl1-f227.google.com with SMTP id d9443c01a7336-27d2c35c459so30710905ad.0 for ; Sun, 05 Oct 2025 20:02:54 -0700 (PDT) DKIM-Signature: v=1; a=rsa-sha256; c=relaxed/relaxed; d=iol.unh.edu; s=unh-iol; t=1759719774; x=1760324574; darn=dpdk.org; h=cc:to:from:subject:message-id:date:from:to:cc:subject:date :message-id:reply-to; bh=snTDQbWzvq1x/rSPlLBrxpdRdMc1oCTmADVqdYn9Msw=; b=AHVQ+3XY2ctPdclTNFGv8nuNMFIPCQcSYvAiAdU+gbNX8bOJO8tilBEiXKp3oaLqYC zcGLwaxtZJRjm5MrTawS7G+E4r0hZ3/4n0woZebotvABaPmWbfXn498kXJz81s7I4wGU zuHSeKukduJOcxmk5ReGSZFqNU9PTMjJaFBwY= X-Google-DKIM-Signature: v=1; a=rsa-sha256; c=relaxed/relaxed; d=1e100.net; s=20230601; t=1759719774; x=1760324574; h=cc:to:from:subject:message-id:date:x-gm-message-state:from:to:cc :subject:date:message-id:reply-to; bh=snTDQbWzvq1x/rSPlLBrxpdRdMc1oCTmADVqdYn9Msw=; b=eN9CYcsAXiIRVJfGuU76X6y7X7ixqY51IZ97mhmyb/St4WAT19YkKdRzCQUXojmvnj doPtBwAcmdkhZXxV7U6sSKx+iywzXXy7jNVfmvqracVzJ4fo3JJ80B1wvHU9bVdZ5YDW cC0YiqGQC1NsLAc3j9FScg6Cxvet1uyKT6VDEHO0IXEwF+oQ/QMyFkOQTGgCuWuJrNeD kNTZQa/6JZ51Hsp4jYAOTjtCCAJ6ilq6Z1yqUzEwTChv1JMCKSxTJfDlnYIA6X4SV/2E Qg0x6mdHkXwdQE2cI9CxYc76p9VoVcY1Qi8SqthHrMNf3VSk/9BWtkW44L4p+rBjEpXi cv/Q== X-Gm-Message-State: AOJu0YwSWPIKNqSsxDkmPMFJzXm3eANP9GZFFnWUpwBMnYDYxRRNB5Av 4bClfPThm6i74+hSvqK8ypMakjt8lOnsVZUIzYHMc4bb9c7Q8695pcCYDmcHdlezSS36IaiwKMT 38uF6mkH/HrM4clDPBiQK7Sq1/yRMaCNjWadUkube++1W1/ESQ3CD X-Gm-Gg: ASbGncsXcCxYa+w8XRRos2Sa3tdKen6OivxxR4/BC7DnPmt0g+todMY3Ycl9gS8NFdC xttvt5YBDvOtMFIs/68ofOe/Kdf89m2PwanST9I/+xTsb40ZW1mtdIk1y6iaWsZn/6zYYatNDtf /RnHJo/3a80XPFFxH1RO5nOKqSLEVsb4cXqlfEVDLUvf2GEbtDkCtX72gR3wx3ueldf2yNy6WZv wjgpkaGMkdqQntdK4ybP/twZTjfDuBGJ6dU/Hwze11Z1HPgTu9GFxrgY6dcSlnTn8bn8IkCLtv/ FszP3W6Vh6viq47EMwk4M0o0CjokoCCLvzzDVbfU3FJfZwWXPQ6CskA= X-Google-Smtp-Source: AGHT+IEaz0tYY4RPAzMFJWixt/g9GX09GHmeFaklv/rwp2s1Efzh9wOpVqndyH/eOpoWQQcwYce+6oLuWhSS X-Received: by 2002:a17:902:d60f:b0:25c:8745:4a58 with SMTP id d9443c01a7336-28e9a5cbf34mr121875855ad.3.1759719773828; Sun, 05 Oct 2025 20:02:53 -0700 (PDT) Received: from postal.iol.unh.edu (postal.iol.unh.edu. [2606:4100:3880:1234::84]) by smtp-relay.gmail.com with ESMTPS id d9443c01a7336-28e8d118f86sm9296895ad.27.2025.10.05.20.02.53 (version=TLS1_2 cipher=ECDHE-ECDSA-AES128-GCM-SHA256 bits=128/128); Sun, 05 Oct 2025 20:02:53 -0700 (PDT) X-Relaying-Domain: iol.unh.edu Date: Sun, 05 Oct 2025 20:02:53 -0700 (PDT) Message-ID: <68e3315d.170a0220.3441c4.28aeSMTPIN_ADDED_MISSING@mx.google.com> Received: from [172.21.0.3] (unknown [172.18.0.240]) by postal.iol.unh.edu (Postfix) with ESMTP id 17C336051830; Sun, 5 Oct 2025 23:02:53 -0400 (EDT) Subject: |FAILURE| [GIT MASTER] 62f583c49bf67dd4d6733ece14e55fe6839e66d1 From: dpdklab@iol.unh.edu To: Test Report Cc: dpdk-test-reports@iol.unh.edu, Xueming Li , Christian Ehrhardt , Kevin Traynor , Luca Boccassi Content-Type: text/plain X-BeenThere: test-report@dpdk.org X-Mailman-Version: 2.1.29 Precedence: list List-Id: automatic DPDK test reports List-Unsubscribe: , List-Archive: List-Post: List-Help: List-Subscribe: , Errors-To: test-report-bounces@dpdk.org _Testing issues_ Branch: tags/v23.11 62f583c49bf67dd4d6733ece14e55fe6839e66d1 --> testing issues Upstream job id: Generic-DPDK-Compile-Meson#431184 Test environment and result as below: +------------------------------+--------------------+ | Environment | dpdk_meson_compile | +==============================+====================+ | Debian GNU/Linux 12 | PASS | +------------------------------+--------------------+ | Red Hat Enterprise Linux 9.5 | PASS | +------------------------------+--------------------+ | Ubuntu 20.04 | PASS | +------------------------------+--------------------+ | Fedora Linux 42 | PASS | +------------------------------+--------------------+ | Ubuntu 22.04 | PASS | +------------------------------+--------------------+ | Ubuntu 24.04 | PASS | +------------------------------+--------------------+ | CentOS Stream 9 | PASS | +------------------------------+--------------------+ | CentOS Stream 10 | PASS | +------------------------------+--------------------+ Debian GNU/Linux 12 Kernel: 5.4 Compiler: gcc gcc (Debian 12.2.0-14+deb12u1) 12.2.0 Red Hat Enterprise Linux 9.5 Kernel: 5.4 Compiler: gcc gcc (GCC) 11.5.0 20240719 (Red Hat 11.5.0-2) Ubuntu 20.04 Kernel: 5.15 Compiler: aarch64-linux-gnu-gcc gcc (Ubuntu 9.4.0-1ubuntu1~20.04.2) 9.4.0 Fedora Linux 42 Kernel: 5.4 Compiler: gcc gcc (GCC) 15.2.1 20250808 (Red Hat 15.2.1-1) Ubuntu 22.04 Kernel: 5.4 Compiler: gcc gcc (Ubuntu 11.4.0-1ubuntu1~22.04) 11.4.0 Ubuntu 24.04 Kernel: 5.4 Compiler: gcc gcc (Ubuntu 13.3.0-6ubuntu2~24.04) 13.3.0 CentOS Stream 9 Kernel: 5.4 Compiler: gcc gcc (GCC) 11.5.0 20240719 (Red Hat 11.5.0-11) CentOS Stream 10 Kernel: 5.4 Compiler: gcc gcc (GCC) 14.2.1 20250110 (Red Hat 14.2.1-8) To view detailed results, visit: https://lab.dpdk.org/results/dashboard/tarballs/35090/ UNH-IOL DPDK Community Lab To manage your email subscriptions, visit: https://lab.dpdk.org/results/dashboard/preferences/subscriptions/