From mboxrd@z Thu Jan 1 00:00:00 1970 Return-Path: Received: from mails.dpdk.org (mails.dpdk.org [217.70.189.124]) by inbox.dpdk.org (Postfix) with ESMTP id BB35D488BF for ; Mon, 6 Oct 2025 06:16:35 +0200 (CEST) Received: from mails.dpdk.org (localhost [127.0.0.1]) by mails.dpdk.org (Postfix) with ESMTP id B6194402E2; Mon, 6 Oct 2025 06:16:35 +0200 (CEST) Received: from mail-yw1-f228.google.com (mail-yw1-f228.google.com [209.85.128.228]) by mails.dpdk.org (Postfix) with ESMTP id 61E98402E2 for ; Mon, 6 Oct 2025 06:16:34 +0200 (CEST) Received: by mail-yw1-f228.google.com with SMTP id 00721157ae682-71d601859f5so48842747b3.0 for ; Sun, 05 Oct 2025 21:16:34 -0700 (PDT) DKIM-Signature: v=1; a=rsa-sha256; c=relaxed/relaxed; d=iol.unh.edu; s=unh-iol; t=1759724194; x=1760328994; darn=dpdk.org; h=cc:to:from:subject:message-id:date:from:to:cc:subject:date :message-id:reply-to; bh=X25MY+xtMVDvOwOyc1cB+e6lHi2bV8qFH1d1ISu6TEo=; b=ZZ12dHzmoYRJf5jOj3jN2bL+vCrzmJsEWAvO6tSs2So+z67ERVhtcyR1NIqX7l72/c WJ0KMxJJz8Mj6eC+UA03911EeKeVSAMJrNtMBgg2diN5jBf1xcbOoqt9adheEQzlN0WG M+8uusqlwfUOLs6ObtoT417BBmdac/beOPWHA= X-Google-DKIM-Signature: v=1; a=rsa-sha256; c=relaxed/relaxed; d=1e100.net; s=20230601; t=1759724194; x=1760328994; h=cc:to:from:subject:message-id:date:x-gm-message-state:from:to:cc :subject:date:message-id:reply-to; bh=X25MY+xtMVDvOwOyc1cB+e6lHi2bV8qFH1d1ISu6TEo=; b=qoM4Z1HzqbOunM80KVjlowX/x1HmdGYNIP8//B+jU+KuTgYa1V1WzUIScQ3sthlKqe xH2TByEKEXru8QfZN23uZjTsi+i4Kyd77P2wvN6wzP4tbY14AQTcstEIEtnUeGCDJgA7 JMQjYqeSIvz0MPhblWB4f0HD2icYRFSo5r8vhPuYiS86zABUdy2p935sYZc8m+5Htghc BsgiHGK0pZbYe2bIt9F0rPET30WJVZK0NGOH+4rhxqTpNURAbBp6L/so3BUIgKQyDQsd k6JiROHIAPyp3myFDOl/6G/klYS76k9HHsEAsrNaSiRToCPmfHqWzG8ovNCRZ6R4RObp OcGw== X-Gm-Message-State: AOJu0YxmhuJm3jqxwOmi36fhtAveIiwLVMY/6RB06Vkj3vWCtu0Qy//I L0Xy/gPnHA7xN9tl+mGdlTFUz8FRB6ovGA6Hg0ADc+o727WVipQ2VPVLOARWvHFu1zkxMdJQ1/T umKnQn4KZq3p4CDgucd9ZLH69JcHQYmbmGoVewqNrYvzKry2rWDJp X-Gm-Gg: ASbGncsPrIXquSRgeloTU7pKe2VdeX4useMDByqdWg21QR9H8qXHFmo7Tc9harvjCx8 DW4jL7T+QdAr65qTCQKA6NGv7pdi1Jf/4fBYvmmcfysmVAXo17peU4pYJJQRQl5oQ5QoZx/E5oO TvaJn5dmh5b54bZvalMmV31xnyqRslFTtaOaq2+Xm9HSh4XfO4nlgH+lJTcW0w9sCk2uM70ah2Q UU4Pv73xiXf60pys9m34Rv3Xm1vCToLjzJAuQS6tHmLGUgskssSQ8oZulEXBCvjWJSDEL4wysc5 pA0S03A8DTW2GtgRjAEDvQJB/lnWlt2rvDiw8swPmuxI2oDCSF+SW24= X-Google-Smtp-Source: AGHT+IGTj3+NXwu2RDtQU3x/qxaO1zxz02XgohYik22KxaE/d8DihgIq3bIDbHxW6pMcFNf90rSmWuN120TU X-Received: by 2002:a05:690c:a08c:10b0:77f:a750:a6df with SMTP id 00721157ae682-77fa750a8c0mr64933527b3.8.1759724193739; Sun, 05 Oct 2025 21:16:33 -0700 (PDT) Received: from postal.iol.unh.edu (postal.iol.unh.edu. [2606:4100:3880:1234::84]) by smtp-relay.gmail.com with ESMTPS id 00721157ae682-77f81d03f21sm6024117b3.26.2025.10.05.21.16.33 (version=TLS1_2 cipher=ECDHE-ECDSA-AES128-GCM-SHA256 bits=128/128); Sun, 05 Oct 2025 21:16:33 -0700 (PDT) X-Relaying-Domain: iol.unh.edu Date: Sun, 05 Oct 2025 21:16:33 -0700 (PDT) Message-ID: <68e342a1.050a0220.10649f.fb7eSMTPIN_ADDED_MISSING@mx.google.com> Received: from [172.21.0.2] (unknown [172.18.0.240]) by postal.iol.unh.edu (Postfix) with ESMTP id 648746051830; Mon, 6 Oct 2025 00:16:33 -0400 (EDT) Subject: |FAILURE| [GIT MASTER] 3b43ce3f4a54468e7ef65760c2fd7b4d6ee6d9fc From: dpdklab@iol.unh.edu To: Test Report Cc: dpdk-test-reports@iol.unh.edu, Xueming Li , Christian Ehrhardt , Kevin Traynor , Luca Boccassi Content-Type: text/plain X-BeenThere: test-report@dpdk.org X-Mailman-Version: 2.1.29 Precedence: list List-Id: automatic DPDK test reports List-Unsubscribe: , List-Archive: List-Post: List-Help: List-Subscribe: , Errors-To: test-report-bounces@dpdk.org _Testing issues_ Branch: tags/v22.11 3b43ce3f4a54468e7ef65760c2fd7b4d6ee6d9fc --> testing issues Upstream job id: Generic-VM-Unit-Test-DPDK#31600 Test environment and result as below: +-------------------------------+----------------+ | Environment | dpdk_unit_test | +===============================+================+ | Fedora Linux 41 | PEND | +-------------------------------+----------------+ | Fedora Linux 40 | PEND | +-------------------------------+----------------+ | Red Hat Enterprise Linux 8.10 | FAIL | +-------------------------------+----------------+ | Fedora Linux 42 | PEND | +-------------------------------+----------------+ | CentOS Stream 9 | FAIL | +-------------------------------+----------------+ | Debian GNU/Linux 12 | PEND | +-------------------------------+----------------+ | CentOS Stream 10 | PEND | +-------------------------------+----------------+ | Ubuntu 22.04 | PEND | +-------------------------------+----------------+ | Red Hat Enterprise Linux 9.5 | PEND | +-------------------------------+----------------+ | Ubuntu 20.04 | PEND | +-------------------------------+----------------+ | Ubuntu 24.04 | PEND | +-------------------------------+----------------+ | Windows Server 2022 | PASS | +-------------------------------+----------------+ ==== Unit test summary for CentOS Stream 9 (dpdk_unit_test): ==== ninja: Entering directory `/root/workspace/Generic-Unit-Test-DPDK/dpdk/build' ninja: no work to do. 1/105 DPDK:fast-tests / acl_autotest OK 8.76 s 2/105 DPDK:fast-tests / atomic_autotest OK 0.88 s 3/105 DPDK:fast-tests / bitmap_autotest OK 0.28 s 4/105 DPDK:fast-tests / bitops_autotest OK 0.37 s 5/105 DPDK:fast-tests / byteorder_autotest OK 0.37 s 6/105 DPDK:fast-tests / cksum_autotest OK 0.40 s 7/105 DPDK:fast-tests / cmdline_autotest OK 0.40 s 8/105 DPDK:fast-tests / common_autotest OK 1.20 s 9/105 DPDK:fast-tests / cpuflags_autotest OK 0.36 s 10/105 DPDK:fast-tests / debug_autotest OK 0.82 s 11/105 DPDK:fast-tests / devargs_autotest OK 0.41 s 12/105 DPDK:fast-tests / eal_flags_c_opt_autotest OK 1.83 s 13/105 DPDK:fast-tests / eal_flags_main_opt_autotest OK 0.54 s 14/105 DPDK:fast-tests / eal_flags_n_opt_autotest OK 1.19 s 15/105 DPDK:fast-tests / eal_flags_hpet_autotest OK 0.50 s 16/105 DPDK:fast-tests / eal_flags_no_huge_autotest OK 0.87 s 17/105 DPDK:fast-tests / eal_flags_a_opt_autotest OK 0.68 s 18/105 DPDK:fast-tests / eal_flags_b_opt_autotest OK 0.79 s 19/105 DPDK:fast-tests / eal_flags_vdev_opt_autotest OK 1.20 s 20/105 DPDK:fast-tests / eal_flags_r_opt_autotest OK 0.62 s 21/105 DPDK:fast-tests / eal_flags_mem_autotest OK 1.54 s 22/105 DPDK:fast-tests / eal_flags_file_prefix_autotest OK 10.50 s 23/105 DPDK:fast-tests / eal_flags_misc_autotest OK 3.81 s 24/105 DPDK:fast-tests / eal_fs_autotest OK 0.36 s 25/105 DPDK:fast-tests / errno_autotest OK 0.45 s 26/105 DPDK:fast-tests / ethdev_link_status OK 0.37 s 27/105 DPDK:fast-tests / event_ring_autotest OK 0.42 s 28/105 DPDK:fast-tests / fib_autotest OK 1.84 s 29/105 DPDK:fast-tests / fib6_autotest OK 1.97 s 30/105 DPDK:fast-tests / func_reentrancy_autotest OK 1.74 s 31/105 DPDK:fast-tests / hash_autotest OK 0.58 s 32/105 DPDK:fast-tests / interrupt_autotest OK 1.88 s 33/105 DPDK:fast-tests / ipfrag_autotest OK 0.34 s 34/105 DPDK:fast-tests / lcores_autotest OK 38.05 s 35/105 DPDK:fast-tests / logs_autotest OK 0.38 s 36/105 DPDK:fast-tests / lpm_autotest OK 14.23 s 37/105 DPDK:fast-tests / lpm6_autotest OK 13.81 s 38/105 DPDK:fast-tests / malloc_autotest OK 1.48 s 39/105 DPDK:fast-tests / mbuf_autotest OK 0.66 s 40/105 DPDK:fast-tests / mcslock_autotest OK 1.21 s 41/105 DPDK:fast-tests / memcpy_autotest OK 5.22 s 42/105 DPDK:fast-tests / memory_autotest OK 0.37 s 43/105 DPDK:fast-tests / mempool_autotest OK 1.01 s 44/105 DPDK:fast-tests / memzone_autotest OK 0.34 s 45/105 DPDK:fast-tests / meter_autotest OK 0.43 s 46/105 DPDK:fast-tests / multiprocess_autotest OK 0.40 s 47/105 DPDK:fast-tests / node_list_dump OK 0.33 s 48/105 DPDK:fast-tests / per_lcore_autotest OK 0.49 s 49/105 DPDK:fast-tests / pflock_autotest OK 0.43 s 50/105 DPDK:fast-tests / prefetch_autotest OK 0.33 s 51/105 DPDK:fast-tests / rcu_qsbr_autotest OK 0.47 s 52/105 DPDK:fast-tests / pie_autotest OK 0.43 s 53/105 DPDK:fast-tests / rib_autotest OK 10.52 s 54/105 DPDK:fast-tests / rib6_autotest OK 10.76 s 55/105 DPDK:fast-tests / ring_autotest OK 0.34 s 56/105 DPDK:fast-tests / rwlock_test1_autotest OK 0.45 s 57/105 DPDK:fast-tests / rwlock_rda_autotest OK 5.16 s 58/105 DPDK:fast-tests / rwlock_rds_wrm_autotest OK 5.42 s 59/105 DPDK:fast-tests / rwlock_rde_wro_autotest OK 5.57 s 60/105 DPDK:fast-tests / sched_autotest OK 0.17 s 61/105 DPDK:fast-tests / security_autotest OK 0.43 s 62/105 DPDK:fast-tests / seqlock_autotest SKIP 0.34 s 63/105 DPDK:fast-tests / spinlock_autotest OK 0.44 s 64/105 DPDK:fast-tests / stack_autotest OK 0.42 s 65/105 DPDK:fast-tests / stack_lf_autotest OK 0.50 s 66/105 DPDK:fast-tests / string_autotest OK 0.38 s 67/105 DPDK:fast-tests / tailq_autotest OK 0.40 s 68/105 DPDK:fast-tests / ticketlock_autotest OK 0.17 s 69/105 DPDK:fast-tests / timer_autotest OK 3.50 s 70/105 DPDK:fast-tests / user_delay_us OK 0.17 s 71/105 DPDK:fast-tests / version_autotest OK 0.39 s 72/105 DPDK:fast-tests / crc_autotest OK 0.32 s 73/105 DPDK:fast-tests / distributor_autotest OK 2.09 s 74/105 DPDK:fast-tests / eventdev_common_autotest OK 0.17 s 75/105 DPDK:fast-tests / fbarray_autotest OK 0.29 s 76/105 DPDK:fast-tests / hash_readwrite_func_autotest SKIP 0.17 s 77/105 DPDK:fast-tests / ipsec_autotest SKIP 0.40 s 78/105 DPDK:fast-tests / kni_autotest SKIP 0.17 s 79/105 DPDK:fast-tests / kvargs_autotest OK 0.40 s 80/105 DPDK:fast-tests / member_autotest OK 2.47 s 81/105 DPDK:fast-tests / power_cpufreq_autotest SKIP 0.17 s 82/105 DPDK:fast-tests / power_autotest OK 0.39 s 83/105 DPDK:fast-tests / power_kvm_vm_autotest SKIP 0.33 s 84/105 DPDK:fast-tests / power_intel_uncore_autotest SKIP 0.39 s 85/105 DPDK:fast-tests / reorder_autotest OK 0.51 s 86/105 DPDK:fast-tests / service_autotest OK 1.96 s 87/105 DPDK:fast-tests / thash_autotest OK 0.34 s 88/105 DPDK:fast-tests / threads_autotest OK 0.76 s 89/105 DPDK:fast-tests / trace_autotest OK 0.33 s 90/105 DPDK:fast-tests / trace_autotest_with_traces OK 0.37 s 91/105 DPDK:fast-tests / graph_autotest OK 0.17 s 92/105 DPDK:fast-tests / metrics_autotest OK 0.38 s 93/105 DPDK:fast-tests / telemetry_json_autotest OK 0.34 s 94/105 DPDK:fast-tests / telemetry_data_autotest OK 0.38 s 95/105 DPDK:fast-tests / table_autotest FAIL 2.07 s (exit status 255 or signal 127 SIGinvalid) 96/105 DPDK:fast-tests / ring_pmd_autotest OK 0.33 s 97/105 DPDK:fast-tests / event_eth_tx_adapter_autotest OK 0.96 s 98/105 DPDK:fast-tests / bitratestats_autotest OK 0.32 s 99/105 DPDK:fast-tests / latencystats_autotest OK 0.23 s 100/105 DPDK:fast-tests / pdump_autotest OK 5.46 s 101/105 DPDK:fast-tests / vdev_autotest OK 0.63 s 102/105 DPDK:fast-tests / bpf_autotest OK 0.38 s 103/105 DPDK:fast-tests / bpf_convert_autotest OK 0.17 s 104/105 DPDK:fast-tests / compressdev_autotest SKIP 0.39 s 105/105 DPDK:fast-tests / telemetry_all SKIP 0.01 s Ok: 95 Expected Fail: 0 Fail: 1 Unexpected Pass: 0 Skipped: 9 Timeout: 0 Full log written to /root/workspace/Generic-Unit-Test-DPDK/dpdk/build/meson-logs/testlog.txt Test log output from the failed test table_autotest: Sorry, we were not able to find the logs for this test. Download the log output from the CI site for this test run. ==== End log output ==== Fedora Linux 41 Kernel: 5.15 Compiler: clang gcc (GCC) 14.3.1 20250523 (Red Hat 14.3.1-1) Fedora Linux 40 Kernel: 5.15 Compiler: clang gcc (GCC) 14.2.1 20240912 (Red Hat 14.2.1-3) Red Hat Enterprise Linux 8.10 Kernel: 5.15 Compiler: gcc gcc (GCC) 8.5.0 20210514 (Red Hat 8.5.0-22) Fedora Linux 42 Kernel: 5.15 Compiler: clang gcc (GCC) 15.2.1 20250808 (Red Hat 15.2.1-1) CentOS Stream 9 Kernel: 5.15 Compiler: gcc gcc (GCC) 11.5.0 20240719 (Red Hat 11.5.0-11) Debian GNU/Linux 12 Kernel: 5.15 Compiler: gcc gcc (Debian 12.2.0-14+deb12u1) 12.2.0 CentOS Stream 10 Kernel: 5.15 Compiler: gcc gcc (GCC) 14.2.1 20250110 (Red Hat 14.2.1-8) Ubuntu 22.04 Kernel: 5.15 Compiler: gcc gcc (Ubuntu 11.4.0-1ubuntu1~22.04) 11.4.0 Red Hat Enterprise Linux 9.5 Kernel: 5.15 Compiler: gcc gcc (GCC) 11.5.0 20240719 (Red Hat 11.5.0-2) Ubuntu 20.04 Kernel: 5.15 Compiler: gcc gcc (Ubuntu 9.4.0-1ubuntu1~20.04.2) 9.4.0 Ubuntu 24.04 Kernel: 5.15 Compiler: gcc gcc (Ubuntu 13.3.0-6ubuntu2~24.04) 13.3.0 Windows Server 2022 Kernel: 10.0.20348.2031 Compiler: clang 15.0.7, gcc 14.1.0 (MinGW), and MSVC VS 19.39.33521 To view detailed results, visit: https://lab.dpdk.org/results/dashboard/tarballs/35113/ UNH-IOL DPDK Community Lab To manage your email subscriptions, visit: https://lab.dpdk.org/results/dashboard/preferences/subscriptions/