From mboxrd@z Thu Jan 1 00:00:00 1970 Return-Path: Received: from mails.dpdk.org (mails.dpdk.org [217.70.189.124]) by inbox.dpdk.org (Postfix) with ESMTP id EE9F5488BF for ; Mon, 6 Oct 2025 06:33:48 +0200 (CEST) Received: from mails.dpdk.org (localhost [127.0.0.1]) by mails.dpdk.org (Postfix) with ESMTP id EA1EC402E2; Mon, 6 Oct 2025 06:33:48 +0200 (CEST) Received: from mail-qt1-f225.google.com (mail-qt1-f225.google.com [209.85.160.225]) by mails.dpdk.org (Postfix) with ESMTP id 77CA3402E2 for ; Mon, 6 Oct 2025 06:33:47 +0200 (CEST) Received: by mail-qt1-f225.google.com with SMTP id d75a77b69052e-4da7a3d0402so50395101cf.0 for ; Sun, 05 Oct 2025 21:33:47 -0700 (PDT) DKIM-Signature: v=1; a=rsa-sha256; c=relaxed/relaxed; d=iol.unh.edu; s=unh-iol; t=1759725227; x=1760330027; darn=dpdk.org; h=cc:to:from:subject:message-id:date:from:to:cc:subject:date :message-id:reply-to; bh=C226n8N8oPGDCEp9mNtWnUa4RzaEWeYADr6+XO0W8qM=; b=JLdHl1a8OtAEf1vkQkVkT7/my8GrsnaaDZTUNOvKQVcliSDPOIxK48cy7LzZbaq6Rl VPj7fl0FBVWonaOScasa6RsATwtkntIM3B/lXw8DFzJ4k9q6T7q9Bs/5V+P0XUlK2oFm RDhwgmgDn2MoyfAYb7DaxMos4PtE3N3QmWxPM= X-Google-DKIM-Signature: v=1; a=rsa-sha256; c=relaxed/relaxed; d=1e100.net; s=20230601; t=1759725227; x=1760330027; h=cc:to:from:subject:message-id:date:x-gm-message-state:from:to:cc :subject:date:message-id:reply-to; bh=C226n8N8oPGDCEp9mNtWnUa4RzaEWeYADr6+XO0W8qM=; b=DJTuoqpdTD887lw/cxUG+fj0HP66g8Og0mCKZG94tWp70rsLgjUswvmlkk55xqbqYx Vd+BN0nS/Sy8OkiFwUPT2bxenAcedibu3b8wQLpBcqt4erNyF/HuUynUBkDIdKeKIwBB rF24ixRykGvalO6HpeHxCp90tNGYagYK+7zM6Utztt3/Qu29atgiyffdtAN9WR+QqJRM EIW5j/BZibkEJG+9gHU2608ZD2lqztLhbLtbbnSifbF2K3tfmkGKS1OnxvPADpYdYnH+ xCNH62h2nCf3r1MjRQkh0rQbSlqxLd7tTRHeDxIh5aKOLYGI7zC3oYDTO2AaLeIRfv5z yPaQ== X-Gm-Message-State: AOJu0YzR3PotxoS73JPYqXlgIcG3cGLvSfau79TIceHm7NY4cU4T9G9E yerI0Y3VJDoROB5b/ie1N7jutSG5Pa+0BRbiucxiITkWQMn48oPKw2nUhX/VRFwoluXztJsgT1l hBhfAxM5T+gf/RXJFTYF/nHGZJ310/OUI9afF X-Gm-Gg: ASbGncs++LW8PbAYlWCYW5hRi+SJWVeKqhBeXORUxnK9zc0/wkXf01BhVwh1wqFrTJh Q4Awl87i4uJYIM66VqfKGlOTwFQytplDkd6MD+rp+OBbzTUR13B72BlynN/CMREJZAE4BpxtRh/ lvQSsnIeO8Haw/6bxhPmLGY4UghL7YDvn7btaTOK4ZJc0pi3zTBOqR6wrrdhYSxBBrHlJwWs55j 2BxokZ9sZagzEyrBc38lbAYEAAUEtFo4e/PZbjn/2YatLhOcsOGui8FTtLoXdmvrBU7yryN3YwH f6LsCTBp2aJavKnn5q9yTSsJ3G7aocFcvS5O6NhKU7vLAzwoELHfV1hHrsqTt2IY9B1PPMOcQTq gPg== X-Google-Smtp-Source: AGHT+IEZg8wK0czMv9wU03M+tKZfi/XexDT4aeFwxh5rR0/KrCBYAggckDsDd89oTaFSJgeRz2vg9b0sVY98 X-Received: by 2002:a05:622a:154:b0:4d5:eedd:688d with SMTP id d75a77b69052e-4e56385c1e5mr188721031cf.30.1759725226803; Sun, 05 Oct 2025 21:33:46 -0700 (PDT) Received: from postal.iol.unh.edu (postal.iol.unh.edu. [132.177.123.84]) by smtp-relay.gmail.com with ESMTPS id af79cd13be357-877760e44c3sm86563585a.6.2025.10.05.21.33.46 (version=TLS1_2 cipher=ECDHE-ECDSA-AES128-GCM-SHA256 bits=128/128); Sun, 05 Oct 2025 21:33:46 -0700 (PDT) X-Relaying-Domain: iol.unh.edu Date: Sun, 05 Oct 2025 21:33:46 -0700 (PDT) Message-ID: <68e346aa.050a0220.28523c.e98dSMTPIN_ADDED_MISSING@mx.google.com> Received: from [172.21.0.2] (unknown [172.18.0.240]) by postal.iol.unh.edu (Postfix) with ESMTP id 88B466051830; Mon, 6 Oct 2025 00:33:46 -0400 (EDT) Subject: |FAILURE| [GIT MASTER] 62f583c49bf67dd4d6733ece14e55fe6839e66d1 From: dpdklab@iol.unh.edu To: Test Report Cc: dpdk-test-reports@iol.unh.edu, Xueming Li , Christian Ehrhardt , Kevin Traynor , Luca Boccassi Content-Type: text/plain X-BeenThere: test-report@dpdk.org X-Mailman-Version: 2.1.29 Precedence: list List-Id: automatic DPDK test reports List-Unsubscribe: , List-Archive: List-Post: List-Help: List-Subscribe: , Errors-To: test-report-bounces@dpdk.org _Testing issues_ Branch: tags/v23.11 62f583c49bf67dd4d6733ece14e55fe6839e66d1 --> testing issues Upstream job id: Windows-Compile-DPDK-Native#31435 Test environment and result as below: +---------------------+--------------------+-------------------+-------------------------+ | Environment | dpdk_meson_compile | dpdk_msvc_compile | dpdk_llvm_clang_compile | +=====================+====================+===================+=========================+ | Ubuntu 20.04 | PASS | SKIPPED | SKIPPED | +---------------------+--------------------+-------------------+-------------------------+ | FreeBSD 14.2 | PASS | SKIPPED | SKIPPED | +---------------------+--------------------+-------------------+-------------------------+ | Windows Server 2022 | SKIPPED | PASS | FAIL | +---------------------+--------------------+-------------------+-------------------------+ ==== 20 line log output for Windows Server 2022 (dpdk_llvm_clang_compile): ==== Compiler for C supports arguments -mavx512f: YES (cached) Compiler for C supports arguments -mavx512bw: YES (cached) Compiler for C supports arguments -mavx512dq: YES (cached) Compiler for C supports arguments -march=skylake-avx512: YES Message: drivers/common/idpf: Defining dependency "common_idpf" Message: drivers/bus/auxiliary: Defining dependency "bus_auxiliary" Compiler for C supports arguments -Wno-cast-qual: YES (cached) Compiler for C supports arguments -Wno-pointer-arith: YES (cached) Message: drivers/bus/pci: Defining dependency "bus_pci" Message: drivers/bus/vdev: Defining dependency "bus_vdev" Compiler for C supports arguments -std=c11: YES Compiler for C supports arguments -Wno-strict-prototypes: YES Compiler for C supports arguments -D_BSD_SOURCE: YES Compiler for C supports arguments -D_DEFAULT_SOURCE: YES Compiler for C supports arguments -D_XOPEN_SOURCE=600: YES Has header "mlx5devx.h" : YES drivers\common\mlx5\windows\meson.build:10:13: ERROR: C shared or static library 'mlx5devx' not found A full log can be found at C:\Users\builder\jenkins\workspace\Windows-Compile-DPDK-Native\dpdk\build\meson-logs\meson-log.txt ==== End log output ==== Ubuntu 20.04 Kernel: 4.19 Compiler: gcc gcc (Ubuntu 9.4.0-1ubuntu1~20.04.2) 9.4.0 FreeBSD 14.2 Kernel: 14.2-RELEASE Compiler: clang 18.1.6 Windows Server 2022 Kernel: 10.0.20348.2031 Compiler: clang 15.0.7, gcc 14.1.0 (MinGW), and MSVC VS 19.39.33521 To view detailed results, visit: https://lab.dpdk.org/results/dashboard/tarballs/35114/ UNH-IOL DPDK Community Lab To manage your email subscriptions, visit: https://lab.dpdk.org/results/dashboard/preferences/subscriptions/