From mboxrd@z Thu Jan 1 00:00:00 1970 Return-Path: Received: from mails.dpdk.org (mails.dpdk.org [217.70.189.124]) by inbox.dpdk.org (Postfix) with ESMTP id 435AE488C2 for ; Mon, 6 Oct 2025 08:18:00 +0200 (CEST) Received: from mails.dpdk.org (localhost [127.0.0.1]) by mails.dpdk.org (Postfix) with ESMTP id 3D5F6402AF; Mon, 6 Oct 2025 08:18:00 +0200 (CEST) Received: from mail-pl1-f227.google.com (mail-pl1-f227.google.com [209.85.214.227]) by mails.dpdk.org (Postfix) with ESMTP id 161D0402AF for ; Mon, 6 Oct 2025 08:17:59 +0200 (CEST) Received: by mail-pl1-f227.google.com with SMTP id d9443c01a7336-28a5b8b12a1so44371785ad.0 for ; Sun, 05 Oct 2025 23:17:59 -0700 (PDT) DKIM-Signature: v=1; a=rsa-sha256; c=relaxed/relaxed; d=iol.unh.edu; s=unh-iol; t=1759731478; x=1760336278; darn=dpdk.org; h=cc:to:from:subject:message-id:date:from:to:cc:subject:date :message-id:reply-to; bh=zFzO9EJIs1PNCzVT6+gqHi1ZkVr08/ZYfmmYcftmrxI=; b=iegdzfC2jHMfmsMjmtj4MJXkFf2qM0S7mJ0nw+xmwHbo8evClJmNbyrH6HEw+B2QNn uFwkQ9H5G2MX3qhipGvUFmW04c/9jkTrlsqkEE1AKVNimiNOHni5SEQqym4fymPOgE3l 32mbcnC9K8IAI+bGVtgQZqe7Q1NmA4UbJu+gk= X-Google-DKIM-Signature: v=1; a=rsa-sha256; c=relaxed/relaxed; d=1e100.net; s=20230601; t=1759731478; x=1760336278; h=cc:to:from:subject:message-id:date:x-gm-message-state:from:to:cc :subject:date:message-id:reply-to; bh=zFzO9EJIs1PNCzVT6+gqHi1ZkVr08/ZYfmmYcftmrxI=; b=MW0ZHaLC7USLNY8alYPaGPT9BChp21v6pH180FKy1S/UP06KELVUbpyvKquyFHA+Re qHUZq5bfcVq/UYwCChsYDQT3R30UnnJolL1DzkR1dPscQvAQ8PEVX0WaG98cgOgiFZ8R QBIxY8HXB08HtLZKv5hhyDjg7ivjVVnhMiHhQb37aJizQg5h2OTjq4fI0VcyLgcyOxBy 247fdpE8z8y9qtixCXzpMcI1nGWYMmsLE3ckK0kfCwapIClz2pGOy3o7fhwX0CrPPyHS X/GE0NwVkvzdIo3BkobYtYMZ0DZ6ReP7kV5qe0p9+MK/UnTfi+bAgD53ozn2qeW2/GGa dtoA== X-Gm-Message-State: AOJu0YxDcx+8BnExpdSZu0Wem3ge3jVuPny4tabr7UHZBXPQQV7AwKps awgjxVVdvBz0bIYCH9DA9dKGWT+u4A1W4OuZVvUIm07pP/QC/Nue0xOkxpimsbyHDb/SBQyVbZi +oPoXRReca3D77ssnV42nNDt8W3uIZyn1L0ELQjdXZVvVHA4q5/d1 X-Gm-Gg: ASbGnct1COoRUbUrHG7HJTPrXRQAILVkqMekX4lxWWAU6ogpI7J7p9XELFi/VO7S9Kl 2n9R/RJLIS44OonlhJZv7+bk3/GJzFubpK0+jr+wK16LoE4aCvJtQjsv3wJZXg/0azhvV2keZ8o 7E+BKQEnK7W2cy1qC7Bn/lCWJIBeb9Q1ClWxMYkpnssaEracirmo/8+fr+WgHVAhGAnEfW5kvvs lU46CuC/JxeDrj9x28HyTwdk/20mB+bZHLuUc8i4hMZaVFKuDdgSorg4JJ/ZZsIJEE4JuwzX5iH qf84IbhBtgI98biWwfzFR30Z+68Iz3a/mqsh5mgMA+hcwiBrwLDwj28= X-Google-Smtp-Source: AGHT+IFhABhXNLqwRVsxL566hVsNDciXjVfk8OrLJsP4G3jPZ82YommX6c5Z81YubmRNDRXMa7vUxKY42khJ X-Received: by 2002:a17:903:40d1:b0:27e:f16f:618b with SMTP id d9443c01a7336-28e9a55c07fmr146351395ad.24.1759731478198; Sun, 05 Oct 2025 23:17:58 -0700 (PDT) Received: from postal.iol.unh.edu (postal.iol.unh.edu. [2606:4100:3880:1234::84]) by smtp-relay.gmail.com with ESMTPS id d9443c01a7336-28e8d19bf31sm9887535ad.55.2025.10.05.23.17.58 (version=TLS1_2 cipher=ECDHE-ECDSA-AES128-GCM-SHA256 bits=128/128); Sun, 05 Oct 2025 23:17:58 -0700 (PDT) X-Relaying-Domain: iol.unh.edu Date: Sun, 05 Oct 2025 23:17:58 -0700 (PDT) Message-ID: <68e35f16.170a0220.6b073.6fd4SMTPIN_ADDED_MISSING@mx.google.com> Received: from [172.21.0.2] (unknown [172.18.0.240]) by postal.iol.unh.edu (Postfix) with ESMTP id 7A25A6051830; Mon, 6 Oct 2025 02:17:57 -0400 (EDT) Subject: |FAILURE| [GIT MASTER] 62f583c49bf67dd4d6733ece14e55fe6839e66d1 From: dpdklab@iol.unh.edu To: Test Report Cc: dpdk-test-reports@iol.unh.edu, Xueming Li , Christian Ehrhardt , Kevin Traynor , Luca Boccassi Content-Type: text/plain X-BeenThere: test-report@dpdk.org X-Mailman-Version: 2.1.29 Precedence: list List-Id: automatic DPDK test reports List-Unsubscribe: , List-Archive: List-Post: List-Help: List-Subscribe: , Errors-To: test-report-bounces@dpdk.org _Testing issues_ Branch: tags/v23.11 62f583c49bf67dd4d6733ece14e55fe6839e66d1 --> testing issues Upstream job id: Generic-Unit-Test-DPDK#378738 Test environment and result as below: +-------------------------------+----------------+ | Environment | dpdk_unit_test | +===============================+================+ | CentOS Stream 9 | PASS | +-------------------------------+----------------+ | Debian GNU/Linux 12 | PASS | +-------------------------------+----------------+ | CentOS Stream 10 | PASS | +-------------------------------+----------------+ | Fedora Linux 40 | PASS | +-------------------------------+----------------+ | Fedora Linux 41 | PASS | +-------------------------------+----------------+ | Fedora Linux 42 | WARN | +-------------------------------+----------------+ | Red Hat Enterprise Linux 9.5 | PASS | +-------------------------------+----------------+ | Red Hat Enterprise Linux 8.10 | PASS | +-------------------------------+----------------+ | Ubuntu 20.04 | PASS | +-------------------------------+----------------+ | Ubuntu 22.04 | PASS | +-------------------------------+----------------+ | Ubuntu 24.04 | PASS | +-------------------------------+----------------+ | Windows Server 2022 | FAIL | +-------------------------------+----------------+ ==== Unit test summary for Windows Server 2022 (dpdk_unit_test): ==== Failed to get the unit test results. Displaying the unit test results is not supported for some environments, such as our aarch32 testing, where meson is not used to run the tests. Download the logs available on our CI site. ==== End log output ==== CentOS Stream 9 Kernel: 5.15 Compiler: gcc gcc (GCC) 11.5.0 20240719 (Red Hat 11.5.0-11) Debian GNU/Linux 12 Kernel: 5.15 Compiler: gcc gcc (Debian 12.2.0-14+deb12u1) 12.2.0 CentOS Stream 10 Kernel: 5.15 Compiler: gcc gcc (GCC) 14.2.1 20250110 (Red Hat 14.2.1-8) Fedora Linux 40 Kernel: 5.15 Compiler: gcc gcc (GCC) 14.2.1 20240912 (Red Hat 14.2.1-3) Fedora Linux 41 Kernel: 5.15 Compiler: clang gcc (GCC) 14.3.1 20250523 (Red Hat 14.3.1-1) Fedora Linux 42 Kernel: 5.15 Compiler: clang gcc (GCC) 15.2.1 20250808 (Red Hat 15.2.1-1) Red Hat Enterprise Linux 9.5 Kernel: 5.15 Compiler: gcc gcc (GCC) 11.5.0 20240719 (Red Hat 11.5.0-2) Red Hat Enterprise Linux 8.10 Kernel: 5.15 Compiler: gcc gcc (GCC) 8.5.0 20210514 (Red Hat 8.5.0-22) Ubuntu 20.04 Kernel: 5.15 Compiler: gcc gcc (Ubuntu 9.4.0-1ubuntu1~20.04.2) 9.4.0 Ubuntu 22.04 Kernel: 5.15 Compiler: gcc gcc (Ubuntu 11.4.0-1ubuntu1~22.04) 11.4.0 Ubuntu 24.04 Kernel: 5.15 Compiler: gcc gcc (Ubuntu 13.3.0-6ubuntu2~24.04) 13.3.0 Windows Server 2022 Kernel: 10.0.20348.2031 Compiler: clang 15.0.7, gcc 14.1.0 (MinGW), and MSVC VS 19.39.33521 To view detailed results, visit: https://lab.dpdk.org/results/dashboard/tarballs/35114/ UNH-IOL DPDK Community Lab To manage your email subscriptions, visit: https://lab.dpdk.org/results/dashboard/preferences/subscriptions/